(14998,2378,242,'Akshay Mahore update status to <strong>Token Done</strong>','Non bankable cheque done for ',17,'2024-08-01 12:05:04'),(14999,2382,244,'Revati Pawar created new lead','1/8 Wtsp call- ringing twice, MSG drop//msg on wtsp- Yes will reach out to you in some time',1,'2024-08-01 12:10:10'),(15000,2382,244,'Revati Pawar has been assigned to lead','',2,'2024-08-01 12:10:10'),(15001,440,241,'Juhi Singh update status to <strong>Ringing</strong>','call rejected , no response on WA',4,'2024-08-01 12:23:33'),(15002,441,241,'Juhi Singh update status to <strong>Ringing</strong>','out of service',4,'2024-08-01 12:24:34'),(15003,442,241,'Juhi Singh update status to <strong>Ringing</strong>','switched off , msg dropped',4,'2024-08-01 12:26:15'),(15004,443,241,'Juhi Singh update status to <strong>Ringing</strong>','call rejected ',4,'2024-08-01 12:27:04'),(15005,470,241,'Juhi Singh update status to <strong>Ringing</strong>','call rejected twice',4,'2024-08-01 12:32:45'),(15006,473,241,'Juhi Singh update status to <strong>Ringing</strong>','call rejceted , no response on WA',4,'2024-08-01 12:33:44'),(15007,480,241,'Juhi Singh update status to <strong>Ringing</strong>','call rejected twice',4,'2024-08-01 12:35:32'),(15008,2343,242,'Akshay Mahore update status to <strong>Talk Done</strong>','juhi  - My budget is 1 cr looking for 3 bhk ',3,'2024-08-01 13:00:42'),(15009,2382,244,'Revati Pawar update status to <strong>Ringing</strong>','1/8 Wtsp call- ringing twice, MSG drop//msg on wtsp- Yes will reach out to you in some time\n\n',4,'2024-08-01 13:03:40'),(15010,2382,244,'Revati Pawar has been assigned to lead','',4,'2024-08-01 13:03:40'),(15011,2276,242,'Akshay Mahore update status to <strong>Not Reachable</strong>','We have postponed the plan ,  will let you know if intrested ',5,'2024-08-01 13:13:41'),(15012,2376,241,'Juhi Singh update status to <strong>Ringing</strong>','call rjeected',4,'2024-08-01 13:13:49'),(15013,483,241,'Juhi Singh update status to <strong>Ringing</strong>','call rejected , msg dropped',4,'2024-08-01 13:21:11'),(15014,2266,242,'Akshay Mahore update status to <strong>Ringing</strong>','Ringing twice ',4,'2024-08-01 13:22:02'),(15015,2358,244,'Revati Pawar update status to <strong>Ringing</strong>','1/8 6.40pm- disconnect the call ',4,'2024-08-01 13:22:35'),(15016,2358,244,'Revati Pawar has been assigned to lead','',4,'2024-08-01 13:22:35'),(15017,2348,244,'Revati Pawar update status to <strong>Not Reachable</strong>','1/8 Juhi n- ringing twice ',5,'2024-08-01 13:23:04'),(15018,2348,244,'Revati Pawar has been assigned to lead','',5,'2024-08-01 13:23:04'),(15019,2334,244,'Revati Pawar update status to <strong>Not Reachable</strong>','1/8 ringing twice ',5,'2024-08-01 13:23:34'),(15020,2334,244,'Revati Pawar has been assigned to lead','',5,'2024-08-01 13:23:34'),(15021,2297,241,'Juhi Singh update status to <strong>Ringing</strong>','out of service',4,'2024-08-01 13:23:57'),(15022,2326,244,'Revati Pawar update status to <strong>Interested</strong>','1/8 ringing ',7,'2024-08-01 13:24:09'),(15023,2326,244,'Revati Pawar has been assigned to lead','',7,'2024-08-01 13:24:09'),(15024,868,241,'Juhi Singh update status to <strong>Ringing</strong>','call rejected , msg dropped',4,'2024-08-01 13:25:11'),(15025,2300,244,'Revati Pawar update status to <strong>Interested</strong>','1/8 Akshay n- disconnect the call ',7,'2024-08-01 13:25:31'),(15026,2300,244,'Revati Pawar has been assigned to lead','',7,'2024-08-01 13:25:31'),(15027,523,241,'Juhi Singh update status to <strong>Ringing</strong>','call rejected',4,'2024-08-01 13:25:47'),(15028,2294,244,'Revati Pawar update status to <strong>Ringing</strong>','1/8 wtsp- ringing twice ',4,'2024-08-01 13:26:00'),(15029,2294,244,'Revati Pawar has been assigned to lead','',4,'2024-08-01 13:26:00'),(15030,524,241,'Juhi Singh update status to <strong>Ringing</strong>','switched off',4,'2024-08-01 13:26:21'),(15031,865,241,'Juhi Singh update status to <strong>Ringing</strong>','ringing twice',4,'2024-08-01 13:27:49'),(15032,2190,242,'Akshay Mahore update status to <strong>Ringing</strong>','busy on another call ',4,'2024-08-01 13:28:51'),(15033,2031,244,'Revati Pawar update status to <strong>Ringing</strong>','1/8 wtsp- ringing ',4,'2024-08-01 13:28:51'),(15034,2031,244,'Revati Pawar has been assigned to lead','',4,'2024-08-01 13:28:51'),(15035,2377,241,'Juhi Singh update status to <strong>Ringing</strong>','call rejected ',4,'2024-08-01 13:29:02'),(15036,1709,244,'Revati Pawar update status to <strong>Ringing</strong>','1/8 Srividya ma\'am n- ringing twice ',4,'2024-08-01 13:30:29'),(15037,1709,244,'Revati Pawar has been assigned to lead','',4,'2024-08-01 13:30:29'),(15038,1698,244,'Revati Pawar update status to <strong>Ringing</strong>','1/8 Juhi n- ringing twice ',4,'2024-08-01 13:33:23'),(15039,1698,244,'Revati Pawar has been assigned to lead','',4,'2024-08-01 13:33:23'),(15040,1669,244,'Revati Pawar update status to <strong>Ringing</strong>','1/8 ringing twice ',4,'2024-08-01 13:36:19'),(15041,1669,244,'Revati Pawar has been assigned to lead','',4,'2024-08-01 13:36:19'),(15042,2383,241,'Juhi Singh created new lead','CNL',1,'2024-08-01 13:43:56'),(15043,2383,241,'Juhi Singh has been assigned to lead','',2,'2024-08-01 13:43:56'),(15044,2383,241,'Juhi Singh update status to <strong>Not Reachable</strong>','No requirement as of now\nJust clicked by mistake',5,'2024-08-01 13:44:26'),(15045,2384,NULL,'Facebook','Lead Generated From Facebook',2,'2024-08-01 17:34:13'),(15046,2384,241,'Juhi Singh has been assigned to lead','',2,'2024-08-01 17:34:13'),(15047,2385,NULL,'Facebook','Lead Generated From Facebook',2,'2024-08-01 19:03:50'),(15048,2385,242,'Akshay Mahore has been assigned to lead','',2,'2024-08-01 19:03:50'),(15049,2386,NULL,'Facebook','Lead Generated From Facebook',2,'2024-08-02 01:07:17'),(15050,2386,244,'Revati Pawar has been assigned to lead','',2,'2024-08-02 01:07:17'),(15051,2387,241,'Juhi Singh created new lead','CNL',1,'2024-08-02 05:21:59'),(15052,2387,241,'Juhi Singh has been assigned to lead','',2,'2024-08-02 05:21:59'),(15053,2387,241,'Juhi Singh update status to <strong>Ringing</strong>','Busy twice , msg dropped ',4,'2024-08-02 05:22:25'),(15054,544,244,'Revati Pawar update status to <strong>Ringing</strong>','2/7 wtsp- ringing twice, msg drop ',4,'2024-08-02 05:36:40'),(15055,544,244,'Revati Pawar has been assigned to lead','',4,'2024-08-02 05:36:40'),(15056,552,244,'Revati Pawar update status to <strong>Ringing</strong>','2/8 ringing twice ',4,'2024-08-02 05:37:31'),(15057,552,244,'Revati Pawar has been assigned to lead','',4,'2024-08-02 05:37:31'),(15058,557,244,'Revati Pawar update status to <strong>Not Reachable</strong>','2/8 disconnect the call ',5,'2024-08-02 05:38:47'),(15059,557,244,'Revati Pawar has been assigned to lead','',5,'2024-08-02 05:38:47'),(15060,945,244,'Revati Pawar update status to <strong>Interested</strong>','2/8 ringing twice ',7,'2024-08-02 05:45:57'),(15061,945,244,'Revati Pawar has been assigned to lead','',7,'2024-08-02 05:45:57'),(15062,986,244,'Revati Pawar update status to <strong>Ringing</strong>','2/8 ringing twice ',4,'2024-08-02 05:50:20'),(15063,986,244,'Revati Pawar has been assigned to lead','',4,'2024-08-02 05:50:20'),(15064,971,244,'Revati Pawar update status to <strong>Ringing</strong>','2/8 ringing twice ',4,'2024-08-02 05:57:24'),(15065,971,244,'Revati Pawar has been assigned to lead','',4,'2024-08-02 05:57:24'),(15066,943,244,'Revati Pawar update status to <strong>Not Reachable</strong>','2/8 ringing twice ',5,'2024-08-02 05:58:23'),(15067,943,244,'Revati Pawar has been assigned to lead','',5,'2024-08-02 05:58:23'),(15068,936,244,'Revati Pawar update status to <strong>Talk Done</strong>','2/8 wtsp- ringing twice ',3,'2024-08-02 06:04:25'),(15069,936,244,'Revati Pawar has been assigned to lead','',3,'2024-08-02 06:04:25'),(15070,2347,244,'Revati Pawar update status to <strong>Talk Done</strong>','2/8 PN- looking 2bhk, budget not disclose, she asked Aap muze sari details sent kijiye for ex- floor plan, unit plan, brochure so explain about process so she asked mai mere family se dissuss karke aapko Kal batati hu meeting ka ',3,'2024-08-02 06:12:13'),(15071,2347,244,'Revati Pawar has been assigned to lead','',3,'2024-08-02 06:12:13'),(15072,2323,244,'Revati Pawar update status to <strong>Interested</strong>','2/8 busy on another call ',7,'2024-08-02 06:13:24'),(15073,2323,244,'Revati Pawar has been assigned to lead','',7,'2024-08-02 06:13:24'),(15074,1739,244,'Revati Pawar update status to <strong>Ringing</strong>','2/8 right now I am busy, I will call you later ',4,'2024-08-02 06:14:48'),(15075,1739,244,'Revati Pawar has been assigned to lead','',4,'2024-08-02 06:14:48'),(15076,2387,241,'Juhi Singh update status to <strong>Ringing</strong>','busy twice ',4,'2024-08-02 06:15:31'),(15077,2350,241,'Juhi Singh update status to <strong>Not Interested</strong>','no requirement , please remove my number',11,'2024-08-02 06:17:23'),(15078,2388,244,'Revati Pawar created new lead','2/8 Disconnect the call, msg drop on wtsp//11.46am- busy on another call, wtsp- disconnect the call ',1,'2024-08-02 06:18:46'),(15079,2388,244,'Revati Pawar has been assigned to lead','',2,'2024-08-02 06:18:46'),(15080,1038,241,'Juhi Singh update status to <strong>Ringing</strong>','call rejected \nAkshay : call rejected',4,'2024-08-02 06:19:11'),(15081,2388,244,'Revati Pawar update status to <strong>Ringing</strong>','2/8 Disconnect the call, msg drop on wtsp//11.46am- busy on another call, wtsp- disconnect the call\n\n',4,'2024-08-02 06:19:29'),(15082,2388,244,'Revati Pawar has been assigned to lead','',4,'2024-08-02 06:19:29'),(15083,2386,244,'Revati Pawar update status to <strong>Ringing</strong>','2/8 disconnect the call, msg drop//11.49am- busy on another call, wtsp- disconnect call, msg drop ',4,'2024-08-02 06:38:39'),(15084,2386,244,'Revati Pawar has been assigned to lead','',4,'2024-08-02 06:38:39'),(15085,2387,241,'Juhi Singh update status to <strong>Ringing</strong>','ringing twice',4,'2024-08-02 06:38:44'),(15086,2381,244,'Revati Pawar update status to <strong>Ringing</strong>','1/8 wtsp- ringing twice, msg drop//msg on wtsp- yes will reach out to you in some time ',4,'2024-08-02 07:33:25'),(15087,2381,244,'Revati Pawar has been assigned to lead','',4,'2024-08-02 07:33:25'),(15088,2387,241,'Juhi Singh update status to <strong>Not Interested</strong>','repeated lead , already with Akshay',11,'2024-08-02 10:19:29'),(15089,2379,244,'Revati Pawar update status to <strong>Not Reachable</strong>','2/8 invalid number, not active in wtsp ',5,'2024-08-02 10:20:10'),(15090,2379,244,'Revati Pawar has been assigned to lead','',5,'2024-08-02 10:20:10'),(15091,2328,244,'Revati Pawar update status to <strong>Interested</strong>','2/8 ringing twice, msg drop ',7,'2024-08-02 10:25:33'),(15092,2328,244,'Revati Pawar has been assigned to lead','',7,'2024-08-02 10:25:33'),(15093,2388,244,'Revati Pawar update status to <strong>Ringing</strong>','2/8 3.59pm- msg on wtsp- in meeting we will connect tomorrow ',4,'2024-08-02 10:30:30'),(15094,2388,244,'Revati Pawar has been assigned to lead','',4,'2024-08-02 10:30:30'),(15095,2384,241,'Juhi Singh update status to <strong>VC scheduled</strong>','looking for 2 bhk , family resides in hadapsar , he usually comes in weekend , but this weekend he is not travelling coz of rain , details shared with him , will have zoom on sun afternoon',9,'2024-08-02 10:30:51'),(15096,2384,241,'Juhi Singh has been assigned to lead','',9,'2024-08-02 10:30:51'),(15097,2380,241,'Juhi Singh update status to <strong>Fake</strong>','invalid',13,'2024-08-02 10:31:06'),(15098,2375,244,'Revati Pawar update status to <strong>Talk Done</strong>','2/8 msg on wtsp- will see the sample flat once it ready at near hinjewadi please inform at that time ',3,'2024-08-02 10:31:52'),(15099,2375,244,'Revati Pawar has been assigned to lead','',3,'2024-08-02 10:31:52'),(15100,2346,244,'Revati Pawar update status to <strong>Not Reachable</strong>','2/8 ringing twice ',5,'2024-08-02 10:34:19'),(15101,2346,244,'Revati Pawar has been assigned to lead','',5,'2024-08-02 10:34:19'),(15102,2309,244,'Revati Pawar update status to <strong>Not Reachable</strong>','2/8 disconnect the call ',5,'2024-08-02 10:35:37'),(15103,2309,244,'Revati Pawar has been assigned to lead','',5,'2024-08-02 10:35:37'),(15104,2308,244,'Revati Pawar update status to <strong>Not Reachable</strong>','2/8 switch off ',5,'2024-08-02 10:37:26'),(15105,2308,244,'Revati Pawar has been assigned to lead','',5,'2024-08-02 10:37:26'),(15106,2293,244,'Revati Pawar update status to <strong>Ringing</strong>','2/8 Rahul n- ringing twice ',4,'2024-08-02 10:40:08'),(15107,2293,244,'Revati Pawar has been assigned to lead','',4,'2024-08-02 10:40:08'),(15108,2262,244,'Revati Pawar update status to <strong>Ringing</strong>','2/8 disconnect the call ',4,'2024-08-02 10:41:46'),(15109,2262,244,'Revati Pawar has been assigned to lead','',4,'2024-08-02 10:41:46'),(15110,182,241,'Juhi Singh update status to <strong>Ringing</strong>','call rejecetd , msg dropped',4,'2024-08-02 10:41:55'),(15111,2377,241,'Juhi Singh update status to <strong>Ringing</strong>','call rjeected , msg dropped \n\nAkshay : call rejected',4,'2024-08-02 10:44:25'),(15112,2376,241,'Juhi Singh update status to <strong>Ringing</strong>','reverted to share the details of 2 bhk on WA\n\nAkshay : call rejected ',4,'2024-08-02 10:45:41'),(15113,2304,241,'Juhi Singh update status to <strong>Ringing</strong>','call rejected twice \n\nAkshay : call rejected',4,'2024-08-02 10:47:40'),(15114,2371,241,'Juhi Singh update status to <strong>Ringing</strong>','Akshay : call rejected after listening property',4,'2024-08-02 10:49:37'),(15115,2260,244,'Revati Pawar update status to <strong>Ringing</strong>','2/8 ringing twice ',4,'2024-08-02 11:14:14'),(15116,2260,244,'Revati Pawar has been assigned to lead','',4,'2024-08-02 11:14:14'),(15117,2345,244,'Revati Pawar update status to <strong>Interested</strong>','2/8 Sun 4pm ',7,'2024-08-02 11:14:54'),(15118,2345,244,'Revati Pawar has been assigned to lead','',7,'2024-08-02 11:14:54'),(15119,2389,NULL,'Facebook','Lead Generated From Facebook',2,'2024-08-02 11:17:05'),(15120,2389,241,'Juhi Singh has been assigned to lead','',2,'2024-08-02 11:17:05'),(15121,2389,241,'Juhi Singh update status to <strong>Not Reachable</strong>','inavalid , contact not on WA',5,'2024-08-02 11:20:02'),(15122,2320,244,'Revati Pawar update status to <strong>Interested</strong>','2/8 msg on wtsp- This weekend not possible mam, I will try to come next weekend. No mam it is not possible, I have some other work also.',7,'2024-08-02 11:26:23'),(15123,2320,244,'Revati Pawar has been assigned to lead','',7,'2024-08-02 11:26:23'),(15124,2255,244,'Revati Pawar update status to <strong>Ringing</strong>','2/8 ringing twice ',4,'2024-08-02 11:30:02'),(15125,2255,244,'Revati Pawar has been assigned to lead','',4,'2024-08-02 11:30:02'),(15126,2361,244,'Revati Pawar update status to <strong>Ringing</strong>','2/8 invalid no,not active in wtsp ',4,'2024-08-02 11:33:09'),(15127,2361,244,'Revati Pawar has been assigned to lead','',4,'2024-08-02 11:33:09'),(15128,2275,244,'Revati Pawar update status to <strong>Ringing</strong>','2/8 PN- call receive but kisine baat nhi kii hai, 2nd call same ',4,'2024-08-02 11:35:20'),(15129,2275,244,'Revati Pawar has been assigned to lead','',4,'2024-08-02 11:35:20'),(15130,2381,244,'Revati Pawar update status to <strong>Ringing</strong>','2/8 he asked Aap muze call pe information dedo, muze zoom keliye time nhi hai, evening mai bhi nhi hai, explain about process but he asked Mai batata hu ',4,'2024-08-02 11:37:42'),(15131,2381,244,'Revati Pawar has been assigned to lead','',4,'2024-08-02 11:37:42'),(15132,2326,244,'Revati Pawar update status to <strong>Interested</strong>','2/8 Srividya ma\'am n- disconnect the call, msg drop ',7,'2024-08-02 11:42:39'),(15133,2326,244,'Revati Pawar has been assigned to lead','',7,'2024-08-02 11:42:39'),(15134,2257,244,'Revati Pawar update status to <strong>Ringing</strong>','2/8 cross call VTP- not looking at any property ',4,'2024-08-02 11:59:04'),(15135,2257,244,'Revati Pawar has been assigned to lead','',4,'2024-08-02 11:59:04'),(15136,2389,241,'Juhi Singh update status to <strong>Not Reachable</strong>','Sri : Invalid number ',5,'2024-08-02 11:59:25'),(15137,2250,244,'Revati Pawar update status to <strong>Ringing</strong>','2/8 disconnect the call ',4,'2024-08-02 12:00:57'),(15138,2250,244,'Revati Pawar has been assigned to lead','',4,'2024-08-02 12:00:57'),(15139,2215,244,'Revati Pawar update status to <strong>Ringing</strong>','2/8 disconnect the call ',4,'2024-08-02 12:02:44'),(15140,2215,244,'Revati Pawar has been assigned to lead','',4,'2024-08-02 12:02:44'),(15141,2213,244,'Revati Pawar update status to <strong>Not Reachable</strong>','2/8 ringing twice ',5,'2024-08-02 12:05:49'),(15142,2213,244,'Revati Pawar has been assigned to lead','',5,'2024-08-02 12:05:49'),(15143,2059,244,'Revati Pawar update status to <strong>Interested</strong>','2/8 busy on another call,wtsp- ringing twice,msg drop ',7,'2024-08-02 12:12:28'),(15144,2059,244,'Revati Pawar has been assigned to lead','',7,'2024-08-02 12:12:28'),(15145,2374,241,'Juhi Singh update status to <strong>Interested</strong>','will revert tomorrow for site visit regarding cab as well',7,'2024-08-02 12:13:02'),(15146,2349,241,'Juhi Singh update status to <strong>Interested</strong>','will inform tomorrow regarding obm',7,'2024-08-02 12:13:45'),(15147,2034,241,'Juhi Singh update status to <strong>Interested</strong>','reverted he will be there in Pune again either tomorrow or day after tomorrow , will inform accordingly',7,'2024-08-02 12:14:38'),(15148,2042,244,'Revati Pawar update status to <strong>Ringing</strong>','2/8 ringing twice ',4,'2024-08-02 12:15:03'),(15149,2042,244,'Revati Pawar has been assigned to lead','',4,'2024-08-02 12:15:04'),(15150,2359,241,'Juhi Singh update status to <strong>Interested</strong>','will revert as they didnt got time to discuss',7,'2024-08-02 12:16:05'),(15151,2033,244,'Revati Pawar update status to <strong>Not Reachable</strong>','2/8 disconnect the call ',5,'2024-08-02 12:16:53'),(15152,2033,244,'Revati Pawar has been assigned to lead','',5,'2024-08-02 12:16:53'),(15153,2331,241,'Juhi Singh update status to <strong>Interested</strong>','out of service , not active on WA',7,'2024-08-02 12:19:45'),(15154,2028,244,'Revati Pawar update status to <strong>Ringing</strong>','2/8 ringing twice ',4,'2024-08-02 12:21:02'),(15155,2028,244,'Revati Pawar has been assigned to lead','',4,'2024-08-02 12:21:02'),(15156,1756,244,'Revati Pawar update status to <strong>Ringing</strong>','2/7 ringing twice ',4,'2024-08-02 12:22:21'),(15157,1756,244,'Revati Pawar has been assigned to lead','',4,'2024-08-02 12:22:21'),(15158,1718,244,'Revati Pawar update status to <strong>Ringing</strong>','2/8 disconnect the call ',4,'2024-08-02 12:25:15'),(15159,1718,244,'Revati Pawar has been assigned to lead','',4,'2024-08-02 12:25:15'),(15160,2329,241,'Juhi Singh update status to <strong>Interested</strong>','out of service , not active on WA , msg dropped',7,'2024-08-02 12:25:40'),(15161,543,244,'Revati Pawar update status to <strong>Not Reachable</strong>','2/8 busy on another call ',5,'2024-08-02 12:25:51'),(15162,543,244,'Revati Pawar has been assigned to lead','',5,'2024-08-02 12:25:51'),(15163,2300,244,'Revati Pawar update status to <strong>Interested</strong>','2/8 Juhi n- mera schedule bahot tight hai some office work and family function so zoom bhi nhi kar sakata, and abhi out off pune hu Mai, so Aap Monday ko connect karo then mai aapko meeting ka batata hu ',7,'2024-08-02 12:29:35'),(15164,2300,244,'Revati Pawar has been assigned to lead','',7,'2024-08-02 12:29:35'),(15165,2390,NULL,'Facebook','Lead Generated From Facebook',2,'2024-08-02 12:30:29'),(15166,2390,242,'Akshay Mahore has been assigned to lead','',2,'2024-08-02 12:30:30'),(15167,2372,244,'Revati Pawar update status to <strong>Interested</strong>','2/8 6.2pm-Juhi- busy on another call ',7,'2024-08-02 12:33:45'),(15168,2372,244,'Revati Pawar has been assigned to lead','',7,'2024-08-02 12:33:45'),(15169,1708,244,'Revati Pawar update status to <strong>Ringing</strong>','2/8 ringing twice ',4,'2024-08-02 12:36:05'),(15170,1708,244,'Revati Pawar has been assigned to lead','',4,'2024-08-02 12:36:05'),(15171,2385,242,'Akshay Mahore update status to <strong>Interested</strong>','looking  for a 3 bhk budget will be 1.  currently residing in bellacsa baner working in wagholi wife working in phase 2  Dassault Systèmes said i have already recieved  lots of calls from gera named priyanka , said will let you know for obm ',7,'2024-08-02 12:37:07'),(15172,2324,241,'Juhi Singh update status to <strong>Interested</strong>','SRI : disconnecting the call.\n\n\nsaid she is in meeting , was on call , she is still out of Pune , said will revert on WA',7,'2024-08-02 12:39:16'),(15173,1668,244,'Revati Pawar update status to <strong>Not Reachable</strong>','2/8 ringing twice ',5,'2024-08-02 12:42:39'),(15174,1668,244,'Revati Pawar has been assigned to lead','',5,'2024-08-02 12:42:39'),(15175,2358,244,'Revati Pawar update status to <strong>Ringing</strong>','2/8 ringing twice ',4,'2024-08-02 12:47:39'),(15176,2358,244,'Revati Pawar has been assigned to lead','',4,'2024-08-02 12:47:39'),(15177,2390,242,'Akshay Mahore update status to <strong>Ringing</strong>','Call disconnected msg dropped ',4,'2024-08-02 12:50:40'),(15178,2356,244,'Revati Pawar update status to <strong>Ringing</strong>','2/8 msg drop on wtsp ',4,'2024-08-02 12:51:43'),(15179,2356,244,'Revati Pawar has been assigned to lead','',4,'2024-08-02 12:51:43'),(15180,1026,241,'Juhi Singh update status to <strong>Interested</strong>','Sri : Already finalised, not good to share the details.',7,'2024-08-02 12:51:47'),(15181,2391,NULL,'Facebook','Lead Generated From Facebook',2,'2024-08-02 12:51:53'),(15182,2391,244,'Revati Pawar has been assigned to lead','',2,'2024-08-02 12:51:53'),(15183,2391,244,'Revati Pawar update status to <strong>Not Reachable</strong>','2/8 abhi koii property nhi dekh rahe hai ',5,'2024-08-02 12:53:54'),(15184,2391,244,'Revati Pawar has been assigned to lead','',5,'2024-08-02 12:53:54'),(15185,2295,244,'Revati Pawar update status to <strong>Talk Done</strong>','2/8 Juhi PN- disconnect the call ',3,'2024-08-02 12:55:33'),(15186,2295,244,'Revati Pawar has been assigned to lead','',3,'2024-08-02 12:55:33'),(15187,2048,244,'Revati Pawar update status to <strong>Interested</strong>','2/8 Juhi- call disconnected ',7,'2024-08-02 12:56:40'),(15188,2048,244,'Revati Pawar has been assigned to lead','',7,'2024-08-02 12:56:40'),(15189,2344,242,'Akshay Mahore update status to <strong>Interested</strong>','Sri vidya maam-  call disconnected ',7,'2024-08-02 12:58:06'),(15190,1072,244,'Revati Pawar update status to <strong>Not Reachable</strong>','2/8 Juhi n- cross call Housiey- no requirement ',5,'2024-08-02 12:58:55'),(15191,1072,244,'Revati Pawar has been assigned to lead','',5,'2024-08-02 12:58:55'),(15192,2392,NULL,'Facebook','Lead Generated From Facebook',2,'2024-08-02 12:59:03'),(15193,2392,241,'Juhi Singh has been assigned to lead','',2,'2024-08-02 12:59:03'),(15194,2341,242,'Akshay Mahore update status to <strong>Interested</strong>','Sri maam- Disconnected ',7,'2024-08-02 13:00:19'),(15195,1041,244,'Revati Pawar update status to <strong>Not Reachable</strong>','2/8 ringing twice ',5,'2024-08-02 13:01:24'),(15196,1041,244,'Revati Pawar has been assigned to lead','',5,'2024-08-02 13:01:24'),(15197,2007,242,'Akshay Mahore update status to <strong>Interested</strong>','Call disconnected ',7,'2024-08-02 13:02:08'),(15198,1035,244,'Revati Pawar update status to <strong>Ringing</strong>','2/8 Juhi n- ringing twice ',4,'2024-08-02 13:02:59'),(15199,1035,244,'Revati Pawar has been assigned to lead','',4,'2024-08-02 13:02:59'),(15200,1009,244,'Revati Pawar update status to <strong>Not Reachable</strong>','2/8 Juhi n- cross call PC- no requirement ',5,'2024-08-02 13:04:46'),(15201,1009,244,'Revati Pawar has been assigned to lead','',5,'2024-08-02 13:04:46'),(15202,992,244,'Revati Pawar update status to <strong>Ringing</strong>','2/8 Juhi n- disconnect the call ',4,'2024-08-02 13:06:18'),(15203,992,244,'Revati Pawar has been assigned to lead','',4,'2024-08-02 13:06:18'),(15204,988,244,'Revati Pawar update status to <strong>Not Reachable</strong>','2/8 ringing twice ',5,'2024-08-02 13:09:23'),(15205,988,244,'Revati Pawar has been assigned to lead','',5,'2024-08-02 13:09:23'),(15206,939,244,'Revati Pawar update status to <strong>Ringing</strong>','2/8 ringing twice ',4,'2024-08-02 13:14:15'),(15207,939,244,'Revati Pawar has been assigned to lead','',4,'2024-08-02 13:14:15'),(15208,2353,242,'Akshay Mahore update status to <strong>Ringing</strong>','Revati - He asked mai Mahalunge mai dekh raha hu, project dekhne ke baad decide karunga kya dekh raha hu and budget bhi depends on project and cut call',4,'2024-08-02 13:14:36'),(15209,2392,241,'Juhi Singh update status to <strong>OBM scheduled</strong>','looking for 3 bhk for bigger carpet area , already cancelled in Godrej , didn\'t liked the size so cancelled there , residing in KPLR in R7 , obm scheduled tomorrow , for time confirmation asked to connect at 10 : 30 am , said mai late sota hu m toh late uthtat hu , so subh cnfrm krunga , details shared',10,'2024-08-02 13:17:13'),(15210,2392,241,'Juhi Singh has been assigned to lead','',10,'2024-08-02 13:17:13'),(15211,935,244,'Revati Pawar update status to <strong>Ringing</strong>','2/8 Juhi n- wtsp- offline ',4,'2024-08-02 13:17:17'),(15212,935,244,'Revati Pawar has been assigned to lead','',4,'2024-08-02 13:17:17'),(15213,2303,241,'Juhi Singh update status to <strong>Interested</strong>','Shubhangi : Already purchased in kasturi\n\nJUHI : revrted the same to me',7,'2024-08-02 13:18:35'),(15214,434,241,'Juhi Singh update status to <strong>Interested</strong>','SRI :  finalised in ravet 3 weeks before.',7,'2024-08-02 13:30:39'),(15215,952,242,'Akshay Mahore update status to <strong>Not Interested</strong>','Not intrested ',11,'2024-08-02 13:37:13'),(15216,2393,NULL,'Facebook','Lead Generated From Facebook',2,'2024-08-02 13:55:31'),(15217,2393,242,'Akshay Mahore has been assigned to lead','',2,'2024-08-02 13:55:31'),(15218,878,242,'Akshay Mahore update status to <strong>Talk Done</strong>','Ringing twice ',3,'2024-08-02 13:56:21'),(15219,554,244,'Revati Pawar update status to <strong>Not Interested</strong>','2/8 Juhi n- cross call PC- no requirement ',11,'2024-08-02 14:04:39'),(15220,561,244,'Revati Pawar update status to <strong>Not Reachable</strong>','2/8 ringing twice ',5,'2024-08-02 14:05:33'),(15221,561,244,'Revati Pawar has been assigned to lead','',5,'2024-08-02 14:05:33'),(15222,2393,242,'Akshay Mahore update status to <strong>Interested</strong>','Looking for 3 bhk budget 1 2 cr currently he is travalling , voice was not clear , not in pune said will be comming on 12th of august , said im not at all comfertable with zoom , share the details will meet ',7,'2024-08-02 14:14:03'),(15223,2394,242,'Akshay Mahore created new lead','Looking for 3 bhk for self said my father is coming tommrow will meet , will confirm the timing ',1,'2024-08-02 14:18:38'),(15224,2394,242,'Akshay Mahore has been assigned to lead','',2,'2024-08-02 14:18:38'),(15225,2394,242,'Akshay Mahore update status to <strong>Interested</strong>','Looking for 3 bhk for self said my father is coming tommrow will meet , will confirm the timing ',7,'2024-08-02 14:19:18'),(15226,2394,242,'Akshay Mahore update status to <strong>OBM scheduled</strong>','will confirm the timing tommarow ',10,'2024-08-02 14:21:20'),(15227,2394,242,'Akshay Mahore has been assigned to lead','',10,'2024-08-02 14:21:20'),(15228,2385,242,'Akshay Mahore update status to <strong>OBM scheduled</strong>','Said call me tommarow for the timing ',10,'2024-08-02 14:22:46'),(15229,2385,242,'Akshay Mahore has been assigned to lead','',10,'2024-08-02 14:22:47'),(15230,2395,NULL,'Facebook','Lead Generated From Facebook',2,'2024-08-02 19:39:29'),(15231,2395,244,'Revati Pawar has been assigned to lead','',2,'2024-08-02 19:39:29'),(15232,2396,NULL,'Facebook','Lead Generated From Facebook',2,'2024-08-02 20:51:47'),(15233,2396,241,'Juhi Singh has been assigned to lead','',2,'2024-08-02 20:51:47'),(15234,2397,244,'Revati Pawar created new lead','3/8 Looking 2-3bhk, budget not disclose, stay in Nanded city, explain about processes so he asked send me the details i will revert back for meeting, details send// 12pm obm scheduled ',1,'2024-08-03 05:04:10'),(15235,2397,244,'Revati Pawar has been assigned to lead','',2,'2024-08-03 05:04:10'),(15236,2397,244,'Revati Pawar update status to <strong>OBM scheduled</strong>','3/8 Looking 2-3bhk, budget not disclose, stay in Nanded city, explain about processes so he asked send me the details i will revert back for meeting, details send// 12pm obm scheduled\n\n',10,'2024-08-03 05:04:55'),(15237,2397,244,'Akshay Mahore has been assigned to lead','',10,'2024-08-03 05:04:55'),(15238,2395,244,'Revati Pawar update status to <strong>Ringing</strong>','3/8 disconnect the call, msg drop ',4,'2024-08-03 05:08:22'),(15239,2395,244,'Revati Pawar has been assigned to lead','',4,'2024-08-03 05:08:22'),(15240,2372,244,'Revati Pawar update status to <strong>Interested</strong>','3/8 Srividya ma\'am n- No response',7,'2024-08-03 05:18:24'),(15241,2372,244,'Revati Pawar has been assigned to lead','',7,'2024-08-03 05:18:24'),(15242,2397,244,'Revati Pawar update status to <strong>OBM scheduled</strong>','3/8 address received ',10,'2024-08-03 05:22:39'),(15243,2396,241,'Juhi Singh update status to <strong>Ringing</strong>','ringing twice , msg dropped',4,'2024-08-03 05:30:17'),(15244,2347,244,'Revati Pawar update status to <strong>Talk Done</strong>','3/8 PN- disconnect the call ',3,'2024-08-03 05:30:41'),(15245,2347,244,'Revati Pawar has been assigned to lead','',3,'2024-08-03 05:30:41'),(15246,2398,244,'Revati Pawar created new lead','3/8 Looking 3bhk, budget depends, currently he is in MP, he is working form home, explain about processes, he asked muze iss weekend zoom possible nhi hai mera schedule full hai so hum Thursday ko zoom kar sakate hai, details send',1,'2024-08-03 05:36:01'),(15247,2398,244,'Revati Pawar has been assigned to lead','',2,'2024-08-03 05:36:01'),(15248,2398,244,'Revati Pawar update status to <strong>Interested</strong>','3/8 Looking 3bhk, budget depends, currently he is in MP, he is working form home, explain about processes, he asked muze iss weekend zoom possible nhi hai mera schedule full hai so hum Thursday ko zoom kar sakate hai, details send\n\n',7,'2024-08-03 05:36:38'),(15249,2398,244,'Revati Pawar has been assigned to lead','',7,'2024-08-03 05:36:38'),(15250,2326,244,'Revati Pawar update status to <strong>Interested</strong>','3/8 Akshay n- ringing,2nd cut call ',7,'2024-08-03 05:42:04'),(15251,2326,244,'Revati Pawar has been assigned to lead','',7,'2024-08-03 05:42:04'),(15252,2381,244,'Revati Pawar update status to <strong>Ringing</strong>','3/8 msg on wtsp- Next we can have a call',4,'2024-08-03 05:43:54'),(15253,2381,244,'Revati Pawar has been assigned to lead','',4,'2024-08-03 05:43:54'),(15254,2370,244,'Revati Pawar update status to <strong>Not Reachable</strong>','3/8 disconnect the call ',5,'2024-08-03 05:44:43'),(15255,2370,244,'Revati Pawar has been assigned to lead','',5,'2024-08-03 05:44:43'),(15256,2369,244,'Revati Pawar update status to <strong>Not Reachable</strong>','3/8 disconnect the call ',5,'2024-08-03 06:08:02'),(15257,2369,244,'Revati Pawar has been assigned to lead','',5,'2024-08-03 06:08:02'),(15258,2368,244,'Revati Pawar update status to <strong>Ringing</strong>','3/8 ringing twice ',4,'2024-08-03 06:10:56'),(15259,2368,244,'Revati Pawar has been assigned to lead','',4,'2024-08-03 06:10:56'),(15260,2367,244,'Revati Pawar update status to <strong>Ringing</strong>','3/8 wtsp- offline ',4,'2024-08-03 06:11:29'),(15261,2367,244,'Revati Pawar has been assigned to lead','',4,'2024-08-03 06:11:29'),(15262,2366,244,'Revati Pawar update status to <strong>Fake</strong>','3/8 Akshay n- invalid number ',13,'2024-08-03 06:11:59'),(15263,2365,244,'Revati Pawar update status to <strong>Ringing</strong>','3/8 ringing twice ',4,'2024-08-03 06:12:40'),(15264,2365,244,'Revati Pawar has been assigned to lead','',4,'2024-08-03 06:12:40'),(15265,2364,244,'Revati Pawar update status to <strong>Fake</strong>','3/8 Rushikesh n- invalid number not active in wtsp ',13,'2024-08-03 06:13:15'),(15266,2363,244,'Revati Pawar update status to <strong>Not Reachable</strong>','3/8 cross call VTP- n requirement ',5,'2024-08-03 06:13:47'),(15267,2363,244,'Revati Pawar has been assigned to lead','',5,'2024-08-03 06:13:47'),(15268,2362,244,'Revati Pawar update status to <strong>Ringing</strong>','3/8 ringing twice ',4,'2024-08-03 06:19:11'),(15269,2362,244,'Revati Pawar has been assigned to lead','',4,'2024-08-03 06:19:11'),(15270,2388,244,'Revati Pawar update status to <strong>Ringing</strong>','3/8 11.51am- ringing twice, msg drop ',4,'2024-08-03 06:24:32'),(15271,2388,244,'Revati Pawar has been assigned to lead','',4,'2024-08-03 06:24:32'),(15272,2358,244,'Revati Pawar update status to <strong>Ringing</strong>','3/8 ringing twice ',4,'2024-08-03 06:26:45'),(15273,2358,244,'Revati Pawar has been assigned to lead','',4,'2024-08-03 06:26:45'),(15274,2356,244,'Revati Pawar update status to <strong>Ringing</strong>','3/8 ringing ',4,'2024-08-03 06:29:46'),(15275,2356,244,'Revati Pawar has been assigned to lead','',4,'2024-08-03 06:29:46'),(15276,2334,244,'Revati Pawar update status to <strong>Not Reachable</strong>','3/8 Akshay n- cross call VTP- Mai abhi iss week out off pune hu so hum next week disscuss karte hai ',5,'2024-08-03 06:32:22'),(15277,2334,244,'Revati Pawar has been assigned to lead','',5,'2024-08-03 06:32:22'),(15278,2399,NULL,'Facebook','Lead Generated From Facebook',2,'2024-08-03 06:33:30'),(15279,2399,242,'Akshay Mahore has been assigned to lead','',2,'2024-08-03 06:33:30'),(15280,2325,244,'Revati Pawar update status to <strong>Not Interested</strong>','3/8 Akshay n- cross call Housiey- no requirement ',11,'2024-08-03 06:41:02'),(15281,2322,244,'Revati Pawar update status to <strong>Interested</strong>','3/8 ringing twice ',7,'2024-08-03 06:41:33'),(15282,2322,244,'Revati Pawar has been assigned to lead','',7,'2024-08-03 06:41:33'),(15283,2319,244,'Revati Pawar update status to <strong>Ringing</strong>','3/8 switch off ',4,'2024-08-03 06:43:20'),(15284,2319,244,'Revati Pawar has been assigned to lead','',4,'2024-08-03 06:43:20'),(15285,2310,244,'Revati Pawar update status to <strong>Not Reachable</strong>','3/8 disconnect the call ',5,'2024-08-03 06:44:06'),(15286,2310,244,'Revati Pawar has been assigned to lead','',5,'2024-08-03 06:44:06'),(15287,2309,244,'Revati Pawar update status to <strong>Not Reachable</strong>','3/8 disconnect the call ',5,'2024-08-03 06:44:54'),(15288,2309,244,'Revati Pawar has been assigned to lead','',5,'2024-08-03 06:44:54'),(15289,2399,242,'Akshay Mahore update status to <strong>Ringing</strong>','Ringing twice msg dropeed ',4,'2024-08-03 07:03:52'),(15290,2295,244,'Revati Pawar update status to <strong>Talk Done</strong>','3/8 disconnect the call ',3,'2024-08-03 07:05:30'),(15291,2295,244,'Revati Pawar has been assigned to lead','',3,'2024-08-03 07:05:30'),(15292,2341,242,'Akshay Mahore update status to <strong>Interested</strong>','Normal call not connecting  , Ringing on whats app msg dropped ',7,'2024-08-03 07:06:45'),(15293,2394,242,'Akshay Mahore update status to <strong>Didn\'t Show Up</strong>','No responce msg dropped ',22,'2024-08-03 07:07:52'),(15294,2294,244,'Revati Pawar update status to <strong>Ringing</strong>','3/8 Akshay n- offline ',4,'2024-08-03 07:08:45'),(15295,2294,244,'Revati Pawar has been assigned to lead','',4,'2024-08-03 07:08:45'),(15296,2275,244,'Revati Pawar update status to <strong>Ringing</strong>','3/8 Akshay n- ringing twice ',4,'2024-08-03 07:13:37'),(15297,2275,244,'Revati Pawar has been assigned to lead','',4,'2024-08-03 07:13:37'),(15298,2265,244,'Revati Pawar update status to <strong>Ringing</strong>','3/8 ringing twice ',4,'2024-08-03 07:14:03'),(15299,2265,244,'Revati Pawar has been assigned to lead','',4,'2024-08-03 07:14:04'),(15300,2264,244,'Revati Pawar update status to <strong>Ringing</strong>','3/8 disconnect the call ',4,'2024-08-03 07:15:19'),(15301,2264,244,'Revati Pawar has been assigned to lead','',4,'2024-08-03 07:15:19'),(15302,2262,244,'Revati Pawar update status to <strong>Ringing</strong>','3/8 ringing twice ',4,'2024-08-03 07:15:58'),(15303,2262,244,'Revati Pawar has been assigned to lead','',4,'2024-08-03 07:15:58'),(15304,2261,244,'Revati Pawar update status to <strong>Ringing</strong>','3/8 disconnect the call ',4,'2024-08-03 07:17:07'),(15305,2261,244,'Revati Pawar has been assigned to lead','',4,'2024-08-03 07:17:07'),(15306,2249,244,'Revati Pawar update status to <strong>Not Reachable</strong>','3/8 not interested ',5,'2024-08-03 07:18:51'),(15307,2249,244,'Revati Pawar has been assigned to lead','',5,'2024-08-03 07:18:51'),(15308,2214,244,'Revati Pawar update status to <strong>Not Reachable</strong>','3/8 ringing twice ',5,'2024-08-03 07:19:27'),(15309,2214,244,'Revati Pawar has been assigned to lead','',5,'2024-08-03 07:19:27'),(15310,2208,244,'Revati Pawar update status to <strong>Not Reachable</strong>','3/8 Akshay n- cross call VTP- no requirement ',5,'2024-08-03 07:20:59'),(15311,2208,244,'Revati Pawar has been assigned to lead','',5,'2024-08-03 07:20:59'),(15312,2385,242,'Akshay Mahore update status to <strong>Didn\'t Show Up</strong>','Ringing twice on whatsapp  msg dropped ',22,'2024-08-03 07:23:45'),(15313,2186,244,'Revati Pawar update status to <strong>Ringing</strong>','3/8 ringing twice ',4,'2024-08-03 07:26:23'),(15314,2186,244,'Revati Pawar has been assigned to lead','',4,'2024-08-03 07:26:23'),(15315,2181,244,'Revati Pawar update status to <strong>Ringing</strong>','3/8 ringing twice ',4,'2024-08-03 07:26:57'),(15316,2181,244,'Revati Pawar has been assigned to lead','',4,'2024-08-03 07:26:57'),(15317,2146,244,'Revati Pawar update status to <strong>Not Reachable</strong>','3/8 Akshay n- cross call VTP- no requirement ',5,'2024-08-03 07:27:48'),(15318,2146,244,'Revati Pawar has been assigned to lead','',5,'2024-08-03 07:27:48'),(15319,2144,244,'Revati Pawar update status to <strong>Not Reachable</strong>','3/8 ringing twice ',5,'2024-08-03 07:28:22'),(15320,2144,244,'Revati Pawar has been assigned to lead','',5,'2024-08-03 07:28:22'),(15321,2057,244,'Revati Pawar update status to <strong>Ringing</strong>','3/8 ringing twice ',4,'2024-08-03 07:33:18'),(15322,2057,244,'Revati Pawar has been assigned to lead','',4,'2024-08-03 07:33:18'),(15323,2390,242,'Akshay Mahore update status to <strong>Ringing</strong>','call disconnected , msg dropped ',4,'2024-08-03 07:34:17'),(15324,2046,244,'Revati Pawar update status to <strong>Ringing</strong>','3/8 disonnect the call ',4,'2024-08-03 07:34:19'),(15325,2046,244,'Revati Pawar has been assigned to lead','',4,'2024-08-03 07:34:19'),(15326,2044,244,'Revati Pawar update status to <strong>Not Reachable</strong>','3/8 Aakanksha n- ringing twice ',5,'2024-08-03 07:35:49'),(15327,2044,244,'Revati Pawar has been assigned to lead','',5,'2024-08-03 07:35:49'),(15328,2032,244,'Revati Pawar update status to <strong>Ringing</strong>','3/8 ringing twice ',4,'2024-08-03 07:37:28'),(15329,2032,244,'Revati Pawar has been assigned to lead','',4,'2024-08-03 07:37:28'),(15330,2025,244,'Revati Pawar update status to <strong>Ringing</strong>','3/8 ringing ',4,'2024-08-03 07:37:57'),(15331,2025,244,'Revati Pawar has been assigned to lead','',4,'2024-08-03 07:37:57'),(15332,2017,244,'Revati Pawar update status to <strong>Ringing</strong>','3/8 Aakanksha n- cross call PC- no requirement ',4,'2024-08-03 07:40:01'),(15333,2017,244,'Revati Pawar has been assigned to lead','',4,'2024-08-03 07:40:01'),(15334,2344,242,'Akshay Mahore update status to <strong>Interested</strong>','Said we have postponed the plan , some imergensy is there and also the fund issues, will let you know if possible ',7,'2024-08-03 07:41:36'),(15335,2016,244,'Revati Pawar update status to <strong>Not Reachable</strong>','3/8 Akanksha n- ringing twice ',5,'2024-08-03 07:42:01'),(15336,2016,244,'Revati Pawar has been assigned to lead','',5,'2024-08-03 07:42:01'),(15337,2400,242,'Akshay Mahore created new lead','New',1,'2024-08-03 07:45:16'),(15338,2400,242,'Akshay Mahore has been assigned to lead','',2,'2024-08-03 07:45:16'),(15339,2008,244,'Revati Pawar update status to <strong>Not Reachable</strong>','3/8 ringing twice ',5,'2024-08-03 07:47:41'),(15340,2008,244,'Revati Pawar has been assigned to lead','',5,'2024-08-03 07:47:41'),(15341,2400,242,'Akshay Mahore update status to <strong>Ringing</strong>','Ringing twice msg dropped ',4,'2024-08-03 07:47:52'),(15342,1985,244,'Revati Pawar update status to <strong>Ringing</strong>','3/8 disconnect the call ',4,'2024-08-03 07:48:43'),(15343,1985,244,'Revati Pawar has been assigned to lead','',4,'2024-08-03 07:48:43'),(15344,1984,244,'Revati Pawar update status to <strong>Ringing</strong>','3/8 disconnect the call ',4,'2024-08-03 07:50:00'),(15345,1984,244,'Revati Pawar has been assigned to lead','',4,'2024-08-03 07:50:00'),(15346,1756,244,'Revati Pawar update status to <strong>Ringing</strong>','3/8 ringing twice ',4,'2024-08-03 07:50:49'),(15347,1756,244,'Revati Pawar has been assigned to lead','',4,'2024-08-03 07:50:49'),(15348,1740,244,'Revati Pawar update status to <strong>Ringing</strong>','3/8 Akanksha n- ringing twice ',4,'2024-08-03 07:51:30'),(15349,1740,244,'Revati Pawar has been assigned to lead','',4,'2024-08-03 07:51:30'),(15350,2401,242,'Akshay Mahore created new lead','Wrong no , not looking for property',1,'2024-08-03 07:52:21'),(15351,2401,242,'Akshay Mahore has been assigned to lead','',2,'2024-08-03 07:52:21'),(15352,2401,242,'Akshay Mahore update status to <strong>Not Reachable</strong>','Wrong no , not looking for property',5,'2024-08-03 07:52:53'),(15353,1738,244,'Revati Pawar update status to <strong>Ringing</strong>','3/8 ringing twice ',4,'2024-08-03 07:53:07'),(15354,1738,244,'Revati Pawar has been assigned to lead','',4,'2024-08-03 07:53:07'),(15355,2402,242,'Akshay Mahore created new lead','Ringing twice msg dropped ',1,'2024-08-03 07:55:02'),(15356,2402,242,'Akshay Mahore has been assigned to lead','',2,'2024-08-03 07:55:02'),(15357,1732,244,'Revati Pawar update status to <strong>Ringing</strong>','3/8 ringing twice ',4,'2024-08-03 07:57:57'),(15358,1732,244,'Revati Pawar has been assigned to lead','',4,'2024-08-03 07:57:57'),(15359,2402,242,'Akshay Mahore update status to <strong>Ringing</strong>','out of network offline on whats app msg dropped ',4,'2024-08-03 07:59:55'),(15360,2170,242,'Akshay Mahore update status to <strong>Ringing</strong>','Ringing twice on whats app, switched off , msg dropped ',4,'2024-08-03 08:18:22'),(15361,2154,242,'Akshay Mahore update status to <strong>Not Reachable</strong>','Ringing twice , , massaged me not intrested ',5,'2024-08-03 08:22:35'),(15362,2152,242,'Akshay Mahore update status to <strong>Ringing</strong>','Ringing twice on whats app as well , msg dropped ',4,'2024-08-03 08:27:01'),(15363,877,242,'Akshay Mahore update status to <strong>Broker</strong>','He is a channel partner ',12,'2024-08-03 08:32:28'),(15364,1719,244,'Revati Pawar update status to <strong>Not Interested</strong>','3/8 Akanksha n- wtsp- cross call PC- no requirement ',11,'2024-08-03 09:31:10'),(15365,573,244,'Revati Pawar update status to <strong>Not Reachable</strong>','3/8 Akanksha n- cross call Housiey- no requirement ',5,'2024-08-03 09:32:56'),(15366,573,244,'Revati Pawar has been assigned to lead','',5,'2024-08-03 09:32:56'),(15367,787,244,'Revati Pawar update status to <strong>Not Reachable</strong>','3/8 Aishwarya n- switch off ',5,'2024-08-03 09:33:51'),(15368,787,244,'Revati Pawar has been assigned to lead','',5,'2024-08-03 09:33:51'),(15369,917,244,'Revati Pawar update status to <strong>Not Interested</strong>','3/8 Akanksha n- cross call Housiey- no requirement ',11,'2024-08-03 09:35:50'),(15370,1631,244,'Revati Pawar update status to <strong>Ringing</strong>','3/8 Akanksha n- ringing twice ',4,'2024-08-03 09:38:25'),(15371,1631,244,'Revati Pawar has been assigned to lead','',4,'2024-08-03 09:38:25'),(15372,1671,244,'Revati Pawar update status to <strong>Ringing</strong>','3/8 ringing twice ',4,'2024-08-03 09:39:55'),(15373,1671,244,'Revati Pawar has been assigned to lead','',4,'2024-08-03 09:39:55'),(15374,1677,244,'Revati Pawar update status to <strong>Not Reachable</strong>','3/8 Akanksha n- cross call Housiey- no requirement ',5,'2024-08-03 10:10:59'),(15375,1677,244,'Revati Pawar has been assigned to lead','',5,'2024-08-03 10:10:59'),(15376,1691,244,'Revati Pawar update status to <strong>Not Interested</strong>','3/8 Akanksha n- cross call PC- no requirement ',11,'2024-08-03 10:11:42'),(15377,2388,244,'Revati Pawar update status to <strong>Not Reachable</strong>','3/8 Want nearing possession, Max widin 1 year nd itnw budget mei koi b aas pas villa hoga ?',5,'2024-08-03 10:12:28'),(15378,2388,244,'Revati Pawar has been assigned to lead','',5,'2024-08-03 10:12:29'),(15379,2386,244,'Revati Pawar update status to <strong>Ringing</strong>','3/8 Want nearing possession, Max widin 1 year nd itnw budget mei koi b aas pas villa hoga ?',4,'2024-08-03 10:25:43'),(15380,2386,244,'Revati Pawar has been assigned to lead','',4,'2024-08-03 10:25:43'),(15381,2382,244,'Revati Pawar update status to <strong>Ringing</strong>','3/8 Next we can have a call',4,'2024-08-03 10:39:34'),(15382,2382,244,'Revati Pawar has been assigned to lead','',4,'2024-08-03 10:39:34'),(15383,2330,244,'Revati Pawar update status to <strong>Not Reachable</strong>','3/8 Akanksha n- switch off ',5,'2024-08-03 11:38:24'),(15384,2330,244,'Revati Pawar has been assigned to lead','',5,'2024-08-03 11:38:24'),(15385,2396,241,'Juhi Singh update status to <strong>Ringing</strong>','3/8 Revati- ringing twice ',4,'2024-08-03 11:40:55'),(15386,2377,241,'Juhi Singh update status to <strong>Ringing</strong>','3/8 Revati- disconnect the call ',4,'2024-08-03 11:41:47'),(15387,2376,241,'Juhi Singh update status to <strong>Ringing</strong>','3/8 Revati- calling from Gera disconnect the call ',4,'2024-08-03 11:43:19'),(15388,2371,241,'Juhi Singh update status to <strong>Ringing</strong>','3/8 Revati- cross call VTP- no requirement ',4,'2024-08-03 11:44:08'),(15389,2315,241,'Juhi Singh update status to <strong>Ringing</strong>','3/8 Revati- ringing twice ',4,'2024-08-03 11:45:08'),(15390,2304,241,'Juhi Singh update status to <strong>Ringing</strong>','3/8 Revati- ringing twice ',4,'2024-08-03 11:45:54'),(15391,2297,241,'Juhi Singh update status to <strong>Ringing</strong>','3/8 Revati- not connected ',4,'2024-08-03 11:46:45'),(15392,2296,241,'Juhi Singh update status to <strong>Ringing</strong>','3/8 Revati- no response ',4,'2024-08-03 11:57:43'),(15393,2291,241,'Juhi Singh update status to <strong>Ringing</strong>','3/8 Revati- ringing twice ',4,'2024-08-03 12:00:03'),(15394,2285,241,'Juhi Singh update status to <strong>Ringing</strong>','3/8 Revat- busy on another call ',4,'2024-08-03 12:03:10'),(15395,2234,241,'Juhi Singh update status to <strong>Ringing</strong>','3/8 Revati- cross call VTP- no requirement as off now, already booked in  liviance',4,'2024-08-03 12:08:16'),(15396,2226,241,'Juhi Singh update status to <strong>Ringing</strong>','3/8 Revati- out off network ',4,'2024-08-03 12:09:23'),(15397,2224,241,'Juhi Singh update status to <strong>Ringing</strong>','3/8 Revati- busy on another call ',4,'2024-08-03 12:11:13'),(15398,2223,241,'Juhi Singh update status to <strong>Ringing</strong>','3/8 Revati- ringing twice ',4,'2024-08-03 12:12:38'),(15399,2219,241,'Juhi Singh update status to <strong>Ringing</strong>','3/8 Revati- disconnect the call ',4,'2024-08-03 12:13:51'),(15400,2218,241,'Juhi Singh update status to <strong>Ringing</strong>','3/8 Revati- disconnect the call ',4,'2024-08-03 12:21:58'),(15401,2199,241,'Juhi Singh update status to <strong>Ringing</strong>','3/8 Revati- ringing ',4,'2024-08-03 12:25:17'),(15402,2198,241,'Juhi Singh update status to <strong>Ringing</strong>','3/8 Revati- disconnect the call ',4,'2024-08-03 12:28:18'),(15403,2395,244,'Revati Pawar update status to <strong>Ringing</strong>','3/8 5.59pm- disconnect the call ',4,'2024-08-03 12:30:26'),(15404,2395,244,'Revati Pawar has been assigned to lead','',4,'2024-08-03 12:30:26'),(15405,2328,244,'Revati Pawar update status to <strong>Interested</strong>','3/8 Sunday zoom afternoon ',7,'2024-08-03 12:33:34'),(15406,2328,244,'Revati Pawar has been assigned to lead','',7,'2024-08-03 12:33:34'),(15407,2323,244,'Revati Pawar update status to <strong>Interested</strong>','3/8 disconnect the call ',7,'2024-08-03 12:37:29'),(15408,2323,244,'Revati Pawar has been assigned to lead','',7,'2024-08-03 12:37:29'),(15409,2320,244,'Revati Pawar update status to <strong>Interested</strong>','3/8 msg drop ',7,'2024-08-03 12:38:20'),(15410,2320,244,'Revati Pawar has been assigned to lead','',7,'2024-08-03 12:38:20'),(15411,566,244,'Revati Pawar update status to <strong>Ringing</strong>','3/8 disconnect the call ',4,'2024-08-03 12:49:54'),(15412,566,244,'Revati Pawar has been assigned to lead','',4,'2024-08-03 12:49:54'),(15413,569,244,'Revati Pawar update status to <strong>Not Reachable</strong>','3/8 ringing twice ',5,'2024-08-03 12:50:38'),(15414,569,244,'Revati Pawar has been assigned to lead','',5,'2024-08-03 12:50:38'),(15415,580,244,'Revati Pawar update status to <strong>Interested</strong>','3/8 Akanksha n- ringing twice ',7,'2024-08-03 12:51:27'),(15416,580,244,'Revati Pawar has been assigned to lead','',7,'2024-08-03 12:51:27'),(15417,584,244,'Revati Pawar update status to <strong>Ringing</strong>','3/8 Akanksha n- ringing twice ',4,'2024-08-03 12:52:32'),(15418,584,244,'Revati Pawar has been assigned to lead','',4,'2024-08-03 12:52:32'),(15419,587,244,'Revati Pawar update status to <strong>Ringing</strong>','3/8 ringing twice ',4,'2024-08-03 12:53:47'),(15420,587,244,'Revati Pawar has been assigned to lead','',4,'2024-08-03 12:53:47'),(15421,766,244,'Revati Pawar update status to <strong>Ringing</strong>','3/8 ringing twice ',4,'2024-08-03 12:54:56'),(15422,766,244,'Revati Pawar has been assigned to lead','',4,'2024-08-03 12:54:56'),(15423,772,244,'Revati Pawar update status to <strong>Ringing</strong>','3/8 Akanksha n- cross call Housiey- no requirement ',4,'2024-08-03 12:55:42'),(15424,772,244,'Revati Pawar has been assigned to lead','',4,'2024-08-03 12:55:42'),(15425,819,244,'Revati Pawar update status to <strong>Ringing</strong>','3/8 Rushikesh n- not connected ',4,'2024-08-03 12:56:28'),(15426,819,244,'Revati Pawar has been assigned to lead','',4,'2024-08-03 12:56:28'),(15427,884,244,'Revati Pawar update status to <strong>Ringing</strong>','3/8 Akanksha n- ringing ',4,'2024-08-03 12:58:05'),(15428,884,244,'Revati Pawar has been assigned to lead','',4,'2024-08-03 12:58:05'),(15429,885,244,'Revati Pawar update status to <strong>Ringing</strong>','3/8 Rushikesh n- ringing twice ',4,'2024-08-03 13:00:31'),(15430,885,244,'Revati Pawar has been assigned to lead','',4,'2024-08-03 13:00:31'),(15431,928,244,'Revati Pawar update status to <strong>Not Reachable</strong>','3/8 ringing twice ',5,'2024-08-03 13:01:43'),(15432,928,244,'Revati Pawar has been assigned to lead','',5,'2024-08-03 13:01:43'),(15433,930,244,'Revati Pawar update status to <strong>Not Reachable</strong>','3/8 Akanksha n- ringing twice ',5,'2024-08-03 13:03:13'),(15434,930,244,'Revati Pawar has been assigned to lead','',5,'2024-08-03 13:03:13'),(15435,932,244,'Revati Pawar update status to <strong>Ringing</strong>','3/8 ringing twice ',4,'2024-08-03 13:04:37'),(15436,932,244,'Revati Pawar has been assigned to lead','',4,'2024-08-03 13:04:37'),(15437,1669,244,'Revati Pawar update status to <strong>Ringing</strong>','3/8 Akanksha n- ringing twice ',4,'2024-08-03 13:06:02'),(15438,1669,244,'Revati Pawar has been assigned to lead','',4,'2024-08-03 13:06:02'),(15439,1709,244,'Revati Pawar update status to <strong>Ringing</strong>','3/8 Rushikesh n- ringing twice ',4,'2024-08-03 13:07:55'),(15440,1709,244,'Revati Pawar has been assigned to lead','',4,'2024-08-03 13:07:55'),(15441,1723,244,'Revati Pawar update status to <strong>Not Reachable</strong>','3/8 ringing twice ',5,'2024-08-03 13:11:34'),(15442,1723,244,'Revati Pawar has been assigned to lead','',5,'2024-08-03 13:11:34'),(15443,1731,244,'Revati Pawar update status to <strong>Not Interested</strong>','3/8 Akanksha n- cross call Housiey- no requirement ',11,'2024-08-03 13:14:13'),(15444,1739,244,'Revati Pawar update status to <strong>Ringing</strong>','3/8 ringing twice ',4,'2024-08-03 13:15:37'),(15445,1739,244,'Revati Pawar has been assigned to lead','',4,'2024-08-03 13:15:37'),(15446,2403,244,'Revati Pawar created new lead','3/8 disconnect the call,msg drop ',1,'2024-08-03 13:34:10'),(15447,2403,244,'Revati Pawar has been assigned to lead','',2,'2024-08-03 13:34:10'),(15448,2403,244,'Revati Pawar update status to <strong>Ringing</strong>','3/8 disconnect the call,msg drop\n\n',4,'2024-08-03 13:34:45'),(15449,2403,244,'Revati Pawar has been assigned to lead','',4,'2024-08-03 13:34:45'),(15450,2404,NULL,'Facebook','Lead Generated From Facebook',2,'2024-08-03 13:50:29'),(15451,2404,244,'Revati Pawar has been assigned to lead','',2,'2024-08-03 13:50:29'),(15452,2405,NULL,'Facebook','Lead Generated From Facebook',2,'2024-08-03 19:30:04'),(15453,2405,241,'Juhi Singh has been assigned to lead','',2,'2024-08-03 19:30:04'),(15454,2406,NULL,'Facebook','Lead Generated From Facebook',2,'2024-08-03 20:22:21'),(15455,2406,242,'Akshay Mahore has been assigned to lead','',2,'2024-08-03 20:22:21'),(15456,2407,NULL,'Facebook','Lead Generated From Facebook',2,'2024-08-04 01:50:00'),(15457,2407,244,'Revati Pawar has been assigned to lead','',2,'2024-08-04 01:50:00'),(15458,2408,NULL,'Facebook','Lead Generated From Facebook',2,'2024-08-04 03:13:35'),(15459,2408,241,'Juhi Singh has been assigned to lead','',2,'2024-08-04 03:13:35'),(15460,2408,241,'Juhi Singh update status to <strong>Not Reachable</strong>','said by mistake done the enquiry , looking only in Nagpur',5,'2024-08-04 05:15:25'),(15461,2405,241,'Juhi Singh update status to <strong>Interested</strong>','currently residing in Moshi , not in Pune , will be back by tonight in PUne , detail shared , said will connect tomorrow for obm at 2 pm  ',7,'2024-08-04 05:16:37'),(15462,2406,242,'Akshay Mahore update status to <strong>Fake</strong>','just dial no. ',13,'2024-08-04 05:18:23'),(15463,2407,244,'Revati Pawar update status to <strong>Ringing</strong>','4/8 ringing twice, msg drop ',4,'2024-08-04 05:20:26'),(15464,2407,244,'Revati Pawar has been assigned to lead','',4,'2024-08-04 05:20:26'),(15465,2404,244,'Revati Pawar update status to <strong>Ringing</strong>','4/8 switch off, wtsp- ringing,2nd call cut//msg- i am driving, please share details ',4,'2024-08-04 05:25:06'),(15466,2404,244,'Revati Pawar has been assigned to lead','',4,'2024-08-04 05:25:06'),(15467,2397,241,'Juhi Singh update status to <strong>OBM Done</strong>','OBM done Yesterday',16,'2024-08-04 05:25:19'),(15468,2392,241,'Juhi Singh update status to <strong>OBM Done</strong>','OBM done yerterday',16,'2024-08-04 05:27:53'),(15469,2409,244,'Revati Pawar created new lead','3/8 busy on another call, number not active in wtsp ,,,4/8 not looking at any property ',1,'2024-08-04 05:27:59'),(15470,2409,244,'Revati Pawar has been assigned to lead','',2,'2024-08-04 05:27:59'),(15471,2409,244,'Revati Pawar update status to <strong>Not Reachable</strong>','3/8 busy on another call, number not active in wtsp ,,,4/8 not looking at any property\n\n',5,'2024-08-04 05:28:22'),(15472,2409,244,'Revati Pawar has been assigned to lead','',5,'2024-08-04 05:28:22'),(15473,2403,244,'Revati Pawar update status to <strong>Interested</strong>','4/8 looking 2-3bhk, budget not disclose, he asked aapke project ka launch kab hoga and entry kahase hogi, all doubt clear with Akshay, he asked aaj Mai aata hu milane hotel tip top, Mai break fast karke aata hu, nikalne se pehele call karata hu ',7,'2024-08-04 05:48:25'),(15474,2403,244,'Revati Pawar has been assigned to lead','',7,'2024-08-04 05:48:25'),(15475,2391,244,'Revati Pawar update status to <strong>Not Reachable</strong>','4/8 ringing twice ',5,'2024-08-04 05:59:56'),(15476,2391,244,'Revati Pawar has been assigned to lead','',5,'2024-08-04 05:59:56'),(15477,2381,244,'Revati Pawar update status to <strong>Ringing</strong>','4/8 wtsp- ringing ',4,'2024-08-04 06:02:37'),(15478,2381,244,'Revati Pawar has been assigned to lead','',4,'2024-08-04 06:02:37'),(15479,2379,244,'Revati Pawar update status to <strong>Not Reachable</strong>','4/8 Juhi n- invalid number ',5,'2024-08-04 06:03:33'),(15480,2379,244,'Revati Pawar has been assigned to lead','',5,'2024-08-04 06:03:33'),(15481,2410,NULL,'Facebook','Lead Generated From Facebook',2,'2024-08-04 06:13:22'),(15482,2410,242,'Akshay Mahore has been assigned to lead','',2,'2024-08-04 06:13:22'),(15483,2400,242,'Akshay Mahore update status to <strong>Ringing</strong>','4/8 Revati- disconnect the call ',4,'2024-08-04 06:17:29'),(15484,2399,242,'Akshay Mahore update status to <strong>Ringing</strong>','4/8 Revati- switch off ',4,'2024-08-04 06:18:24'),(15485,2393,242,'Akshay Mahore update status to <strong>Interested</strong>','4/8 Revati- disconnect the call ',7,'2024-08-04 06:25:40'),(15486,2361,244,'Revati Pawar update status to <strong>Not Interested</strong>','4/8 Akshay n- invalid number ',11,'2024-08-04 06:41:17'),(15487,2358,244,'Revati Pawar update status to <strong>Ringing</strong>','4/8 ringing twice ',4,'2024-08-04 06:43:48'),(15488,2358,244,'Revati Pawar has been assigned to lead','',4,'2024-08-04 06:43:48'),(15489,2403,244,'Revati Pawar update status to <strong>OBM scheduled</strong>','4/8 OBM scheduled now hotel tip top ',10,'2024-08-04 06:45:47'),(15490,2403,244,'Akshay Mahore has been assigned to lead','',10,'2024-08-04 06:45:47'),(15491,2403,244,'Revati Pawar update status to <strong>OBM scheduled</strong>','4/8 OBM scheduled now hotel tip top//7385968737\n\n',10,'2024-08-04 06:46:52'),(15492,2356,244,'Revati Pawar update status to <strong>Ringing</strong>','4/8 disconnect the call ',4,'2024-08-04 06:47:47'),(15493,2356,244,'Revati Pawar has been assigned to lead','',4,'2024-08-04 06:47:47'),(15494,2348,244,'Revati Pawar update status to <strong>Not Reachable</strong>','4/8 Akanksha n- cross call VTP- no requirement ',5,'2024-08-04 06:48:30'),(15495,2348,244,'Revati Pawar has been assigned to lead','',5,'2024-08-04 06:48:30'),(15496,2308,244,'Revati Pawar update status to <strong>Not Reachable</strong>','4/8 Akanksha n- cross call VTP- no requirement ',5,'2024-08-04 07:03:43'),(15497,2308,244,'Revati Pawar has been assigned to lead','',5,'2024-08-04 07:03:43'),(15498,2260,244,'Revati Pawar update status to <strong>Ringing</strong>','4/8 Akanksha n- ringing twice ',4,'2024-08-04 07:05:21'),(15499,2260,244,'Revati Pawar has been assigned to lead','',4,'2024-08-04 07:05:21'),(15500,2257,244,'Revati Pawar update status to <strong>Ringing</strong>','4/8 ringing twice ',4,'2024-08-04 07:09:40'),(15501,2257,244,'Revati Pawar has been assigned to lead','',4,'2024-08-04 07:09:40'),(15502,2250,244,'Revati Pawar update status to <strong>Ringing</strong>','4/8 ringing twice ',4,'2024-08-04 07:11:47'),(15503,2250,244,'Revati Pawar has been assigned to lead','',4,'2024-08-04 07:11:47'),(15504,2215,244,'Revati Pawar update status to <strong>Ringing</strong>','4/8 ringing twice ',4,'2024-08-04 07:12:22'),(15505,2215,244,'Revati Pawar has been assigned to lead','',4,'2024-08-04 07:12:22'),(15506,2213,244,'Revati Pawar update status to <strong>Not Reachable</strong>','4/8 Akanksha n- ringing twice ',5,'2024-08-04 07:13:43'),(15507,2213,244,'Revati Pawar has been assigned to lead','',5,'2024-08-04 07:13:43'),(15508,2048,244,'Revati Pawar update status to <strong>Interested</strong>','4/8 Aakanksha n- ringing twice ',7,'2024-08-04 07:16:59'),(15509,2048,244,'Revati Pawar has been assigned to lead','',7,'2024-08-04 07:16:59'),(15510,2042,244,'Revati Pawar update status to <strong>Ringing</strong>','4/8 Rahul n- cross call Housiey- no requirement ',4,'2024-08-04 07:18:19'),(15511,2042,244,'Revati Pawar has been assigned to lead','',4,'2024-08-04 07:18:19'),(15512,2033,244,'Revati Pawar update status to <strong>Not Reachable</strong>','4/8 disconnect the call ',5,'2024-08-04 07:20:01'),(15513,2033,244,'Revati Pawar has been assigned to lead','',5,'2024-08-04 07:20:01'),(15514,2028,244,'Revati Pawar update status to <strong>Ringing</strong>','4/8 Akanksha n- disconnect the call ',4,'2024-08-04 07:23:51'),(15515,2028,244,'Revati Pawar has been assigned to lead','',4,'2024-08-04 07:23:51'),(15516,1986,244,'Revati Pawar update status to <strong>Ringing</strong>','4/8 Rahul n- ringing twice ',4,'2024-08-04 07:26:03'),(15517,1986,244,'Revati Pawar has been assigned to lead','',4,'2024-08-04 07:26:03'),(15518,1718,244,'Revati Pawar update status to <strong>Ringing</strong>','4/8 Akanksha n- ringing twice ',4,'2024-08-04 07:28:34'),(15519,1718,244,'Revati Pawar has been assigned to lead','',4,'2024-08-04 07:28:34'),(15520,1708,244,'Revati Pawar update status to <strong>Ringing</strong>','4/8 Rahul n- ringing twice ',4,'2024-08-04 07:30:35'),(15521,1708,244,'Revati Pawar has been assigned to lead','',4,'2024-08-04 07:30:35'),(15522,1664,244,'Revati Pawar update status to <strong>Ringing</strong>','4/8 Akanksha n- cross call VTP- no requirement ',4,'2024-08-04 07:31:18'),(15523,1664,244,'Revati Pawar has been assigned to lead','',4,'2024-08-04 07:31:18'),(15524,543,244,'Revati Pawar update status to <strong>Not Reachable</strong>','4/8 Rahul n- cross call Housiey- no requirement ',5,'2024-08-04 07:38:35'),(15525,543,244,'Revati Pawar has been assigned to lead','',5,'2024-08-04 07:38:35'),(15526,1041,244,'Revati Pawar update status to <strong>Not Reachable</strong>','4/8 Akanksha n- ringing twice ',5,'2024-08-04 07:41:06'),(15527,1041,244,'Revati Pawar has been assigned to lead','',5,'2024-08-04 07:41:06'),(15528,561,244,'Revati Pawar update status to <strong>Not Reachable</strong>','4/8 Akanksha n- disconnect the call ',5,'2024-08-04 07:41:47'),(15529,561,244,'Revati Pawar has been assigned to lead','',5,'2024-08-04 07:41:47'),(15530,935,244,'Revati Pawar update status to <strong>Ringing</strong>','4/8 Sonali n- wtsp- offline ',4,'2024-08-04 07:44:18'),(15531,935,244,'Revati Pawar has been assigned to lead','',4,'2024-08-04 07:44:18'),(15532,936,244,'Revati Pawar update status to <strong>Talk Done</strong>','4/8 Sonali n- wtsp- ringing twice ',3,'2024-08-04 07:53:03'),(15533,936,244,'Revati Pawar has been assigned to lead','',3,'2024-08-04 07:53:03'),(15534,971,244,'Revati Pawar update status to <strong>Ringing</strong>','4/8 Akanksha n- ringing twice ',4,'2024-08-04 07:55:57'),(15535,971,244,'Revati Pawar has been assigned to lead','',4,'2024-08-04 07:55:57'),(15536,992,244,'Revati Pawar update status to <strong>Ringing</strong>','4/8 Sonali n- ringing ',4,'2024-08-04 07:57:52'),(15537,992,244,'Revati Pawar has been assigned to lead','',4,'2024-08-04 07:57:52'),(15538,1009,244,'Revati Pawar update status to <strong>Not Interested</strong>','4/8 Akanksha n- cross call PC- no requirement ',11,'2024-08-04 07:58:59'),(15539,1035,244,'Revati Pawar update status to <strong>Ringing</strong>','4/8 Akanksha n- busy on another call ',4,'2024-08-04 08:02:26'),(15540,1035,244,'Revati Pawar has been assigned to lead','',4,'2024-08-04 08:02:26'),(15541,544,244,'Revati Pawar update status to <strong>Ringing</strong>','4/8 Akanksha n- wtsp- disconnect call ',4,'2024-08-04 08:11:17'),(15542,544,244,'Revati Pawar has been assigned to lead','',4,'2024-08-04 08:11:17'),(15543,2396,241,'Juhi Singh update status to <strong>Ringing</strong>','Ringing twice \nRinging twice',4,'2024-08-04 09:58:00'),(15544,2376,241,'Juhi Singh update status to <strong>Ringing</strong>','Ringing ,call Rejected,msg dropped ',4,'2024-08-04 10:01:02'),(15545,2374,241,'Juhi Singh update status to <strong>Interested</strong>','Sri : switched off \nRinging twice ,msg dropped ',7,'2024-08-04 10:01:56'),(15546,2360,241,'Juhi Singh update status to <strong>Ringing</strong>','Sri : call disconnected \nCall rejected twice ,msg dropped ',4,'2024-08-04 10:02:35'),(15547,2351,241,'Juhi Singh update status to <strong>Ringing</strong>','Said not available, right now in office work , will let you know',4,'2024-08-04 10:04:06'),(15548,2349,241,'Juhi Singh update status to <strong>Interested</strong>','Ringing ,msg dropped ',7,'2024-08-04 10:05:33'),(15549,2410,242,'Akshay Mahore update status to <strong>Ringing</strong>','Invalid number , offline on whats app msg dropped ',4,'2024-08-04 10:12:57'),(15550,2410,242,'Akshay Mahore update status to <strong>Ringing</strong>','Invalid number , offline on whats app msg dropped ',4,'2024-08-04 10:15:00'),(15551,2400,242,'Akshay Mahore update status to <strong>Ringing</strong>','Ringin twice ',4,'2024-08-04 10:17:10'),(15552,2399,242,'Akshay Mahore update status to <strong>Ringing</strong>','Ringing twice ',4,'2024-08-04 10:18:45'),(15553,2373,241,'Juhi Singh update status to <strong>Fake</strong>','Number does not exist ',13,'2024-08-04 10:19:14'),(15554,2393,242,'Akshay Mahore update status to <strong>Interested</strong>','Sri maam- Noresponce ',7,'2024-08-04 10:23:21'),(15555,2353,242,'Akshay Mahore update status to <strong>Ringing</strong>','Ringing twice ',4,'2024-08-04 10:27:50'),(15556,2401,242,'Akshay Mahore update status to <strong>Not Reachable</strong>',' Not intrested ',5,'2024-08-04 10:30:33'),(15557,2371,241,'Juhi Singh update status to <strong>Ringing</strong>','Call rejected twice ',4,'2024-08-04 10:39:40'),(15558,2411,NULL,'Facebook','Lead Generated From Facebook',2,'2024-08-04 10:42:25'),(15559,2411,244,'Revati Pawar has been assigned to lead','',2,'2024-08-04 10:42:25'),(15560,2411,244,'Revati Pawar update status to <strong>Interested</strong>','4/8 looking 3bhk duplex, budget not disclose, stay in Marunji Kolate patil, he asked send me the details, so I\'ll explain him process, so he asked muze aaj to possible nhi hai, Mai bahar hu hum Friday or Saturday ko kar sakate hai, details sent \n\n\n ',7,'2024-08-04 11:00:32'),(15561,2411,244,'Revati Pawar has been assigned to lead','',7,'2024-08-04 11:00:32'),(15562,552,244,'Revati Pawar update status to <strong>Ringing</strong>','4/8 ringing twice ',4,'2024-08-04 11:01:13'),(15563,552,244,'Revati Pawar has been assigned to lead','',4,'2024-08-04 11:01:13'),(15564,557,244,'Revati Pawar update status to <strong>Not Reachable</strong>','4/8 Sonali n- ringing twice ',5,'2024-08-04 11:02:43'),(15565,557,244,'Revati Pawar has been assigned to lead','',5,'2024-08-04 11:02:43'),(15566,939,244,'Revati Pawar update status to <strong>Ringing</strong>','4/8 Akanksha n- ringing twice ',4,'2024-08-04 11:04:06'),(15567,939,244,'Revati Pawar has been assigned to lead','',4,'2024-08-04 11:04:06'),(15568,943,244,'Revati Pawar update status to <strong>Not Reachable</strong>','4/8 Sonali n- disconnect the call ',5,'2024-08-04 11:04:54'),(15569,943,244,'Revati Pawar has been assigned to lead','',5,'2024-08-04 11:04:54'),(15570,2407,244,'Revati Pawar update status to <strong>Ringing</strong>','4/8 4.35pm- disconnect the call ',4,'2024-08-04 11:05:53'),(15571,2407,244,'Revati Pawar has been assigned to lead','',4,'2024-08-04 11:05:53'),(15572,2398,244,'Revati Pawar update status to <strong>Interested</strong>','4/8 msg drop on wtsp ',7,'2024-08-04 11:07:23'),(15573,2398,244,'Revati Pawar has been assigned to lead','',7,'2024-08-04 11:07:23'),(15574,2395,244,'Revati Pawar update status to <strong>Ringing</strong>','4/8 ringing twice, msg drop ',4,'2024-08-04 11:08:47'),(15575,2395,244,'Revati Pawar has been assigned to lead','',4,'2024-08-04 11:08:47'),(15576,2375,244,'Revati Pawar update status to <strong>Talk Done</strong>','4/8 Juhi n- already booked in Kolate patil ',3,'2024-08-04 11:10:50'),(15577,2375,244,'Revati Pawar has been assigned to lead','',3,'2024-08-04 11:10:50'),(15578,2372,244,'Revati Pawar update status to <strong>Interested</strong>','4/8 disconnect the call, msg- I will call you back later ',7,'2024-08-04 11:12:11'),(15579,2372,244,'Revati Pawar has been assigned to lead','',7,'2024-08-04 11:12:11'),(15580,2347,244,'Revati Pawar update status to <strong>Talk Done</strong>','4/8 disconnect the call ',3,'2024-08-04 11:14:40'),(15581,2347,244,'Revati Pawar has been assigned to lead','',3,'2024-08-04 11:14:40'),(15582,2412,NULL,'Facebook','Lead Generated From Facebook',2,'2024-08-04 11:15:13'),(15583,2412,241,'Juhi Singh has been assigned to lead','',2,'2024-08-04 11:15:13'),(15584,2346,244,'Revati Pawar update status to <strong>Not Reachable</strong>','4/8 Akanksha n- cross call VTP- no requirement ',5,'2024-08-04 11:16:12'),(15585,2346,244,'Revati Pawar has been assigned to lead','',5,'2024-08-04 11:16:12'),(15586,945,244,'Revati Pawar update status to <strong>Not Reachable</strong>','4/8 not interested ',5,'2024-08-04 11:19:04'),(15587,945,244,'Revati Pawar has been assigned to lead','',5,'2024-08-04 11:19:04'),(15588,986,244,'Revati Pawar update status to <strong>Ringing</strong>','4/8 Aakanksha n- ringing twice ',4,'2024-08-04 11:19:42'),(15589,986,244,'Revati Pawar has been assigned to lead','',4,'2024-08-04 11:19:42'),(15590,988,244,'Revati Pawar update status to <strong>Not Interested</strong>','4/8 Akanksha n- cross call Housiey- no requirement ',11,'2024-08-04 11:20:42'),(15591,2345,244,'Revati Pawar update status to <strong>Interested</strong>','4/8 msg on wtsp- It\'s raining heavy. I\'ll try but cant commit. If it stops I\'ll come else next weekend//3.30pm- ringing twice, msg drop//Srividya ma\'am PN- no response ',7,'2024-08-04 11:22:06'),(15592,2345,244,'Revati Pawar has been assigned to lead','',7,'2024-08-04 11:22:07'),(15593,2328,244,'Revati Pawar update status to <strong>Interested</strong>','4/8 Akshay n- no response//11.15am- Srividya ma\'am- no response//3.45pm- disconnect the call ',7,'2024-08-04 11:23:21'),(15594,2328,244,'Revati Pawar has been assigned to lead','',7,'2024-08-04 11:23:21'),(15595,2326,244,'Revati Pawar update status to <strong>Interested</strong>','4/8 disconnect the call//Juhi n- no response, msg drop ',7,'2024-08-04 11:24:35'),(15596,2326,244,'Revati Pawar has been assigned to lead','',7,'2024-08-04 11:24:35'),(15597,2322,244,'Revati Pawar update status to <strong>Not Reachable</strong>','4/8 not looking at any property, he asked mere friend ne inquiery ki hai galatise ',5,'2024-08-04 11:26:30'),(15598,2322,244,'Revati Pawar has been assigned to lead','',5,'2024-08-04 11:26:30'),(15599,2295,244,'Revati Pawar update status to <strong>Talk Done</strong>','4/8 disconnect the call ',3,'2024-08-04 11:27:28'),(15600,2295,244,'Revati Pawar has been assigned to lead','',3,'2024-08-04 11:27:28'),(15601,2293,244,'Revati Pawar update status to <strong>Ringing</strong>','4/8 ringing twice ',4,'2024-08-04 11:27:59'),(15602,2293,244,'Revati Pawar has been assigned to lead','',4,'2024-08-04 11:27:59'),(15603,2255,244,'Revati Pawar update status to <strong>Ringing</strong>','4/8 disconnect the call ',4,'2024-08-04 11:28:49'),(15604,2255,244,'Revati Pawar has been assigned to lead','',4,'2024-08-04 11:28:49'),(15605,1072,244,'Revati Pawar update status to <strong>Not Interested</strong>','4/8 Sonali n- cross call Lodha- no requirement ',11,'2024-08-04 11:29:39'),(15606,2184,244,'Revati Pawar update status to <strong>Not Interested</strong>','4/8 Akanksha n- cross call Housiey- no requirement ',11,'2024-08-04 11:30:20'),(15607,2059,244,'Revati Pawar update status to <strong>Interested</strong>','4/8 Sonali n- wtsp- disconnect the call ',7,'2024-08-04 11:31:16'),(15608,2059,244,'Revati Pawar has been assigned to lead','',7,'2024-08-04 11:31:16'),(15609,2055,244,'Revati Pawar update status to <strong>Ringing</strong>','4/8 ringing twice ',4,'2024-08-04 11:32:03'),(15610,2055,244,'Revati Pawar has been assigned to lead','',4,'2024-08-04 11:32:03'),(15611,1698,244,'Revati Pawar update status to <strong>Ringing</strong>','4/8 calling from Housiey disconnect the call ',4,'2024-08-04 11:32:40'),(15612,1698,244,'Revati Pawar has been assigned to lead','',4,'2024-08-04 11:32:40'),(15613,2031,244,'Revati Pawar update status to <strong>Ringing</strong>','4/8 Akanksha n- wtsp- disconnect the call ',4,'2024-08-04 11:33:11'),(15614,2031,244,'Revati Pawar has been assigned to lead','',4,'2024-08-04 11:33:11'),(15615,1668,244,'Revati Pawar update status to <strong>Not Interested</strong>','4/8 Aishwarya n- cross call VTP- no requirement as of now ',11,'2024-08-04 11:34:09'),(15616,2407,244,'Revati Pawar update status to <strong>Talk Done</strong>','4/8 6.4pm- looking 3bhk, budget not disclose, stay in Baner, he asked Mai ph-3 Mai nhi dekh raha hu, mere personal reasion hai us vajese, I explain her to connectivity he asked Aap muze details sent karke rakhiye hum next weekend dekhte hai meeting ka, details sent ',3,'2024-08-04 12:40:44'),(15617,2407,244,'Revati Pawar has been assigned to lead','',3,'2024-08-04 12:40:44'),(15618,2412,241,'Juhi Singh update status to <strong>Interested</strong>','looking for 3 bhk duplex as an investment , resides in Warje ,work location is Mumbai , travels Pune only in weekend , right now going for function , will be possible only in next weekennd , details shared , said if possible will connect on zoom ',7,'2024-08-04 13:17:43'),(15619,2403,242,'Akshay Mahore update status to <strong>OBM Done</strong>','Looking for 2 bhk 1 cr budget from rajasthan currently residing in wakad unique developers socity  works in volkswagan , already visited  bluewaters township ,  said  im also intrested in kohinoor central and megapolice  , going to rajasthan on 15 th augest said will call you bymyself  for token ',16,'2024-08-04 13:57:30'),(15620,2413,NULL,'Facebook','Lead Generated From Facebook',2,'2024-08-04 17:45:21'),(15621,2413,242,'Akshay Mahore has been assigned to lead','',2,'2024-08-04 17:45:21'),(15622,2414,NULL,'Facebook','Lead Generated From Facebook',2,'2024-08-04 20:33:25'),(15623,2414,244,'Revati Pawar has been assigned to lead','',2,'2024-08-04 20:33:25'),(15624,2415,NULL,'Facebook','Lead Generated From Facebook',2,'2024-08-05 03:13:52'),(15625,2415,241,'Juhi Singh has been assigned to lead','',2,'2024-08-05 03:13:52'),(15626,2414,244,'Revati Pawar update status to <strong>Not Reachable</strong>','5/8 already connect with Akshay ',5,'2024-08-05 08:23:35'),(15627,2414,244,'Revati Pawar has been assigned to lead','',5,'2024-08-05 08:23:35'),(15628,2415,241,'Juhi Singh update status to <strong>Not Reachable</strong>','Invalid number, contact not on WhatsApp ',5,'2024-08-05 08:52:54'),(15629,2413,242,'Akshay Mahore update status to <strong>Ringing</strong>','Invalid number, busy on another call on what\'s app msg dropped ',4,'2024-08-05 09:50:58'),(15630,2416,NULL,'Facebook','Lead Generated From Facebook',2,'2024-08-05 15:04:47'),(15631,2416,242,'Akshay Mahore has been assigned to lead','',2,'2024-08-05 15:04:47'),(15632,2417,NULL,'Facebook','Lead Generated From Facebook',2,'2024-08-05 16:41:25'),(15633,2417,244,'Revati Pawar has been assigned to lead','',2,'2024-08-05 16:41:26'),(15634,2418,NULL,'Facebook','Lead Generated From Facebook',2,'2024-08-05 16:50:12'),(15635,2418,241,'Juhi Singh has been assigned to lead','',2,'2024-08-05 16:50:12'),(15636,2419,NULL,'Facebook','Lead Generated From Facebook',2,'2024-08-05 17:20:09'),(15637,2419,242,'Akshay Mahore has been assigned to lead','',2,'2024-08-05 17:20:10'),(15638,2418,241,'Juhi Singh update status to <strong>Ringing</strong>','Msg dropped on nrml text , contact not on whatsapp ',4,'2024-08-05 18:08:20'),(15639,2420,NULL,'Facebook','Lead Generated From Facebook',2,'2024-08-06 04:26:56'),(15640,2420,244,'Revati Pawar has been assigned to lead','',2,'2024-08-06 04:26:56'),(15641,2420,244,'Revati Pawar update status to <strong>Not Reachable</strong>','6/8 not looking at any property ',5,'2024-08-06 04:32:34'),(15642,2420,244,'Revati Pawar has been assigned to lead','',5,'2024-08-06 04:32:34'),(15643,2411,244,'Revati Pawar update status to <strong>Interested</strong>','6/8 disconnect the call, msg drop ',7,'2024-08-06 04:41:54'),(15644,2411,244,'Revati Pawar has been assigned to lead','',7,'2024-08-06 04:41:54'),(15645,2409,244,'Revati Pawar update status to <strong>Not Reachable</strong>','6/8 cross call VTP- no requirement ',5,'2024-08-06 04:44:08'),(15646,2409,244,'Revati Pawar has been assigned to lead','',5,'2024-08-06 04:44:08'),(15647,2407,244,'Revati Pawar update status to <strong>Talk Done</strong>','6/8 disconnect the call, msg drop ',3,'2024-08-06 04:47:07'),(15648,2407,244,'Revati Pawar has been assigned to lead','',3,'2024-08-06 04:47:08'),(15649,2398,244,'Revati Pawar update status to <strong>Interested</strong>','6/8 ringing twice, msg drop ',7,'2024-08-06 04:53:54'),(15650,2398,244,'Revati Pawar has been assigned to lead','',7,'2024-08-06 04:53:54'),(15651,2395,244,'Revati Pawar update status to <strong>Ringing</strong>','6/8 not looking at any property ',4,'2024-08-06 04:54:34'),(15652,2395,244,'Revati Pawar has been assigned to lead','',4,'2024-08-06 04:54:34'),(15653,2388,244,'Revati Pawar update status to <strong>Not Reachable</strong>','6/8 disconnect the call ',5,'2024-08-06 05:07:00'),(15654,2388,244,'Revati Pawar has been assigned to lead','',5,'2024-08-06 05:07:00'),(15655,2386,244,'Revati Pawar update status to <strong>Not Interested</strong>','6/8 repeated lead ',11,'2024-08-06 05:08:56'),(15656,2381,244,'Revati Pawar update status to <strong>Not Interested</strong>','6/8 Repeated lead ',11,'2024-08-06 05:09:35'),(15657,2379,244,'Revati Pawar update status to <strong>Not Reachable</strong>','6/8 ringing twice,no not active in wtsp ',5,'2024-08-06 05:12:58'),(15658,2379,244,'Revati Pawar has been assigned to lead','',5,'2024-08-06 05:12:58'),(15659,2375,244,'Revati Pawar update status to <strong>Talk Done</strong>','6/8 ringing twice ',3,'2024-08-06 05:13:27'),(15660,2375,244,'Revati Pawar has been assigned to lead','',3,'2024-08-06 05:13:27'),(15661,2417,244,'Revati Pawar update status to <strong>Not Reachable</strong>','6/8 invalid number ',5,'2024-08-06 05:14:01'),(15662,2417,244,'Revati Pawar has been assigned to lead','',5,'2024-08-06 05:14:01'),(15663,2372,244,'Revati Pawar update status to <strong>Interested</strong>','6/8 msg on wtsp- Due to some emergency I m not available for next two days, Will confirm once return in pune',7,'2024-08-06 05:15:44'),(15664,2372,244,'Revati Pawar has been assigned to lead','',7,'2024-08-06 05:15:44'),(15665,2370,244,'Revati Pawar update status to <strong>Not Reachable</strong>','6/8 ringing twice ',5,'2024-08-06 05:17:07'),(15666,2370,244,'Revati Pawar has been assigned to lead','',5,'2024-08-06 05:17:07'),(15667,2369,244,'Revati Pawar update status to <strong>Not Reachable</strong>','6/8 ringing twice ',5,'2024-08-06 05:22:00'),(15668,2369,244,'Revati Pawar has been assigned to lead','',5,'2024-08-06 05:22:00'),(15669,2368,244,'Revati Pawar update status to <strong>Ringing</strong>','6/8 out off network ',4,'2024-08-06 05:23:41'),(15670,2368,244,'Revati Pawar has been assigned to lead','',4,'2024-08-06 05:23:41'),(15671,2421,244,'Revati Pawar created new lead','5/8 Looking 2bhk,self use, budget not disclose, stay in Mumbai, he has his own business, abhi mai busy hu so zoom nhi kar sakata mai 11aug ko free hu tabhi hum zoom kar sakate hai, also asked about loan, explain about processes, details send',1,'2024-08-06 05:27:15'),(15672,2421,244,'Revati Pawar has been assigned to lead','',2,'2024-08-06 05:27:15'),(15673,2421,244,'Revati Pawar update status to <strong>Interested</strong>','5/8 Looking 2bhk,self use, budget not disclose, stay in Mumbai, he has his own business, abhi mai busy hu so zoom nhi kar sakata mai 11aug ko free hu tabhi hum zoom kar sakate hai, also asked about loan, explain about processes, details send\n\n',7,'2024-08-06 05:27:49'),(15674,2421,244,'Revati Pawar has been assigned to lead','',7,'2024-08-06 05:27:49'),(15675,2416,242,'Akshay Mahore update status to <strong>Not Reachable</strong>','Said clicked by mistake ,my child clicked it by mistake sorry ',5,'2024-08-06 05:34:11'),(15676,2416,242,'Akshay Mahore update status to <strong>Not Reachable</strong>','Said clicked by mistake ,my child clicked it by mistake sorry',5,'2024-08-06 05:34:46'),(15677,2367,244,'Revati Pawar update status to <strong>Ringing</strong>','6/8 wtsp- offline ',4,'2024-08-06 05:37:28'),(15678,2367,244,'Revati Pawar has been assigned to lead','',4,'2024-08-06 05:37:28'),(15679,2365,244,'Revati Pawar update status to <strong>Ringing</strong>','6/8 ringing ',4,'2024-08-06 05:39:29'),(15680,2365,244,'Revati Pawar has been assigned to lead','',4,'2024-08-06 05:39:29'),(15681,2419,242,'Akshay Mahore update status to <strong>Fake</strong>','Invalid no not on whats app ',13,'2024-08-06 05:40:25'),(15682,2422,NULL,'Facebook','Lead Generated From Facebook',2,'2024-08-06 05:44:58'),(15683,2422,241,'Juhi Singh has been assigned to lead','',2,'2024-08-06 05:44:58'),(15684,2363,244,'Revati Pawar update status to <strong>Not Reachable</strong>','6/8 disconnect the call ',5,'2024-08-06 05:50:25'),(15685,2363,244,'Revati Pawar has been assigned to lead','',5,'2024-08-06 05:50:25'),(15686,2422,241,'Juhi Singh update status to <strong>Not Reachable</strong>','invalid number , contact not on WA',5,'2024-08-06 05:50:46'),(15687,2362,244,'Revati Pawar update status to <strong>Ringing</strong>','6/8 ringing twice ',4,'2024-08-06 05:51:53'),(15688,2362,244,'Revati Pawar has been assigned to lead','',4,'2024-08-06 05:51:53'),(15689,2356,244,'Revati Pawar update status to <strong>Not Reachable</strong>','6/8 Mai itana dur ka possession nhi dekh raha hu, Mai max to max next year mid tak dekh raha hu so isaliye maine aapko revert nhi Kiya, aapka possession bahot dur hai, explain about pre launch benifit but he asked mera personal reasion hai so Mai itana late tak nhi ruk pavunga ',5,'2024-08-06 05:56:35'),(15690,2356,244,'Revati Pawar has been assigned to lead','',5,'2024-08-06 05:56:35'),(15691,2423,NULL,'Facebook','Lead Generated From Facebook',2,'2024-08-06 06:08:14'),(15692,2423,242,'Akshay Mahore has been assigned to lead','',2,'2024-08-06 06:08:14'),(15693,2347,244,'Revati Pawar update status to <strong>Talk Done</strong>','6/8 disconnect the call ',3,'2024-08-06 06:12:36'),(15694,2347,244,'Revati Pawar has been assigned to lead','',3,'2024-08-06 06:12:36'),(15695,2424,NULL,'Facebook','Lead Generated From Facebook',2,'2024-08-06 06:15:19'),(15696,2424,244,'Revati Pawar has been assigned to lead','',2,'2024-08-06 06:15:19'),(15697,2345,244,'Revati Pawar update status to <strong>Interested</strong>','5/8 ringing twice ,,,6/8 ringing twice, msg drop ',7,'2024-08-06 06:16:19'),(15698,2345,244,'Revati Pawar has been assigned to lead','',7,'2024-08-06 06:16:19'),(15699,2334,244,'Revati Pawar update status to <strong>Not Reachable</strong>','6/8 disconnect the call',5,'2024-08-06 06:17:04'),(15700,2334,244,'Revati Pawar has been assigned to lead','',5,'2024-08-06 06:17:04'),(15701,2423,242,'Akshay Mahore update status to <strong>Ringing</strong>','new',4,'2024-08-06 06:17:23'),(15702,2422,241,'Juhi Singh update status to <strong>Not Reachable</strong>','invalid',5,'2024-08-06 06:18:10'),(15703,2415,241,'Juhi Singh update status to <strong>Not Reachable</strong>','invalid',5,'2024-08-06 06:19:43'),(15704,2423,242,'Akshay Mahore update status to <strong>Ringing</strong>','Ringing twice msg dropped ',4,'2024-08-06 06:20:13'),(15705,2424,244,'Revati Pawar update status to <strong>Ringing</strong>','6/8 invalid number, not in wtsp, mail drop ',4,'2024-08-06 06:26:45'),(15706,2424,244,'Revati Pawar has been assigned to lead','',4,'2024-08-06 06:26:45'),(15707,2330,244,'Revati Pawar update status to <strong>Fake</strong>','6/8 switch off ',13,'2024-08-06 06:27:41'),(15708,2326,244,'Revati Pawar update status to <strong>Interested</strong>','6/8 ringing twice, msg drop ',7,'2024-08-06 06:32:06'),(15709,2326,244,'Revati Pawar has been assigned to lead','',7,'2024-08-06 06:32:06'),(15710,2319,244,'Revati Pawar update status to <strong>Ringing</strong>','6/8 switch off ',4,'2024-08-06 06:57:41'),(15711,2319,244,'Revati Pawar has been assigned to lead','',4,'2024-08-06 06:57:41'),(15712,2310,244,'Revati Pawar update status to <strong>Not Reachable</strong>','6/8 ringing twice ',5,'2024-08-06 07:01:56'),(15713,2310,244,'Revati Pawar has been assigned to lead','',5,'2024-08-06 07:01:56'),(15714,2309,244,'Revati Pawar update status to <strong>Not Reachable</strong>','6/8 cross call Saheel- no requirement ',5,'2024-08-06 07:06:32'),(15715,2309,244,'Revati Pawar has been assigned to lead','',5,'2024-08-06 07:06:32'),(15716,2295,244,'Revati Pawar update status to <strong>Talk Done</strong>','6/8 disconnect the call ',3,'2024-08-06 07:08:15'),(15717,2295,244,'Revati Pawar has been assigned to lead','',3,'2024-08-06 07:08:15'),(15718,2294,244,'Revati Pawar update status to <strong>Ringing</strong>','6/8 busy on another call ',4,'2024-08-06 07:13:36'),(15719,2294,244,'Revati Pawar has been assigned to lead','',4,'2024-08-06 07:13:36'),(15720,2275,244,'Revati Pawar update status to <strong>Ringing</strong>','6/8 ringing twice, msg drop ',4,'2024-08-06 07:17:11'),(15721,2275,244,'Revati Pawar has been assigned to lead','',4,'2024-08-06 07:17:11'),(15722,2265,244,'Revati Pawar update status to <strong>Ringing</strong>','6/8 ringing twice ',4,'2024-08-06 07:25:16'),(15723,2265,244,'Revati Pawar has been assigned to lead','',4,'2024-08-06 07:25:16'),(15724,2264,244,'Revati Pawar update status to <strong>Ringing</strong>','6/8 busy on another call ',4,'2024-08-06 07:34:18'),(15725,2264,244,'Revati Pawar has been assigned to lead','',4,'2024-08-06 07:34:19'),(15726,2262,244,'Revati Pawar update status to <strong>Ringing</strong>','6/8 ringing twice ',4,'2024-08-06 07:58:35'),(15727,2262,244,'Revati Pawar has been assigned to lead','',4,'2024-08-06 07:58:35'),(15728,2261,244,'Revati Pawar update status to <strong>Ringing</strong>','6/8 ringing twice ',4,'2024-08-06 08:02:48'),(15729,2261,244,'Revati Pawar has been assigned to lead','',4,'2024-08-06 08:02:48'),(15730,2260,244,'Revati Pawar update status to <strong>Ringing</strong>','6/8 ringing twice ',4,'2024-08-06 08:03:53'),(15731,2260,244,'Revati Pawar has been assigned to lead','',4,'2024-08-06 08:03:53'),(15732,2257,244,'Revati Pawar update status to <strong>Not Interested</strong>','6/8 Akanksha n- cross call Housiey- no requirement ',11,'2024-08-06 08:05:28'),(15733,2214,244,'Revati Pawar update status to <strong>Not Reachable</strong>','6/8 disconnect the call ',5,'2024-08-06 08:07:21'),(15734,2214,244,'Revati Pawar has been assigned to lead','',5,'2024-08-06 08:07:21'),(15735,2376,241,'Juhi Singh update status to <strong>Ringing</strong>','Ringing twice ,msg dropped ',4,'2024-08-06 08:09:05'),(15736,2396,241,'Juhi Singh update status to <strong>Ringing</strong>','Ringing twice , call Rejected ',4,'2024-08-06 08:10:38'),(15737,2208,244,'Revati Pawar update status to <strong>Not Reachable</strong>','6/8 Rushikesh n- ringing twice ',5,'2024-08-06 08:12:08'),(15738,2208,244,'Revati Pawar has been assigned to lead','',5,'2024-08-06 08:12:08'),(15739,2371,241,'Juhi Singh update status to <strong>Ringing</strong>','Call Rejected twice ,not active on WhatsApp ',4,'2024-08-06 08:12:10'),(15740,2186,244,'Revati Pawar update status to <strong>Ringing</strong>','6/8 ringing twice ',4,'2024-08-06 08:13:35'),(15741,2186,244,'Revati Pawar has been assigned to lead','',4,'2024-08-06 08:13:35'),(15742,2418,241,'Juhi Singh update status to <strong>Ringing</strong>','Call not connected twice , msg dropped on nrml text\nContact not on whatsapp ',4,'2024-08-06 08:15:18'),(15743,2412,241,'Juhi Singh update status to <strong>Interested</strong>','Reverted asking more details of 3 bhk on WhatsApp, pinged him on WhatsApp ',7,'2024-08-06 08:16:09'),(15744,2181,244,'Revati Pawar update status to <strong>Ringing</strong>','6/8 not connected ',4,'2024-08-06 08:17:08'),(15745,2181,244,'Revati Pawar has been assigned to lead','',4,'2024-08-06 08:17:08'),(15746,2146,244,'Revati Pawar update status to <strong>Not Interested</strong>','6/8 Rushikesh n- cross call Housiey- no requirement ',11,'2024-08-06 08:18:30'),(15747,2408,241,'Juhi Singh update status to <strong>Not Reachable</strong>','Revati : disconnected the call twice ',5,'2024-08-06 08:18:48'),(15748,2059,244,'Revati Pawar update status to <strong>Interested</strong>','6/8 call forwarding ',7,'2024-08-06 08:19:49'),(15749,2059,244,'Revati Pawar has been assigned to lead','',7,'2024-08-06 08:19:49'),(15750,2405,241,'Juhi Singh update status to <strong>Interested</strong>','Ringing twice ,msg dropped',7,'2024-08-06 08:20:02'),(15751,2057,244,'Revati Pawar update status to <strong>Ringing</strong>','6/8 Rushikesh n- disconnect the call ',4,'2024-08-06 08:20:38'),(15752,2057,244,'Revati Pawar has been assigned to lead','',4,'2024-08-06 08:20:38'),(15753,2046,244,'Revati Pawar update status to <strong>Ringing</strong>','6/8 ringing twice ',4,'2024-08-06 08:21:38'),(15754,2046,244,'Revati Pawar has been assigned to lead','',4,'2024-08-06 08:21:38'),(15755,2044,244,'Revati Pawar update status to <strong>Not Interested</strong>','6/8 Rushikesh n- cross call PC- no requirement ',11,'2024-08-06 08:22:29'),(15756,2421,244,'Revati Pawar update status to <strong>Interested</strong>','6/8 msg drop on wtsp ',7,'2024-08-06 08:24:56'),(15757,2421,244,'Revati Pawar has been assigned to lead','',7,'2024-08-06 08:24:56'),(15758,2032,244,'Revati Pawar update status to <strong>Ringing</strong>','6/8 disconnect the call ',4,'2024-08-06 09:51:48'),(15759,2032,244,'Revati Pawar has been assigned to lead','',4,'2024-08-06 09:51:48'),(15760,2025,244,'Revati Pawar update status to <strong>Ringing</strong>','6/8 ringing ',4,'2024-08-06 09:53:38'),(15761,2025,244,'Revati Pawar has been assigned to lead','',4,'2024-08-06 09:53:38'),(15762,2017,244,'Revati Pawar update status to <strong>Not Interested</strong>','6/8 Rahul n- cross call PC- not looking at any property ',11,'2024-08-06 09:54:59'),(15763,2016,244,'Revati Pawar update status to <strong>Not Reachable</strong>','6/8 cross call PC- no requirement as of now ',5,'2024-08-06 09:56:16'),(15764,2016,244,'Revati Pawar has been assigned to lead','',5,'2024-08-06 09:56:16'),(15765,2008,244,'Revati Pawar update status to <strong>Not Interested</strong>','6/8 Rushikesh n- cross call Housiey- no requirement as of now ',11,'2024-08-06 09:58:39'),(15766,1732,244,'Revati Pawar update status to <strong>Ringing</strong>','6/8 Rushikesh n- ringing twice ',4,'2024-08-06 09:59:19'),(15767,1732,244,'Revati Pawar has been assigned to lead','',4,'2024-08-06 09:59:19'),(15768,1723,244,'Revati Pawar update status to <strong>Not Reachable</strong>','6/8 cross call Housiey- not looking at any property ',5,'2024-08-06 10:01:09'),(15769,1723,244,'Revati Pawar has been assigned to lead','',5,'2024-08-06 10:01:09'),(15770,1671,244,'Revati Pawar update status to <strong>Ringing</strong>','6/8 Rahul n- disconnect the call ',4,'2024-08-06 10:01:52'),(15771,1671,244,'Revati Pawar has been assigned to lead','',4,'2024-08-06 10:01:52'),(15772,1631,244,'Revati Pawar update status to <strong>Ringing</strong>','6/8 ringing twice ',4,'2024-08-06 10:03:35'),(15773,1631,244,'Revati Pawar has been assigned to lead','',4,'2024-08-06 10:03:35'),(15774,930,244,'Revati Pawar update status to <strong>Not Reachable</strong>','6/8 Rushikesh n- busy on another call ',5,'2024-08-06 10:04:17'),(15775,930,244,'Revati Pawar has been assigned to lead','',5,'2024-08-06 10:04:17'),(15776,787,244,'Revati Pawar update status to <strong>Not Reachable</strong>','6/8 Rushikesh n- ringing twice ',5,'2024-08-06 10:04:51'),(15777,787,244,'Revati Pawar has been assigned to lead','',5,'2024-08-06 10:04:51'),(15778,544,244,'Revati Pawar update status to <strong>Ringing</strong>','6/8 wtsp- ringing ',4,'2024-08-06 10:05:36'),(15779,544,244,'Revati Pawar has been assigned to lead','',4,'2024-08-06 10:05:36'),(15780,2425,244,'Revati Pawar created new lead','6/8 Mai abhi to koii property nhi dekh raha hu, fir bhi Aap details sent kariye muze agar koii hoga to mai aapka number send karta hu ',1,'2024-08-06 10:11:30'),(15781,2425,244,'Revati Pawar has been assigned to lead','',2,'2024-08-06 10:11:30'),(15782,2426,244,'Revati Pawar created new lead','6/8 wtsp- offline, msg drop ',1,'2024-08-06 10:14:05'),(15783,2426,244,'Revati Pawar has been assigned to lead','',2,'2024-08-06 10:14:05'),(15784,2427,244,'Revati Pawar created new lead','6/8 ringing twice ',1,'2024-08-06 10:15:56'),(15785,2427,244,'Revati Pawar has been assigned to lead','',2,'2024-08-06 10:15:56'),(15786,2428,244,'Revati Pawar created new lead','6/8 not requirement ',1,'2024-08-06 10:17:56'),(15787,2428,244,'Revati Pawar has been assigned to lead','',2,'2024-08-06 10:17:56'),(15788,2429,244,'Revati Pawar created new lead','6/8 disconnect the call ',1,'2024-08-06 10:27:16'),(15789,2429,244,'Revati Pawar has been assigned to lead','',2,'2024-08-06 10:27:16'),(15790,2430,244,'Revati Pawar created new lead','6/8 He is CP working Goyal ganga project ',1,'2024-08-06 10:42:14'),(15791,2430,244,'Revati Pawar has been assigned to lead','',2,'2024-08-06 10:42:14'),(15792,2430,244,'Revati Pawar update status to <strong>Not Reachable</strong>','6/8 He is CP working Goyal ganga project\n\n',5,'2024-08-06 10:42:42'),(15793,2430,244,'Revati Pawar has been assigned to lead','',5,'2024-08-06 10:42:42'),(15794,2431,244,'Revati Pawar created new lead','6/8 not looking at any property ',1,'2024-08-06 10:44:24'),(15795,2431,244,'Revati Pawar has been assigned to lead','',2,'2024-08-06 10:44:24'),(15796,2432,244,'Revati Pawar created new lead','6/8 busy on another call ',1,'2024-08-06 10:46:53'),(15797,2432,244,'Revati Pawar has been assigned to lead','',2,'2024-08-06 10:46:53'),(15798,2433,NULL,'Facebook','Lead Generated From Facebook',2,'2024-08-06 10:48:54'),(15799,2433,241,'Juhi Singh has been assigned to lead','',2,'2024-08-06 10:48:54'),(15800,2434,244,'Revati Pawar created new lead','6/8 ringing twice ',1,'2024-08-06 10:49:43'),(15801,2434,244,'Revati Pawar has been assigned to lead','',2,'2024-08-06 10:49:44'),(15802,2435,244,'Revati Pawar created new lead','6/8 ringing twice ',1,'2024-08-06 10:53:39'),(15803,2435,244,'Revati Pawar has been assigned to lead','',2,'2024-08-06 10:53:39'),(15804,2425,244,'Revati Pawar update status to <strong>Not Reachable</strong>','6/8 Mai abhi to koii property nhi dekh raha hu, fir bhi Aap details sent kariye muze agar koii hoga to mai aapka number send karta hu\n\n',5,'2024-08-06 10:54:10'),(15805,2425,244,'Revati Pawar has been assigned to lead','',5,'2024-08-06 10:54:10'),(15806,2426,244,'Revati Pawar update status to <strong>Ringing</strong>','6/8 wtsp- offline, msg drop\n\n',4,'2024-08-06 10:54:39'),(15807,2426,244,'Revati Pawar has been assigned to lead','',4,'2024-08-06 10:54:39'),(15808,2427,244,'Revati Pawar update status to <strong>Ringing</strong>','6/8 ringing twice\n\n',4,'2024-08-06 10:55:42'),(15809,2427,244,'Revati Pawar has been assigned to lead','',4,'2024-08-06 10:55:42'),(15810,2428,244,'Revati Pawar update status to <strong>Not Reachable</strong>','6/8 not requirement\n\n',5,'2024-08-06 11:10:39'),(15811,2428,244,'Revati Pawar has been assigned to lead','',5,'2024-08-06 11:10:39'),(15812,2429,244,'Revati Pawar update status to <strong>Ringing</strong>','6/8 disconnect the call\n\n',4,'2024-08-06 11:11:19'),(15813,2429,244,'Revati Pawar has been assigned to lead','',4,'2024-08-06 11:11:19'),(15814,2431,244,'Revati Pawar update status to <strong>Ringing</strong>','6/8 not looking at any property\n\n',4,'2024-08-06 11:11:51'),(15815,2431,244,'Revati Pawar has been assigned to lead','',4,'2024-08-06 11:11:51'),(15816,2432,244,'Revati Pawar update status to <strong>Ringing</strong>','6/8 busy on another call\n\n',4,'2024-08-06 11:12:20'),(15817,2432,244,'Revati Pawar has been assigned to lead','',4,'2024-08-06 11:12:20'),(15818,2434,244,'Revati Pawar update status to <strong>Ringing</strong>','6/8 ringing twice\n\n',4,'2024-08-06 11:13:02'),(15819,2434,244,'Revati Pawar has been assigned to lead','',4,'2024-08-06 11:13:02'),(15820,2435,244,'Revati Pawar update status to <strong>Ringing</strong>','6/8 ringing twice\n\n',4,'2024-08-06 11:13:31'),(15821,2435,244,'Revati Pawar has been assigned to lead','',4,'2024-08-06 11:13:31'),(15822,552,244,'Revati Pawar update status to <strong>Ringing</strong>','6/8 ringing twice ',4,'2024-08-06 11:30:37'),(15823,552,244,'Revati Pawar has been assigned to lead','',4,'2024-08-06 11:30:37'),(15824,2404,244,'Revati Pawar update status to <strong>Ringing</strong>','6/8 wtsp- ringing twice, msg drop//5.2pm- wtsp- disconnect the call, msg- can\'t talk now, call me later ',4,'2024-08-06 11:32:51'),(15825,2404,244,'Revati Pawar has been assigned to lead','',4,'2024-08-06 11:32:51'),(15826,2382,244,'Revati Pawar update status to <strong>Ringing</strong>','6/8 wtsp call- ringing ',4,'2024-08-06 11:33:58'),(15827,2382,244,'Revati Pawar has been assigned to lead','',4,'2024-08-06 11:33:58'),(15828,2328,244,'Revati Pawar update status to <strong>Interested</strong>','6/8 disconnect the call, msg drop ',7,'2024-08-06 11:36:40'),(15829,2328,244,'Revati Pawar has been assigned to lead','',7,'2024-08-06 11:36:40'),(15830,2323,244,'Revati Pawar update status to <strong>Interested</strong>','6/8 disconnect the call, msg drop ',7,'2024-08-06 11:44:08'),(15831,2323,244,'Revati Pawar has been assigned to lead','',7,'2024-08-06 11:44:08'),(15832,2320,244,'Revati Pawar update status to <strong>Interested</strong>','6/8 msg drop on wtsp ',7,'2024-08-06 11:48:47'),(15833,2320,244,'Revati Pawar has been assigned to lead','',7,'2024-08-06 11:48:47'),(15834,2300,244,'Revati Pawar update status to <strong>Interested</strong>','5/8 ringing twice ,,,6/8 disconnect the call, msg drop ',7,'2024-08-06 11:49:49'),(15835,2300,244,'Revati Pawar has been assigned to lead','',7,'2024-08-06 11:49:49'),(15836,2436,NULL,'Facebook','Lead Generated From Facebook',2,'2024-08-06 11:55:05'),(15837,2436,242,'Akshay Mahore has been assigned to lead','',2,'2024-08-06 11:55:05'),(15838,2249,244,'Revati Pawar update status to <strong>Not Reachable</strong>','6/8 Rushikesh n- disconnect the call ',5,'2024-08-06 12:00:46'),(15839,2249,244,'Revati Pawar has been assigned to lead','',5,'2024-08-06 12:00:46'),(15840,2144,244,'Revati Pawar update status to <strong>Not Reachable</strong>','6/8 disconnect the call ',5,'2024-08-06 12:05:28'),(15841,2144,244,'Revati Pawar has been assigned to lead','',5,'2024-08-06 12:05:28'),(15842,2437,NULL,'Facebook','Lead Generated From Facebook',2,'2024-08-06 12:11:21'),(15843,2437,244,'Revati Pawar has been assigned to lead','',2,'2024-08-06 12:11:21'),(15844,1985,244,'Revati Pawar update status to <strong>Ringing</strong>','6/8 disconnect the call ',4,'2024-08-06 12:12:13'),(15845,1985,244,'Revati Pawar has been assigned to lead','',4,'2024-08-06 12:12:14'),(15846,2437,244,'Revati Pawar update status to <strong>Ringing</strong>','6/8 ringing twice, msg drop ',4,'2024-08-06 12:16:39'),(15847,2437,244,'Revati Pawar has been assigned to lead','',4,'2024-08-06 12:16:39'),(15848,1738,244,'Revati Pawar update status to <strong>Ringing</strong>','6/8 ringing twice ',4,'2024-08-06 12:18:03'),(15849,1738,244,'Revati Pawar has been assigned to lead','',4,'2024-08-06 12:18:03'),(15850,1718,244,'Revati Pawar update status to <strong>Ringing</strong>','6/8 Rushikesh n- ringing twice ',4,'2024-08-06 12:23:49'),(15851,1718,244,'Revati Pawar has been assigned to lead','',4,'2024-08-06 12:23:49'),(15852,928,244,'Revati Pawar update status to <strong>Not Reachable</strong>','6/8 busy on another call',5,'2024-08-06 12:31:18'),(15853,928,244,'Revati Pawar has been assigned to lead','',5,'2024-08-06 12:31:18'),(15854,884,244,'Revati Pawar update status to <strong>Ringing</strong>','6/8 ringing twice ',4,'2024-08-06 12:42:07'),(15855,884,244,'Revati Pawar has been assigned to lead','',4,'2024-08-06 12:42:07'),(15856,819,244,'Revati Pawar update status to <strong>Ringing</strong>','6/8 switch off ',4,'2024-08-06 12:44:11'),(15857,819,244,'Revati Pawar has been assigned to lead','',4,'2024-08-06 12:44:11'),(15858,557,244,'Revati Pawar update status to <strong>Not Interested</strong>','6/8 Rushikesh n- cross call Housiey- no requirement ',11,'2024-08-06 12:46:03'),(15859,566,244,'Revati Pawar update status to <strong>Ringing</strong>','6/8 ringing twice ',4,'2024-08-06 12:47:26'),(15860,566,244,'Revati Pawar has been assigned to lead','',4,'2024-08-06 12:47:26'),(15861,569,244,'Revati Pawar update status to <strong>Not Reachable</strong>','6/8 Rushikesh n- disconnect the call ',5,'2024-08-06 12:48:49'),(15862,569,244,'Revati Pawar has been assigned to lead','',5,'2024-08-06 12:48:49'),(15863,580,244,'Revati Pawar update status to <strong>Ringing</strong>','6/8 ringing ',4,'2024-08-06 12:49:55'),(15864,580,244,'Revati Pawar has been assigned to lead','',4,'2024-08-06 12:49:55'),(15865,2433,241,'Juhi Singh update status to <strong>Ringing</strong>','Call rejected, msg dropped ',4,'2024-08-06 12:50:04'),(15866,766,244,'Revati Pawar update status to <strong>Ringing</strong>','6/8 Akanksha n- ringing twice ',4,'2024-08-06 12:50:44'),(15867,766,244,'Revati Pawar has been assigned to lead','',4,'2024-08-06 12:50:44'),(15868,584,244,'Revati Pawar update status to <strong>Ringing</strong>','6/8 Akanksha n- cross call Hpusiey- no requirement ',4,'2024-08-06 12:53:24'),(15869,584,244,'Revati Pawar has been assigned to lead','',4,'2024-08-06 12:53:24'),(15870,587,244,'Revati Pawar update status to <strong>Ringing</strong>','6/8 Akanksha n- ringing twice ',4,'2024-08-06 12:54:16'),(15871,587,244,'Revati Pawar has been assigned to lead','',4,'2024-08-06 12:54:16'),(15872,2414,244,'Revati Pawar update status to <strong>Not Reachable</strong>','6/8 already connect with Akshay ',5,'2024-08-06 12:54:46'),(15873,2414,244,'Revati Pawar has been assigned to lead','',5,'2024-08-06 12:54:46'),(15874,364,240,'Adesh Bagul update status to <strong>Ringing</strong>','6/8 Revati- busy on another call ',4,'2024-08-06 12:56:15'),(15875,363,240,'Adesh Bagul update status to <strong>Ringing</strong>','6/8 Revati- busy on another call ',4,'2024-08-06 12:57:05'),(15876,362,240,'Adesh Bagul update status to <strong>Ringing</strong>','6/8 Revati- out off network ',4,'2024-08-06 12:58:00'),(15877,361,240,'Adesh Bagul update status to <strong>Ringing</strong>','6/8 Revati- ringing twice ',4,'2024-08-06 12:59:30'),(15878,359,240,'Adesh Bagul update status to <strong>Ringing</strong>','6/8 call receive and cut call, 2nd call ringing ',4,'2024-08-06 13:01:09'),(15879,358,240,'Adesh Bagul update status to <strong>Ringing</strong>','6/8 Revati- not looking at any property ',4,'2024-08-06 13:03:08'),(15880,357,240,'Adesh Bagul update status to <strong>Ringing</strong>','6/8 Revati- ringing twice ',4,'2024-08-06 13:04:38'),(15881,356,240,'Adesh Bagul update status to <strong>Ringing</strong>','6/8 Revati- ringing twice ',4,'2024-08-06 13:10:43'),(15882,355,240,'Adesh Bagul update status to <strong>Ringing</strong>','6/8 Revati- disconnect the call ',4,'2024-08-06 13:19:55'),(15883,2438,NULL,'Facebook','Lead Generated From Facebook',2,'2024-08-06 13:36:56'),(15884,2438,241,'Juhi Singh has been assigned to lead','',2,'2024-08-06 13:36:56'),(15885,182,241,'Juhi Singh update status to <strong>Ringing</strong>','6/8 Revati- disconnect the call ',4,'2024-08-06 13:38:48'),(15886,440,241,'Juhi Singh update status to <strong>Ringing</strong>','6/8 Revati- ringing twice ',4,'2024-08-06 13:39:59'),(15887,441,241,'Juhi Singh update status to <strong>Ringing</strong>','6/8 Revati- ringing ',4,'2024-08-06 13:40:53'),(15888,442,241,'Juhi Singh update status to <strong>Ringing</strong>','6/8 Revati- disconnect the call ',4,'2024-08-06 13:41:41'),(15889,443,241,'Juhi Singh update status to <strong>Ringing</strong>','6/7 Revati- cross call VTP- no requirement ',4,'2024-08-06 13:43:01'),(15890,470,241,'Juhi Singh update status to <strong>Ringing</strong>','6/8 Revati- ringing,2nd cut call ',4,'2024-08-06 13:43:57'),(15891,473,241,'Juhi Singh update status to <strong>Ringing</strong>','6/8 Revati- busy on another call ',4,'2024-08-06 13:45:44'),(15892,480,241,'Juhi Singh update status to <strong>Ringing</strong>','6/8 Revati- calling from Gera cut call ',4,'2024-08-06 13:46:29'),(15893,483,241,'Juhi Singh update status to <strong>Ringing</strong>','6/8 Revati- cross call VTP- call me Saturday or Sunday ',4,'2024-08-06 13:48:10'),(15894,523,241,'Juhi Singh update status to <strong>Ringing</strong>','6/8 Revati- ringing twice ',4,'2024-08-06 13:49:21'),(15895,524,241,'Juhi Singh update status to <strong>Ringing</strong>','6/8 Revati- busy on another call ',4,'2024-08-06 13:50:40'),(15896,865,241,'Juhi Singh update status to <strong>Ringing</strong>','6/8 Revati- ringing twice ',4,'2024-08-06 13:52:12'),(15897,868,241,'Juhi Singh update status to <strong>Ringing</strong>','6/8 Revati- disconnect the call ',4,'2024-08-06 13:53:01'),(15898,1025,241,'Juhi Singh update status to <strong>Ringing</strong>','6/8 Revati- disconnect the call ',4,'2024-08-06 13:56:39'),(15899,1029,241,'Juhi Singh update status to <strong>Ringing</strong>','6/8 Revati- busy on another call ',4,'2024-08-06 13:57:23'),(15900,2439,NULL,'Facebook','Lead Generated From Facebook',2,'2024-08-06 14:34:33'),(15901,2439,242,'Akshay Mahore has been assigned to lead','',2,'2024-08-06 14:34:34'),(15902,2440,NULL,'Facebook','Lead Generated From Facebook',2,'2024-08-06 16:56:02'),(15903,2440,244,'Revati Pawar has been assigned to lead','',2,'2024-08-06 16:56:02'),(15904,2441,NULL,'Facebook','Lead Generated From Facebook',2,'2024-08-06 17:37:37'),(15905,2441,241,'Juhi Singh has been assigned to lead','',2,'2024-08-06 17:37:37'),(15906,2438,241,'Juhi Singh update status to <strong>Ringing</strong>','Contact not on whatsapp, texted on nrml msg',4,'2024-08-06 20:49:29'),(15907,2441,241,'Juhi Singh update status to <strong>Ringing</strong>','Msg dropped on WhatsApp ',4,'2024-08-06 20:50:10'),(15908,2442,NULL,'Facebook','Lead Generated From Facebook',2,'2024-08-07 02:03:08'),(15909,2442,242,'Akshay Mahore has been assigned to lead','',2,'2024-08-07 02:03:08'),(15910,2440,244,'Revati Pawar update status to <strong>Not Reachable</strong>','7/8 I am not looking for any property ',5,'2024-08-07 04:41:17'),(15911,2440,244,'Revati Pawar has been assigned to lead','',5,'2024-08-07 04:41:17'),(15912,2435,244,'Revati Pawar update status to <strong>Not Reachable</strong>','7/8 not looking at any property ',5,'2024-08-07 04:44:24'),(15913,2435,244,'Revati Pawar has been assigned to lead','',5,'2024-08-07 04:44:24'),(15914,2434,244,'Revati Pawar update status to <strong>Ringing</strong>','7/8 ringing twice ',4,'2024-08-07 04:45:54'),(15915,2434,244,'Revati Pawar has been assigned to lead','',4,'2024-08-07 04:45:54'),(15916,2432,244,'Revati Pawar update status to <strong>Not Reachable</strong>','7/8 not looking at any property ',5,'2024-08-07 04:51:14'),(15917,2432,244,'Revati Pawar has been assigned to lead','',5,'2024-08-07 04:51:14'),(15918,2431,244,'Revati Pawar update status to <strong>Ringing</strong>','7/8 disconnect the call ',4,'2024-08-07 04:56:59'),(15919,2431,244,'Revati Pawar has been assigned to lead','',4,'2024-08-07 04:56:59'),(15920,2429,244,'Revati Pawar update status to <strong>Ringing</strong>','7/8 ringing twice ',4,'2024-08-07 04:58:30'),(15921,2429,244,'Revati Pawar has been assigned to lead','',4,'2024-08-07 04:58:30'),(15922,2428,244,'Revati Pawar update status to <strong>Not Reachable</strong>','7/8 disconnect the call ',5,'2024-08-07 05:00:10'),(15923,2428,244,'Revati Pawar has been assigned to lead','',5,'2024-08-07 05:00:10'),(15924,2427,244,'Revati Pawar update status to <strong>Ringing</strong>','7/8 abhi Mai hospitalized hu so baat nhi kar sakata, hum 2days baad baat karte hai ',4,'2024-08-07 05:02:17'),(15925,2427,244,'Revati Pawar has been assigned to lead','',4,'2024-08-07 05:02:17'),(15926,2425,244,'Revati Pawar update status to <strong>Not Reachable</strong>','7/8 msg drop ',5,'2024-08-07 05:02:58'),(15927,2425,244,'Revati Pawar has been assigned to lead','',5,'2024-08-07 05:02:58'),(15928,2426,244,'Revati Pawar update status to <strong>Ringing</strong>','7/8 wtsp- offline ',4,'2024-08-07 05:05:31'),(15929,2426,244,'Revati Pawar has been assigned to lead','',4,'2024-08-07 05:05:31'),(15930,2424,244,'Revati Pawar update status to <strong>Ringing</strong>','7/8 invalid number ',4,'2024-08-07 05:08:47'),(15931,2424,244,'Revati Pawar has been assigned to lead','',4,'2024-08-07 05:08:47'),(15932,2443,NULL,'Facebook','Lead Generated From Facebook',2,'2024-08-07 05:08:47'),(15933,2443,244,'Revati Pawar has been assigned to lead','',2,'2024-08-07 05:08:47'),(15934,2443,244,'Revati Pawar update status to <strong>Ringing</strong>','7/8 disconnect the call, msg drop//msg on wtsp- 2bhk duplex, Just share on WhatsApp',4,'2024-08-07 05:18:40'),(15935,2443,244,'Revati Pawar has been assigned to lead','',4,'2024-08-07 05:18:40'),(15936,2441,241,'Juhi Singh update status to <strong>Ringing</strong>','reverted need more details \nringing , msg dropped ',4,'2024-08-07 05:22:07'),(15937,2421,244,'Revati Pawar update status to <strong>Interested</strong>','7/8 busy on another call, msg drop ',7,'2024-08-07 05:22:24'),(15938,2421,244,'Revati Pawar has been assigned to lead','',7,'2024-08-07 05:22:24'),(15939,2420,244,'Revati Pawar update status to <strong>Not Reachable</strong>','7/8 disconnect the call ',5,'2024-08-07 05:23:19'),(15940,2420,244,'Revati Pawar has been assigned to lead','',5,'2024-08-07 05:23:19'),(15941,2417,244,'Revati Pawar update status to <strong>Not Reachable</strong>','7/8 invalid number ',5,'2024-08-07 05:24:09'),(15942,2417,244,'Revati Pawar has been assigned to lead','',5,'2024-08-07 05:24:09'),(15943,2411,244,'Revati Pawar update status to <strong>Interested</strong>','7/8 Juhi n- ringing,2nd call disconnect ',7,'2024-08-07 05:27:32'),(15944,2411,244,'Revati Pawar has been assigned to lead','',7,'2024-08-07 05:27:32'),(15945,2442,238,'Srividya Jatragonda update status to <strong>Not Interested</strong>','Assigned to Juhi.',11,'2024-08-07 05:30:15'),(15946,2439,238,'Srividya Jatragonda update status to <strong>Not Interested</strong>','Assigned to REvati.',11,'2024-08-07 05:30:32'),(15947,2444,241,'Juhi Singh created new lead','CNL',1,'2024-08-07 05:30:45'),(15948,2444,241,'Juhi Singh has been assigned to lead','',2,'2024-08-07 05:30:45'),(15949,2445,244,'Revati Pawar created new lead','7/8 invalid number, not active in wtsp',1,'2024-08-07 05:33:45'),(15950,2445,244,'Revati Pawar has been assigned to lead','',2,'2024-08-07 05:33:45'),(15951,2445,244,'Revati Pawar update status to <strong>Not Reachable</strong>','7/8 invalid number, not active in wtsp\n\n',5,'2024-08-07 05:35:39'),(15952,2445,244,'Revati Pawar has been assigned to lead','',5,'2024-08-07 05:35:39'),(15953,2407,244,'Revati Pawar update status to <strong>Talk Done</strong>','7/8 Juhi n- ringing twice ',3,'2024-08-07 05:38:04'),(15954,2407,244,'Revati Pawar has been assigned to lead','',3,'2024-08-07 05:38:04'),(15955,2444,241,'Juhi Singh update status to <strong>Interested</strong>','looking for 2 bhk , currently residing in Nagpur , said you are a cp , details shared with him , will connect on zoom , said will revert you for zoom',7,'2024-08-07 05:43:00'),(15956,2398,244,'Revati Pawar update status to <strong>Interested</strong>','7/8 Juhi n- switch off, wtsp- disconnect the call, msg drop ',7,'2024-08-07 05:44:22'),(15957,2398,244,'Revati Pawar has been assigned to lead','',7,'2024-08-07 05:44:22'),(15958,2391,244,'Revati Pawar update status to <strong>Not Reachable</strong>','7/8 disconnect the call ',5,'2024-08-07 05:44:57'),(15959,2391,244,'Revati Pawar has been assigned to lead','',5,'2024-08-07 05:44:57'),(15960,2430,244,'Revati Pawar update status to <strong>Broker</strong>','7/8 Juhi n- he is CP ',12,'2024-08-07 06:31:25'),(15961,2404,244,'Revati Pawar update status to <strong>Ringing</strong>','7/8 Srividya ma\'am n- switch off ',4,'2024-08-07 06:32:32'),(15962,2404,244,'Revati Pawar has been assigned to lead','',4,'2024-08-07 06:32:32'),(15963,2388,244,'Revati Pawar update status to <strong>Not Reachable</strong>','7/8 Srividya ma\'am n- cross call VTP- not looking property now ',5,'2024-08-07 06:33:38'),(15964,2388,244,'Revati Pawar has been assigned to lead','',5,'2024-08-07 06:33:38'),(15965,2379,244,'Revati Pawar update status to <strong>Not Reachable</strong>','7/8 Srividya ma\'am n- switch off ',5,'2024-08-07 06:34:54'),(15966,2379,244,'Revati Pawar has been assigned to lead','',5,'2024-08-07 06:34:54'),(15967,2358,244,'Revati Pawar update status to <strong>Ringing</strong>','7/8 Srividya ma\'am n- disconnect the call, msg drop ',4,'2024-08-07 06:35:48'),(15968,2358,244,'Revati Pawar has been assigned to lead','',4,'2024-08-07 06:35:48'),(15969,2348,244,'Revati Pawar update status to <strong>Not Reachable</strong>','7/8 Srividya ma\'am n- cross call Saheel- no requirement ',5,'2024-08-07 06:39:11'),(15970,2348,244,'Revati Pawar has been assigned to lead','',5,'2024-08-07 06:39:11'),(15971,2346,244,'Revati Pawar update status to <strong>Not Interested</strong>','7/8 Srividya ma\'am n- cross call Housiey- no requirement ',11,'2024-08-07 06:40:02'),(15972,2322,244,'Revati Pawar update status to <strong>Not Reachable</strong>','7/8 Srividya ma\'am n- cross call Housiey- not looking property ',5,'2024-08-07 06:41:58'),(15973,2322,244,'Revati Pawar has been assigned to lead','',5,'2024-08-07 06:41:58'),(15974,2308,244,'Revati Pawar update status to <strong>Not Reachable</strong>','7/8 Srividya ma\'am n- out off network ',5,'2024-08-07 06:42:57'),(15975,2308,244,'Revati Pawar has been assigned to lead','',5,'2024-08-07 06:42:57'),(15976,2293,244,'Revati Pawar update status to <strong>Not Interested</strong>','7/8 already VC done by Juhi \n',11,'2024-08-07 06:44:21'),(15977,2255,244,'Revati Pawar update status to <strong>Ringing</strong>','7/8 Srividya ma\'am n- disconnect the call ',4,'2024-08-07 06:45:20'),(15978,2255,244,'Revati Pawar has been assigned to lead','',4,'2024-08-07 06:45:20'),(15979,2250,244,'Revati Pawar update status to <strong>Ringing</strong>','7/8 Srividya ma\'am n- disconnect the call ',4,'2024-08-07 06:50:28'),(15980,2250,244,'Revati Pawar has been assigned to lead','',4,'2024-08-07 06:50:28'),(15981,2249,244,'Revati Pawar update status to <strong>Not Reachable</strong>','7/8 Srividya ma\'am n- cross call VTP- no requirement ',5,'2024-08-07 06:51:53'),(15982,2249,244,'Revati Pawar has been assigned to lead','',5,'2024-08-07 06:51:53'),(15983,2215,244,'Revati Pawar update status to <strong>Ringing</strong>','7/8 Srividya ma\'am n- disconnect the call ',4,'2024-08-07 06:52:56'),(15984,2215,244,'Revati Pawar has been assigned to lead','',4,'2024-08-07 06:52:56'),(15985,2213,244,'Revati Pawar update status to <strong>Not Reachable</strong>','7/8 Srividya ma\'am n- cross call VTP- no requirement ',5,'2024-08-07 06:55:07'),(15986,2213,244,'Revati Pawar has been assigned to lead','',5,'2024-08-07 06:55:07'),(15987,2055,244,'Revati Pawar update status to <strong>Ringing</strong>','7/8 Srividya ma\'am n- disconnect the call ',4,'2024-08-07 06:56:21'),(15988,2055,244,'Revati Pawar has been assigned to lead','',4,'2024-08-07 06:56:21'),(15989,2446,244,'Revati Pawar created new lead','7/8 Looking 2bhk, budget not disclose, stay in Kharadi, looking as in investment purpose, explain about processes and payment scheme, he asked send me the details, I\'ll revert back for OBM, details send, Tomorrow 2pm to 2.30pm meeting karate hai ',1,'2024-08-07 07:12:43'),(15990,2446,244,'Revati Pawar has been assigned to lead','',2,'2024-08-07 07:12:43'),(15991,2446,244,'Revati Pawar update status to <strong>Interested</strong>','7/8 Looking 2bhk, budget not disclose, stay in Kharadi, looking as in investment purpose, explain about processes and payment scheme, he asked send me the details, I\'ll revert back for OBM, details send, Tomorrow 2pm to 2.30pm meeting karate hai\n\n',7,'2024-08-07 07:13:16'),(15992,2446,244,'Revati Pawar has been assigned to lead','',7,'2024-08-07 07:13:16'),(15993,2042,244,'Revati Pawar update status to <strong>Not Interested</strong>','7/8 Srividya ma\'am n- cross call VTP- no requirement ',11,'2024-08-07 07:19:23'),(15994,2033,244,'Revati Pawar update status to <strong>Not Reachable</strong>','7/8 Srividya ma\'am n- ringing twice ',5,'2024-08-07 07:20:31'),(15995,2033,244,'Revati Pawar has been assigned to lead','',5,'2024-08-07 07:20:31'),(15996,2032,244,'Revati Pawar update status to <strong>Ringing</strong>','7/8 ringing twice ',4,'2024-08-07 07:22:10'),(15997,2032,244,'Revati Pawar has been assigned to lead','',4,'2024-08-07 07:22:10'),(15998,2031,244,'Revati Pawar update status to <strong>Ringing</strong>','7/8 Srividya ma\'am n- wtsp- offline ',4,'2024-08-07 07:35:39'),(15999,2031,244,'Revati Pawar has been assigned to lead','',4,'2024-08-07 07:35:39'),(16000,2048,244,'Revati Pawar update status to <strong>Ringing</strong>','7/8 Srividya ma\'am n- ringing twice ',4,'2024-08-07 07:38:20'),(16001,2048,244,'Revati Pawar has been assigned to lead','',4,'2024-08-07 07:38:20'),(16002,2028,244,'Revati Pawar update status to <strong>Ringing</strong>','7/8 Srividya ma\'am n- ringing twice ',4,'2024-08-07 07:41:22'),(16003,2028,244,'Revati Pawar has been assigned to lead','',4,'2024-08-07 07:41:22'),(16004,2447,241,'Juhi Singh created new lead','CNL',1,'2024-08-07 07:42:44'),(16005,2447,241,'Juhi Singh has been assigned to lead','',2,'2024-08-07 07:42:44'),(16006,2447,241,'Juhi Singh update status to <strong>Not Reachable</strong>','No requirement \nClicked by mistake',5,'2024-08-07 07:43:10'),(16007,483,241,'Juhi Singh update status to <strong>Ringing</strong>','call not connected , not active on WA , msg dropped',4,'2024-08-07 07:44:21'),(16008,2441,241,'Juhi Singh update status to <strong>Ringing</strong>','call rejected',4,'2024-08-07 07:45:10'),(16009,2412,241,'Juhi Singh update status to <strong>Interested</strong>','msg dropped',7,'2024-08-07 07:45:54'),(16010,865,241,'Juhi Singh update status to <strong>Ringing</strong>','call rejecetd , msg dropped',4,'2024-08-07 07:46:48'),(16011,1984,244,'Revati Pawar update status to <strong>Ringing</strong>','7/8 Srividya ma\'am n- disconnect the call ',4,'2024-08-07 07:48:31'),(16012,1984,244,'Revati Pawar has been assigned to lead','',4,'2024-08-07 07:48:31'),(16013,1756,244,'Revati Pawar update status to <strong>Ringing</strong>','7/8 Srividya ma\'am n- disconect the call ',4,'2024-08-07 07:50:01'),(16014,1756,244,'Revati Pawar has been assigned to lead','',4,'2024-08-07 07:50:01'),(16015,1740,244,'Revati Pawar update status to <strong>Ringing</strong>','7/8 Srividya ma\'am n- ringing twice ',4,'2024-08-07 07:51:48'),(16016,1740,244,'Revati Pawar has been assigned to lead','',4,'2024-08-07 07:51:48'),(16017,1739,244,'Revati Pawar update status to <strong>Ringing</strong>','7/8 Srividya ma\'am n- ringing twice ',4,'2024-08-07 07:53:12'),(16018,1739,244,'Revati Pawar has been assigned to lead','',4,'2024-08-07 07:53:12'),(16019,2438,241,'Juhi Singh update status to <strong>Ringing</strong>','invalid number',4,'2024-08-07 07:53:53'),(16020,2433,241,'Juhi Singh update status to <strong>Ringing</strong>','call rejected , msg dropped',4,'2024-08-07 07:54:49'),(16021,1738,244,'Revati Pawar update status to <strong>Ringing</strong>','7/8 Srividya ma\'am n- ringing twice ',4,'2024-08-07 07:54:50'),(16022,1738,244,'Revati Pawar has been assigned to lead','',4,'2024-08-07 07:54:51'),(16023,1718,244,'Revati Pawar update status to <strong>Ringing</strong>','7/8 Srividya ma\'am n- ringing twice ',4,'2024-08-07 07:57:50'),(16024,1718,244,'Revati Pawar has been assigned to lead','',4,'2024-08-07 07:57:50'),(16025,1709,244,'Revati Pawar update status to <strong>Ringing</strong>','7/8 Srividya ma\'am n- ringing twice ',4,'2024-08-07 07:59:37'),(16026,1709,244,'Revati Pawar has been assigned to lead','',4,'2024-08-07 07:59:37'),(16027,1677,244,'Revati Pawar update status to <strong>Not Interested</strong>','7/8 Srividya ma\'am n- cross call Saheel- no requirement ',11,'2024-08-07 08:01:02'),(16028,1669,244,'Revati Pawar update status to <strong>Ringing</strong>','7/8 Srividya ma\'am n- disconnect the call ',4,'2024-08-07 08:06:37'),(16029,1669,244,'Revati Pawar has been assigned to lead','',4,'2024-08-07 08:06:37'),(16030,971,244,'Revati Pawar update status to <strong>Ringing</strong>','7/8 Srividya ma\'am n- ringing twice ',4,'2024-08-07 08:07:33'),(16031,971,244,'Revati Pawar has been assigned to lead','',4,'2024-08-07 08:07:33'),(16032,2422,241,'Juhi Singh update status to <strong>Not Interested</strong>','inavlid number ',11,'2024-08-07 08:09:24'),(16033,945,244,'Revati Pawar update status to <strong>Not Reachable</strong>','7/8 Srividya ma\'am n- cross call VTP- no requirement ',5,'2024-08-07 08:14:26'),(16034,945,244,'Revati Pawar has been assigned to lead','',5,'2024-08-07 08:14:26'),(16035,943,244,'Revati Pawar update status to <strong>Not Reachable</strong>','7/8 busy on another call ',5,'2024-08-07 08:15:41'),(16036,943,244,'Revati Pawar has been assigned to lead','',5,'2024-08-07 08:15:41'),(16037,2418,241,'Juhi Singh update status to <strong>Ringing</strong>','call not connected  , not in service',4,'2024-08-07 08:20:05'),(16038,939,244,'Revati Pawar update status to <strong>Ringing</strong>','7/8 ringing twice ',4,'2024-08-07 08:23:47'),(16039,939,244,'Revati Pawar has been assigned to lead','',4,'2024-08-07 08:23:47'),(16040,2448,NULL,'Facebook','Lead Generated From Facebook',2,'2024-08-07 09:34:02'),(16041,2448,241,'Juhi Singh has been assigned to lead','',2,'2024-08-07 09:34:02'),(16042,561,244,'Revati Pawar update status to <strong>Not Reachable</strong>','7/8 Srividya ma\'am n- disconnect the call ',5,'2024-08-07 09:42:58'),(16043,561,244,'Revati Pawar has been assigned to lead','',5,'2024-08-07 09:42:58'),(16044,580,244,'Revati Pawar update status to <strong>Ringing</strong>','7/8 Srividya ma\'am n- cross call Housiey- no requirement ',4,'2024-08-07 09:45:09'),(16045,580,244,'Revati Pawar has been assigned to lead','',4,'2024-08-07 09:45:09'),(16046,587,244,'Revati Pawar update status to <strong>Ringing</strong>','7/8 disconnect the call ',4,'2024-08-07 09:47:18'),(16047,587,244,'Revati Pawar has been assigned to lead','',4,'2024-08-07 09:47:18'),(16048,772,244,'Revati Pawar update status to <strong>Ringing</strong>','7/8 Srividya ma\'am n- cross call PC- not looking at any property ',4,'2024-08-07 09:49:13'),(16049,772,244,'Revati Pawar has been assigned to lead','',4,'2024-08-07 09:49:13'),(16050,885,244,'Revati Pawar update status to <strong>Ringing</strong>','7/8 disconnect the call ',4,'2024-08-07 09:51:46'),(16051,885,244,'Revati Pawar has been assigned to lead','',4,'2024-08-07 09:51:46'),(16052,2398,244,'Revati Pawar update status to <strong>Not Reachable</strong>','7/8 msg on wtsp- Hi Revati , I am not looking for the flat to purchase for now. My plan is changed//Juhi- cross call VTP- Reverted on WhatsApp with details, Call rejected, Said he is not looking for  lease land ',5,'2024-08-07 09:55:31'),(16053,2398,244,'Revati Pawar has been assigned to lead','',5,'2024-08-07 09:55:31'),(16054,932,244,'Revati Pawar update status to <strong>Ringing</strong>','7/8 disconnect the call ',4,'2024-08-07 09:56:29'),(16055,932,244,'Revati Pawar has been assigned to lead','',4,'2024-08-07 09:56:29'),(16056,543,244,'Revati Pawar update status to <strong>Not Interested</strong>','7/8 Srividya ma\'am n- cross call PC- no requirement ',11,'2024-08-07 10:01:43'),(16057,552,244,'Revati Pawar update status to <strong>Ringing</strong>','7/8 ringing twice ',4,'2024-08-07 10:03:20'),(16058,552,244,'Revati Pawar has been assigned to lead','',4,'2024-08-07 10:03:20'),(16059,573,244,'Revati Pawar update status to <strong>Not Reachable</strong>','7/8 Srividya ma\'am n- cross call VTP- no requirement ',5,'2024-08-07 10:07:39'),(16060,573,244,'Revati Pawar has been assigned to lead','',5,'2024-08-07 10:07:39'),(16061,766,244,'Revati Pawar update status to <strong>Ringing</strong>','7/8 ringing twice ',4,'2024-08-07 10:11:45'),(16062,766,244,'Revati Pawar has been assigned to lead','',4,'2024-08-07 10:11:45'),(16063,930,244,'Revati Pawar update status to <strong>Not Reachable</strong>','7/8 disconnect the call ',5,'2024-08-07 10:19:28'),(16064,930,244,'Revati Pawar has been assigned to lead','',5,'2024-08-07 10:19:28'),(16065,935,244,'Revati Pawar update status to <strong>Ringing</strong>','7/8 Wtsp call- offline',4,'2024-08-07 10:22:07'),(16066,935,244,'Revati Pawar has been assigned to lead','',4,'2024-08-07 10:22:07'),(16067,936,244,'Revati Pawar update status to <strong>Ringing</strong>','7/8 wtsp call- offline ',4,'2024-08-07 10:28:06'),(16068,936,244,'Revati Pawar has been assigned to lead','',4,'2024-08-07 10:28:06'),(16069,2448,241,'Juhi Singh update status to <strong>Not Reachable</strong>','No requirement and dropped the call ,msg dropped ',5,'2024-08-07 10:32:28'),(16070,986,244,'Revati Pawar update status to <strong>Ringing</strong>','7/8 out off network ',4,'2024-08-07 10:34:36'),(16071,986,244,'Revati Pawar has been assigned to lead','',4,'2024-08-07 10:34:36'),(16072,2449,NULL,'Facebook','Lead Generated From Facebook',2,'2024-08-07 10:38:28'),(16073,2449,242,'Akshay Mahore has been assigned to lead','',2,'2024-08-07 10:38:28'),(16074,992,244,'Revati Pawar update status to <strong>Ringing</strong>','7/8 ringing twice ',4,'2024-08-07 10:40:05'),(16075,992,244,'Revati Pawar has been assigned to lead','',4,'2024-08-07 10:40:05'),(16076,1035,244,'Revati Pawar update status to <strong>Ringing</strong>','7/8 ringing twice ',4,'2024-08-07 10:41:38'),(16077,1035,244,'Revati Pawar has been assigned to lead','',4,'2024-08-07 10:41:38'),(16078,2450,NULL,'Facebook','Lead Generated From Facebook',2,'2024-08-07 10:43:25'),(16079,2450,244,'Revati Pawar has been assigned to lead','',2,'2024-08-07 10:43:25'),(16080,2450,244,'Revati Pawar update status to <strong>Ringing</strong>','7/8 calling from Gera disconnect the call, 2nd call cut, msg drop ',4,'2024-08-07 11:00:15'),(16081,2450,244,'Revati Pawar has been assigned to lead','',4,'2024-08-07 11:00:15'),(16082,2449,242,'Akshay Mahore update status to <strong>Ringing</strong>','7/8 Revati- not connect, wtsp- offline ',4,'2024-08-07 11:24:22'),(16083,2436,242,'Akshay Mahore update status to <strong>Ringing</strong>','6/8 busy on another call//ringing ,,,7/8 disconnect the call, msg drop ',4,'2024-08-07 11:26:16'),(16084,2437,244,'Revati Pawar update status to <strong>Ringing</strong>','7/8 ringing twice, msg drop ',4,'2024-08-07 11:34:32'),(16085,2437,244,'Revati Pawar has been assigned to lead','',4,'2024-08-07 11:34:32'),(16086,2451,244,'Revati Pawar created new lead','7/8 No requirement, click by mistake',1,'2024-08-07 11:42:57'),(16087,2451,244,'Revati Pawar has been assigned to lead','',2,'2024-08-07 11:42:57'),(16088,2451,244,'Revati Pawar update status to <strong>Not Reachable</strong>','7/8 No requirement, click by mistake\n\n',5,'2024-08-07 11:43:18'),(16089,2451,244,'Revati Pawar has been assigned to lead','',5,'2024-08-07 11:43:18'),(16090,2448,241,'Juhi Singh update status to <strong>Not Reachable</strong>','no requirement , please stop calling',5,'2024-08-07 11:44:10'),(16091,2444,241,'Juhi Singh update status to <strong>Interested</strong>','Revati : ringing,2nd call cut',7,'2024-08-07 11:47:23'),(16092,2441,241,'Juhi Singh update status to <strong>Ringing</strong>','call rejected twice',4,'2024-08-07 11:49:11'),(16093,2433,241,'Juhi Singh update status to <strong>Ringing</strong>','call rejected',4,'2024-08-07 11:50:21'),(16094,2415,241,'Juhi Singh update status to <strong>Not Interested</strong>','invalid',11,'2024-08-07 11:51:15'),(16095,2405,241,'Juhi Singh update status to <strong>Interested</strong>','reverted he will inform accordingly for presentation',7,'2024-08-07 11:53:08'),(16096,2300,244,'Revati Pawar update status to <strong>Interested</strong>','7/8 Juhi n- disconnect the call ',7,'2024-08-07 11:54:53'),(16097,2300,244,'Revati Pawar has been assigned to lead','',7,'2024-08-07 11:54:53'),(16098,1708,244,'Revati Pawar update status to <strong>Ringing</strong>','7/8 ringing twice ',4,'2024-08-07 11:55:55'),(16099,1708,244,'Revati Pawar has been assigned to lead','',4,'2024-08-07 11:55:55'),(16100,1698,244,'Revati Pawar update status to <strong>Ringing</strong>','7/8 Srividya ma\'am n- disconnect the call ',4,'2024-08-07 11:57:44'),(16101,1698,244,'Revati Pawar has been assigned to lead','',4,'2024-08-07 11:57:44'),(16102,1986,244,'Revati Pawar update status to <strong>Ringing</strong>','7/8 busy on another call ',4,'2024-08-07 12:02:35'),(16103,1986,244,'Revati Pawar has been assigned to lead','',4,'2024-08-07 12:02:35'),(16104,1664,244,'Revati Pawar update status to <strong>Ringing</strong>','7/8 busy on another call ',4,'2024-08-07 12:06:13'),(16105,1664,244,'Revati Pawar has been assigned to lead','',4,'2024-08-07 12:06:13'),(16106,2408,241,'Juhi Singh update status to <strong>Ringing</strong>','Revati : busy on another call',4,'2024-08-07 12:06:21'),(16107,2396,241,'Juhi Singh update status to <strong>Ringing</strong>','call rejected  , msg dropped',4,'2024-08-07 12:08:21'),(16108,2389,241,'Juhi Singh update status to <strong>Fake</strong>','invalid number',13,'2024-08-07 12:09:37'),(16109,2384,241,'Juhi Singh update status to <strong>Ringing</strong>','asked to take a confirmation tomorrow for VC in afternoon',4,'2024-08-07 12:11:13'),(16110,2383,241,'Juhi Singh update status to <strong>Not Reachable</strong>','no requirement , please remove the number',5,'2024-08-07 12:17:12'),(16111,2450,244,'Revati Pawar update status to <strong>Interested</strong>','7/8 5.58pm- looking 2bhk, budget 75l, stay in Talegav Dabhade, working location same, looking as in self use, explain all the process, he asked aaj to possible nhi hai Kal Mai aapko time batata hu, Aap Kal 10.30am ko call kariye confirmation keliye, details sent ',7,'2024-08-07 12:41:26'),(16112,2450,244,'Revati Pawar has been assigned to lead','',7,'2024-08-07 12:41:26'),(16113,2377,241,'Juhi Singh update status to <strong>Ringing</strong>','call rejected \nPN : ringing twice',4,'2024-08-07 12:52:08'),(16114,2377,241,'Juhi Singh update status to <strong>Ringing</strong>','no requirement',4,'2024-08-07 12:53:04'),(16115,2452,241,'Juhi Singh created new lead','CNL',1,'2024-08-07 12:55:27'),(16116,2452,241,'Juhi Singh has been assigned to lead','',2,'2024-08-07 12:55:27'),(16117,2443,244,'Revati Pawar update status to <strong>Talk Done</strong>','7/8 6.20pm- Aap muze details send kijiye floor plan, unit plan to hi Mai interested hu, I explain about the process and pre launch so he asked jab aapka Rera Aayega tabhi hum dekhte hai, currently Mai Jalgav Mai hu, aapko jabhi possible hoga tabhi share Karna then aayegi baat karte hai ',3,'2024-08-07 12:55:34'),(16118,2443,244,'Revati Pawar has been assigned to lead','',3,'2024-08-07 12:55:34'),(16119,2452,241,'Juhi Singh update status to <strong>Not Reachable</strong>','He is a kid\nNo requirement',5,'2024-08-07 12:56:38'),(16120,2382,244,'Revati Pawar update status to <strong>Ringing</strong>','7/8 Juhi n- wtsp- offline, msg drop ',4,'2024-08-07 13:00:35'),(16121,2382,244,'Revati Pawar has been assigned to lead','',4,'2024-08-07 13:00:35'),(16122,2372,244,'Revati Pawar update status to <strong>Interested</strong>','7/8 Juhi n- disconnect the call twice ',7,'2024-08-07 13:02:24'),(16123,2372,244,'Revati Pawar has been assigned to lead','',7,'2024-08-07 13:02:24'),(16124,2438,241,'Juhi Singh update status to <strong>Fake</strong>','invalid number',13,'2024-08-07 13:02:34'),(16125,2376,241,'Juhi Singh update status to <strong>Ringing</strong>','ringing twice  , msg dropped ',4,'2024-08-07 13:03:30'),(16126,2345,244,'Revati Pawar update status to <strong>Not Reachable</strong>','7/8 msg on wtsp- Sorry my plan for property purchase is paused due to some unavoidable circumstances. Will let you know if i restart it//6.33pm- Juhi n- ringing twice ',5,'2024-08-07 13:06:49'),(16127,2345,244,'Revati Pawar has been assigned to lead','',5,'2024-08-07 13:06:49'),(16128,2371,241,'Juhi Singh update status to <strong>Not Reachable</strong>','he is doing hello hello , not intrestd ',5,'2024-08-07 13:08:44'),(16129,2328,244,'Revati Pawar update status to <strong>Interested</strong>','7/8 Juhi n- ringing twice ',7,'2024-08-07 13:12:29'),(16130,2328,244,'Revati Pawar has been assigned to lead','',7,'2024-08-07 13:12:29'),(16131,2320,244,'Revati Pawar update status to <strong>Interested</strong>','7/8 msg on wtsp- I will let you know mam by Friday, weekdays Mai possible nhi hai, Friday ko call karo then confirmation deta hu ',7,'2024-08-07 13:14:10'),(16132,2320,244,'Revati Pawar has been assigned to lead','',7,'2024-08-07 13:14:10'),(16133,1631,244,'Revati Pawar update status to <strong>Ringing</strong>','7/8 ringing twice ',4,'2024-08-07 13:14:53'),(16134,1631,244,'Revati Pawar has been assigned to lead','',4,'2024-08-07 13:14:53'),(16135,1041,244,'Revati Pawar update status to <strong>Not Reachable</strong>','7/8 ringing twice ',5,'2024-08-07 13:15:36'),(16136,1041,244,'Revati Pawar has been assigned to lead','',5,'2024-08-07 13:15:36'),(16137,2328,244,'Revati Pawar update status to <strong>Interested</strong>','7/8 6.46pm Juhi- Friday ko connect karo then weekend ka zoom ka batata hu ',7,'2024-08-07 13:17:31'),(16138,2328,244,'Revati Pawar has been assigned to lead','',7,'2024-08-07 13:17:31'),(16139,2315,241,'Juhi Singh update status to <strong>Ringing</strong>','call rejected ',4,'2024-08-07 13:21:00'),(16140,928,244,'Revati Pawar update status to <strong>Not Reachable</strong>','7/8 Srividya ma\'am n- disconnect the call ',5,'2024-08-07 13:21:20'),(16141,928,244,'Revati Pawar has been assigned to lead','',5,'2024-08-07 13:21:20'),(16142,884,244,'Revati Pawar update status to <strong>Ringing</strong>','7/8 ringing twice ',4,'2024-08-07 13:21:55'),(16143,884,244,'Revati Pawar has been assigned to lead','',4,'2024-08-07 13:21:55'),(16144,2304,241,'Juhi Singh update status to <strong>Ringing</strong>','call rejected ,msg dropped ',4,'2024-08-07 13:22:28'),(16145,2291,241,'Juhi Singh update status to <strong>Ringing</strong>','call rejected , ringing',4,'2024-08-07 13:23:23'),(16146,2273,240,'Adesh Bagul update status to <strong>Not Reachable</strong>','7/8 Revati- cross call vtp- no requirement ',5,'2024-08-07 13:23:41'),(16147,2271,240,'Adesh Bagul update status to <strong>Not Reachable</strong>','7/8 Revati- disconnect the call ',5,'2024-08-07 13:24:24'),(16148,2270,240,'Adesh Bagul update status to <strong>Not Reachable</strong>','7/8 Revati- ringing twice ',5,'2024-08-07 13:25:36'),(16149,2297,241,'Juhi Singh update status to <strong>Ringing</strong>','call not connected , ringing twice on WA ,msg dropped ',4,'2024-08-07 13:25:39'),(16150,2253,240,'Adesh Bagul update status to <strong>Not Reachable</strong>','7/8 Revati- ringing twice ',5,'2024-08-07 13:26:40'),(16151,2285,241,'Juhi Singh update status to <strong>Ringing</strong>','ringing twice , msg dropped ',4,'2024-08-07 13:27:42'),(16152,2234,241,'Juhi Singh update status to <strong>Ringing</strong>','call rejected , msg dropped ',4,'2024-08-07 13:32:00'),(16153,2226,241,'Juhi Singh update status to <strong>Ringing</strong>','ringing twice , msg dropped ',4,'2024-08-07 13:33:58'),(16154,2222,240,'Adesh Bagul update status to <strong>Not Reachable</strong>','7/8 Revati- cross call VTP- Mai 1 and 2bhk dekh raha hu, budget 65l-70l, stay in JadhavWadi Chikhali, Aap muze Kal 4pm tak call Karna then mai aapko time batata hu, Mai visit keliye nhi aa sakata because meri tabbiyat thik nahi he ',5,'2024-08-07 13:33:59'),(16155,2224,241,'Juhi Singh update status to <strong>Ringing</strong>','call rjeected',4,'2024-08-07 13:35:57'),(16156,2220,240,'Adesh Bagul update status to <strong>Not Reachable</strong>','7/8 Revati- disconnect the call ',5,'2024-08-07 13:36:10'),(16157,2382,244,'Revati Pawar update status to <strong>Ringing</strong>','7/8 7.11pm- call with Juhi- he asked ma\'am muze abhi utana jaldi nhi hai property Lena ka, Mai next year bhi le sakata hu property, to abhi zoom karke kuch fayada nhi hai, and abhi muze utana time bhi nhi hai, so Aap muze presentation send kijiye then mai aapko batata hu ',4,'2024-08-07 13:44:01'),(16158,2382,244,'Revati Pawar has been assigned to lead','',4,'2024-08-07 13:44:01'),(16159,2453,NULL,'Facebook','Lead Generated From Facebook',2,'2024-08-07 14:02:37'),(16160,2453,241,'Juhi Singh has been assigned to lead','',2,'2024-08-07 14:02:37'),(16161,2454,NULL,'Facebook','Lead Generated From Facebook',2,'2024-08-07 15:25:55'),(16162,2454,242,'Akshay Mahore has been assigned to lead','',2,'2024-08-07 15:25:55'),(16163,2455,NULL,'Facebook','Lead Generated From Facebook',2,'2024-08-07 17:22:56'),(16164,2455,244,'Revati Pawar has been assigned to lead','',2,'2024-08-07 17:22:56'),(16165,2456,NULL,'Facebook','Lead Generated From Facebook',2,'2024-08-07 18:40:42'),(16166,2456,241,'Juhi Singh has been assigned to lead','',2,'2024-08-07 18:40:42'),(16167,2457,NULL,'Facebook','Lead Generated From Facebook',2,'2024-08-08 00:54:12'),(16168,2457,242,'Akshay Mahore has been assigned to lead','',2,'2024-08-08 00:54:12'),(16169,2458,NULL,'Facebook','Lead Generated From Facebook',2,'2024-08-08 02:30:24'),(16170,2458,244,'Revati Pawar has been assigned to lead','',2,'2024-08-08 02:30:24'),(16171,2458,244,'Revati Pawar update status to <strong>Ringing</strong>','8/8 Mai aapko thodi der mai call back karata hu ',4,'2024-08-08 04:39:27'),(16172,2458,244,'Revati Pawar has been assigned to lead','',4,'2024-08-08 04:39:27'),(16173,2455,244,'Revati Pawar update status to <strong>Ringing</strong>','8/8 10.12am ringing twice, msg drop ',4,'2024-08-08 04:43:42'),(16174,2455,244,'Revati Pawar has been assigned to lead','',4,'2024-08-08 04:43:42'),(16175,2451,244,'Revati Pawar update status to <strong>Not Reachable</strong>','8/8 disconnect the call ',5,'2024-08-08 04:50:07'),(16176,2451,244,'Revati Pawar has been assigned to lead','',5,'2024-08-08 04:50:07'),(16177,2446,244,'Revati Pawar update status to <strong>OBM scheduled</strong>','8/8 10.35am- address received, coming around 2.30 to 3pm ',10,'2024-08-08 05:14:06'),(16178,2446,244,'Juhi Singh has been assigned to lead','',10,'2024-08-08 05:14:06'),(16179,2458,244,'Revati Pawar update status to <strong>Ringing</strong>','8/8 11am- ringing twice, msg drop ',4,'2024-08-08 05:41:22'),(16180,2458,244,'Revati Pawar has been assigned to lead','',4,'2024-08-08 05:41:22'),(16181,2455,244,'Revati Pawar update status to <strong>Ringing</strong>','8/8 11.11am- ringing twice',4,'2024-08-08 05:45:11'),(16182,2455,244,'Revati Pawar has been assigned to lead','',4,'2024-08-08 05:45:11'),(16183,2445,244,'Revati Pawar update status to <strong>Not Reachable</strong>','8/8 Shubhangi n- invalid number ',5,'2024-08-08 05:45:45'),(16184,2445,244,'Revati Pawar has been assigned to lead','',5,'2024-08-08 05:45:45'),(16185,2440,244,'Revati Pawar update status to <strong>Not Reachable</strong>','8/8 disconnect the call ',5,'2024-08-08 05:46:36'),(16186,2440,244,'Revati Pawar has been assigned to lead','',5,'2024-08-08 05:46:36'),(16187,2437,244,'Revati Pawar update status to <strong>Ringing</strong>','8/8 switch off ',4,'2024-08-08 05:47:26'),(16188,2437,244,'Revati Pawar has been assigned to lead','',4,'2024-08-08 05:47:26'),(16189,2459,NULL,'Facebook','Lead Generated From Facebook',2,'2024-08-08 05:48:08'),(16190,2459,241,'Juhi Singh has been assigned to lead','',2,'2024-08-08 05:48:08'),(16191,2425,244,'Revati Pawar update status to <strong>Not Reachable</strong>','8/8 ringing twice ',5,'2024-08-08 06:04:27'),(16192,2425,244,'Revati Pawar has been assigned to lead','',5,'2024-08-08 06:04:27'),(16193,2424,244,'Revati Pawar update status to <strong>Ringing</strong>','8/8 Shubhangi n- invalid number ',4,'2024-08-08 06:05:28'),(16194,2424,244,'Revati Pawar has been assigned to lead','',4,'2024-08-08 06:05:28'),(16195,2409,244,'Revati Pawar update status to <strong>Not Reachable</strong>','8/8 Shubhangi n- cross call Saheel - no requirement ',5,'2024-08-08 06:11:18'),(16196,2409,244,'Revati Pawar has been assigned to lead','',5,'2024-08-08 06:11:18'),(16197,2404,244,'Revati Pawar update status to <strong>Ringing</strong>','8/8 msg drop on wtsp ',4,'2024-08-08 06:14:53'),(16198,2404,244,'Revati Pawar has been assigned to lead','',4,'2024-08-08 06:14:54'),(16199,2395,244,'Revati Pawar update status to <strong>Ringing</strong>','8/8 Shubhangi n- ringing twice ',4,'2024-08-08 06:16:33'),(16200,2395,244,'Revati Pawar has been assigned to lead','',4,'2024-08-08 06:16:33'),(16201,2391,244,'Revati Pawar update status to <strong>Not Reachable</strong>','8/8 Shubhangi n- cross call VTP- not looking at any property ',5,'2024-08-08 06:20:16'),(16202,2391,244,'Revati Pawar has been assigned to lead','',5,'2024-08-08 06:20:16'),(16203,2375,244,'Revati Pawar update status to <strong>Not Reachable</strong>','8/8 Shubhangi n- cross call Housiey- not interested ',5,'2024-08-08 06:23:59'),(16204,2375,244,'Revati Pawar has been assigned to lead','',5,'2024-08-08 06:23:59'),(16205,2411,244,'Revati Pawar update status to <strong>Interested</strong>','8/8 Srividya ma\'am n- disconnect the call ',7,'2024-08-08 06:25:47'),(16206,2411,244,'Revati Pawar has been assigned to lead','',7,'2024-08-08 06:25:47'),(16207,2370,244,'Revati Pawar update status to <strong>Not Reachable</strong>','8/8 Shubhangi n- cross call VTP- no requirement ',5,'2024-08-08 06:32:21'),(16208,2370,244,'Revati Pawar has been assigned to lead','',5,'2024-08-08 06:32:21'),(16209,2369,244,'Revati Pawar update status to <strong>Not Reachable</strong>','8/8 Shubhangi n- cross call VTP- no requirement ',5,'2024-08-08 06:35:55'),(16210,2369,244,'Revati Pawar has been assigned to lead','',5,'2024-08-08 06:35:55'),(16211,2368,244,'Revati Pawar update status to <strong>Ringing</strong>','8/8 ringing twice ',4,'2024-08-08 06:39:08'),(16212,2368,244,'Revati Pawar has been assigned to lead','',4,'2024-08-08 06:39:08'),(16213,2365,244,'Revati Pawar update status to <strong>Ringing</strong>','8/8 disconnect the call ',4,'2024-08-08 06:41:26'),(16214,2365,244,'Revati Pawar has been assigned to lead','',4,'2024-08-08 06:41:26'),(16215,2363,244,'Revati Pawar update status to <strong>Not Interested</strong>','8/8 Shubhangi n- cross call Housiey- no requirement ',11,'2024-08-08 06:43:34'),(16216,2362,244,'Revati Pawar update status to <strong>Ringing</strong>','8/8 ringing twice ',4,'2024-08-08 06:53:17'),(16217,2362,244,'Revati Pawar has been assigned to lead','',4,'2024-08-08 06:53:17'),(16218,2356,244,'Revati Pawar update status to <strong>Not Reachable</strong>','8/8 Shubhangi n- ringing twice ',5,'2024-08-08 06:54:34'),(16219,2356,244,'Revati Pawar has been assigned to lead','',5,'2024-08-08 06:54:34'),(16220,2347,244,'Revati Pawar update status to <strong>Talk Done</strong>','8/8 Shubhangi n- ringing twice ',3,'2024-08-08 07:02:20'),(16221,2347,244,'Revati Pawar has been assigned to lead','',3,'2024-08-08 07:02:20'),(16222,2460,244,'Revati Pawar created new lead','8/8 looking 2bhk, budget not disclose, Stay in Ajmera Pimpri, she asked send me the details, l\'ll explain about process, she asked mai Ghar Mai dissuss karke aapko revert back karti hu, details sent \n ',1,'2024-08-08 07:11:40'),(16223,2460,244,'Revati Pawar has been assigned to lead','',2,'2024-08-08 07:11:40'),(16224,2460,244,'Revati Pawar update status to <strong>Interested</strong>','8/8 looking 2bhk, budget not disclose, Stay in Ajmera Pimpri, she asked send me the details, l\'ll explain about process, she asked mai Ghar Mai dissuss karke aapko revert back karti hu, details sent\n\n',7,'2024-08-08 07:12:10'),(16225,2460,244,'Revati Pawar has been assigned to lead','',7,'2024-08-08 07:12:10'),(16226,2459,241,'Juhi Singh update status to <strong>Ringing</strong>','REvati : ringing twice \n\nmsg dropped (Juhi)',4,'2024-08-08 07:14:56'),(16227,2453,241,'Juhi Singh update status to <strong>Ringing</strong>','Revati : mai abhi busy hu aapko baad mai call karta hu ll Said will call back after some time , and will share WhatsApp number , driving right now',4,'2024-08-08 07:18:32'),(16228,2456,241,'Juhi Singh update status to <strong>OBM scheduled</strong>','looking for 2/3 bhk or duplex option as well , resides in Alandi , work location is Hinjewadi phase 3 in KP  (Kaiser Permanente) , will be doing obm at TIP Top ',10,'2024-08-08 07:30:41'),(16229,2456,241,'Juhi Singh has been assigned to lead','',10,'2024-08-08 07:30:41'),(16230,2326,244,'Revati Pawar update status to <strong>Ringing</strong>','8/8 Shubhangi n- ringing twice ',4,'2024-08-08 07:40:54'),(16231,2326,244,'Revati Pawar has been assigned to lead','',4,'2024-08-08 07:40:54'),(16232,2319,244,'Revati Pawar update status to <strong>Ringing</strong>','8/8 Shubhangi n- switch off, number not active in wtsp ',4,'2024-08-08 07:42:30'),(16233,2319,244,'Revati Pawar has been assigned to lead','',4,'2024-08-08 07:42:30'),(16234,2308,244,'Revati Pawar update status to <strong>Not Interested</strong>','8/8 Shubhangi n- cross call Housiey- no requirement ',11,'2024-08-08 07:43:29'),(16235,2300,244,'Revati Pawar update status to <strong>Interested</strong>','8/8 Shubhangi n- disconnect the call ',7,'2024-08-08 07:45:20'),(16236,2300,244,'Revati Pawar has been assigned to lead','',7,'2024-08-08 07:45:20'),(16237,2295,244,'Revati Pawar update status to <strong>Talk Done</strong>','8/8 Shubhangi n- disconnect the call ',3,'2024-08-08 07:51:06'),(16238,2295,244,'Revati Pawar has been assigned to lead','',3,'2024-08-08 07:51:06'),(16239,2294,244,'Revati Pawar update status to <strong>Ringing</strong>','8/8 busy on another call ',4,'2024-08-08 08:00:47'),(16240,2294,244,'Revati Pawar has been assigned to lead','',4,'2024-08-08 08:00:47'),(16241,2275,244,'Revati Pawar update status to <strong>Ringing</strong>','8/8 Shubhangi n- ringing twice ',4,'2024-08-08 08:20:32'),(16242,2275,244,'Revati Pawar has been assigned to lead','',4,'2024-08-08 08:20:32'),(16243,587,244,'Revati Pawar update status to <strong>Ringing</strong>','8/8 Shubhangi n- ringing twice ',4,'2024-08-08 09:51:36'),(16244,587,244,'Revati Pawar has been assigned to lead','',4,'2024-08-08 09:51:36'),(16245,885,244,'Revati Pawar update status to <strong>Ringing</strong>','8/8 Shubhangi n- ringing twice ',4,'2024-08-08 09:52:25'),(16246,885,244,'Revati Pawar has been assigned to lead','',4,'2024-08-08 09:52:25'),(16247,928,244,'Revati Pawar update status to <strong>Not Reachable</strong>','8/8 Shubhangi n- cross call VTP- no requirement ',5,'2024-08-08 09:53:27'),(16248,928,244,'Revati Pawar has been assigned to lead','',5,'2024-08-08 09:53:27'),(16249,932,244,'Revati Pawar update status to <strong>Ringing</strong>','8/8 Shubhangi n- disconnect the call ',4,'2024-08-08 09:55:12'),(16250,932,244,'Revati Pawar has been assigned to lead','',4,'2024-08-08 09:55:12'),(16251,986,244,'Revati Pawar update status to <strong>Ringing</strong>','8/8 ringing twice ',4,'2024-08-08 09:57:14'),(16252,986,244,'Revati Pawar has been assigned to lead','',4,'2024-08-08 09:57:14'),(16253,1671,244,'Revati Pawar update status to <strong>Ringing</strong>','8/8 Shubhangi n- ringing twice ',4,'2024-08-08 09:58:53'),(16254,1671,244,'Revati Pawar has been assigned to lead','',4,'2024-08-08 09:58:53'),(16255,1723,244,'Revati Pawar update status to <strong>Not Reachable</strong>','8/8 Shubhangi n- disconnect the call ',5,'2024-08-08 10:00:31'),(16256,1723,244,'Revati Pawar has been assigned to lead','',5,'2024-08-08 10:00:31'),(16257,1738,244,'Revati Pawar update status to <strong>Ringing</strong>','8/8 ringing ',4,'2024-08-08 10:01:34'),(16258,1738,244,'Revati Pawar has been assigned to lead','',4,'2024-08-08 10:01:34'),(16259,1739,244,'Revati Pawar update status to <strong>Ringing</strong>','8/8 disconnect the call ',4,'2024-08-08 10:03:04'),(16260,1739,244,'Revati Pawar has been assigned to lead','',4,'2024-08-08 10:03:04'),(16261,2046,244,'Revati Pawar update status to <strong>Ringing</strong>','8/8 ringing twice ',4,'2024-08-08 10:04:19'),(16262,2046,244,'Revati Pawar has been assigned to lead','',4,'2024-08-08 10:04:19'),(16263,2057,244,'Revati Pawar update status to <strong>Ringing</strong>','8/8 disconnect the call ',4,'2024-08-08 10:06:03'),(16264,2057,244,'Revati Pawar has been assigned to lead','',4,'2024-08-08 10:06:03'),(16265,2059,244,'Revati Pawar update status to <strong>Ringing</strong>','8/8 Shubhangi n- call forwarding',4,'2024-08-08 10:11:36'),(16266,2059,244,'Revati Pawar has been assigned to lead','',4,'2024-08-08 10:11:36'),(16267,2454,242,'Akshay Mahore update status to <strong>Talk Done</strong>','Looking for 2 bhk duplex budget will be 90 L said i don\'t want presentaion and im looking for nearing possesion in 2 years  , share the details if you can otherwise not needed ',3,'2024-08-08 10:18:16'),(16268,2181,244,'Revati Pawar update status to <strong>Ringing</strong>','8/8 Shubhangi n- wtsp- offline ',4,'2024-08-08 10:18:38'),(16269,2181,244,'Revati Pawar has been assigned to lead','',4,'2024-08-08 10:18:38'),(16270,2186,244,'Revati Pawar update status to <strong>Ringing</strong>','8/8 ringing twice ',4,'2024-08-08 10:19:24'),(16271,2186,244,'Revati Pawar has been assigned to lead','',4,'2024-08-08 10:19:24'),(16272,2214,244,'Revati Pawar update status to <strong>Not Reachable</strong>','8/8 ringing twice ',5,'2024-08-08 10:20:15'),(16273,2214,244,'Revati Pawar has been assigned to lead','',5,'2024-08-08 10:20:15'),(16274,2260,244,'Revati Pawar update status to <strong>Ringing</strong>','8/8 ringing twice ',4,'2024-08-08 10:21:19'),(16275,2260,244,'Revati Pawar has been assigned to lead','',4,'2024-08-08 10:21:19'),(16276,2261,244,'Revati Pawar update status to <strong>Ringing</strong>','8/8 Shubhangi n- ringing twice ',4,'2024-08-08 10:21:53'),(16277,2261,244,'Revati Pawar has been assigned to lead','',4,'2024-08-08 10:21:53'),(16278,2265,244,'Revati Pawar update status to <strong>Ringing</strong>','8/8 Shubhangi n- ringing twice ',4,'2024-08-08 10:22:22'),(16279,2265,244,'Revati Pawar has been assigned to lead','',4,'2024-08-08 10:22:22'),(16280,2450,244,'Revati Pawar update status to <strong>Interested</strong>','8/8 10.22am- ringing twice, msg drop// 11.20am- ringing twice ',7,'2024-08-08 10:23:30'),(16281,2450,244,'Revati Pawar has been assigned to lead','',7,'2024-08-08 10:23:30'),(16282,2459,241,'Juhi Singh update status to <strong>Ringing</strong>','8/8 Revati- disconnect the call ',4,'2024-08-08 10:35:29'),(16283,2418,241,'Juhi Singh update status to <strong>Ringing</strong>','8/8 Revati- not connected, no. not in wtsp ',4,'2024-08-08 10:40:23'),(16284,2396,241,'Juhi Singh update status to <strong>Ringing</strong>','8/8 Revati- ringing twice ',4,'2024-08-08 10:42:38'),(16285,2457,242,'Akshay Mahore update status to <strong>Talk Done</strong>','looking for 2 bhk budgte will be 90 L said we are looking near baner location as my office is near baner , alrady did token in elevate some weeks befour  , not intrested in phase 3  , explained him about gera said share the details will let you know',3,'2024-08-08 10:43:34'),(16286,2384,241,'Juhi Singh update status to <strong>Ringing</strong>','8/8 Revati- out off network ',4,'2024-08-08 10:49:54'),(16287,2158,241,'Juhi Singh update status to <strong>Ringing</strong>','8/8 Revati- busy on another call ',4,'2024-08-08 10:51:53'),(16288,2377,241,'Juhi Singh update status to <strong>Ringing</strong>','8/8 Revati- out off network ',4,'2024-08-08 10:54:41'),(16289,2376,241,'Juhi Singh update status to <strong>Ringing</strong>','8/8 Revati- ringing twice ',4,'2024-08-08 10:58:00'),(16290,483,241,'Juhi Singh update status to <strong>Ringing</strong>','8/9 Revati- ringing twice ',4,'2024-08-08 11:00:58'),(16291,2315,241,'Juhi Singh update status to <strong>Ringing</strong>','8/8 Revati- ringing twice ',4,'2024-08-08 11:11:01'),(16292,2449,242,'Akshay Mahore update status to <strong>Ringing</strong>','CAll disconnected msg dropped ',4,'2024-08-08 11:11:24'),(16293,2360,241,'Juhi Singh update status to <strong>Ringing</strong>','8/8 Revati- ringing twice ',4,'2024-08-08 11:13:31'),(16294,2297,241,'Juhi Singh update status to <strong>Ringing</strong>','8/8 Revati- wtsp- offline ',4,'2024-08-08 11:23:27'),(16295,2423,242,'Akshay Mahore update status to <strong>Not Reachable</strong>','Clicked by mistake , not looking for property ',5,'2024-08-08 11:25:02'),(16296,1038,241,'Juhi Singh update status to <strong>Ringing</strong>','8/8 Revati- ringing twice ',4,'2024-08-08 11:25:04'),(16297,1645,241,'Juhi Singh update status to <strong>Ringing</strong>','8/8 Revati- disconnect the call ',4,'2024-08-08 11:27:05'),(16298,2416,242,'Akshay Mahore update status to <strong>Not Reachable</strong>','Shubhangi -  Called from vtp - not looking for property',5,'2024-08-08 11:28:12'),(16299,2413,242,'Akshay Mahore update status to <strong>Ringing</strong>','Ringing on whats app ',4,'2024-08-08 11:32:07'),(16300,2410,242,'Akshay Mahore update status to <strong>Ringing</strong>','Invalid number , offline on whats app msg dropped',4,'2024-08-08 11:33:53'),(16301,2403,242,'Akshay Mahore update status to <strong>Talk Done</strong>','Ringing twice ',3,'2024-08-08 11:35:30'),(16302,2402,242,'Akshay Mahore update status to <strong>Ringing</strong>','Looking for  property , said will call back later im busy , will call by myself ',4,'2024-08-08 11:41:55'),(16303,566,244,'Revati Pawar update status to <strong>Ringing</strong>','8/8 disconnect the call ',4,'2024-08-08 11:42:33'),(16304,566,244,'Revati Pawar has been assigned to lead','',4,'2024-08-08 11:42:33'),(16305,2401,242,'Akshay Mahore update status to <strong>Not Reachable</strong>','Shubhangi - Not looking fro property ',5,'2024-08-08 11:44:43'),(16306,1732,244,'Revati Pawar update status to <strong>Ringing</strong>','8/8 Shubhangi n- busy on another call ',4,'2024-08-08 11:46:54'),(16307,1732,244,'Revati Pawar has been assigned to lead','',4,'2024-08-08 11:46:54'),(16308,1740,244,'Revati Pawar update status to <strong>Ringing</strong>','8/8 disconnect the call ',4,'2024-08-08 11:48:17'),(16309,1740,244,'Revati Pawar has been assigned to lead','',4,'2024-08-08 11:48:17'),(16310,1986,244,'Revati Pawar update status to <strong>Ringing</strong>','8/8 Shubhangi n- ringing twice ',4,'2024-08-08 11:57:07'),(16311,1986,244,'Revati Pawar has been assigned to lead','',4,'2024-08-08 11:57:07'),(16312,2400,242,'Akshay Mahore update status to <strong>Ringing</strong>','Ringing twice ',4,'2024-08-08 11:59:37'),(16313,2458,244,'Revati Pawar update status to <strong>Ringing</strong>','8/8 5.28pm- Mai abhi drive kar raha hu, Mai Ghar pohoch kar aapko call karata hu ',4,'2024-08-08 12:00:07'),(16314,2458,244,'Revati Pawar has been assigned to lead','',4,'2024-08-08 12:00:07'),(16315,2461,NULL,'Facebook','Lead Generated From Facebook',2,'2024-08-08 12:30:23'),(16316,2461,242,'Akshay Mahore has been assigned to lead','',2,'2024-08-08 12:30:23'),(16317,2455,244,'Revati Pawar update status to <strong>Ringing</strong>','8/8 5.30pm- busy on another call // 6.15pm- ringing twice ',4,'2024-08-08 12:45:38'),(16318,2455,244,'Revati Pawar has been assigned to lead','',4,'2024-08-08 12:45:38'),(16319,2421,244,'Revati Pawar update status to <strong>Interested</strong>','8/8 out off network ',7,'2024-08-08 12:46:42'),(16320,2421,244,'Revati Pawar has been assigned to lead','',7,'2024-08-08 12:46:42'),(16321,2399,242,'Akshay Mahore update status to <strong>Ringing</strong>','Rining twice ',4,'2024-08-08 12:47:58'),(16322,2372,244,'Revati Pawar update status to <strong>Interested</strong>','8/8 ringing twice, msg drop ',7,'2024-08-08 12:49:25'),(16323,2372,244,'Revati Pawar has been assigned to lead','',7,'2024-08-08 12:49:25'),(16324,2334,244,'Revati Pawar update status to <strong>Not Reachable</strong>','8/8 Shubhangi n- ringing twice ',5,'2024-08-08 12:49:58'),(16325,2334,244,'Revati Pawar has been assigned to lead','',5,'2024-08-08 12:49:58'),(16326,2310,244,'Revati Pawar update status to <strong>Not Reachable</strong>','8/8 Shubhangi n- cross call VTP- no requirement ',5,'2024-08-08 12:50:44'),(16327,2310,244,'Revati Pawar has been assigned to lead','',5,'2024-08-08 12:50:44'),(16328,2309,244,'Revati Pawar update status to <strong>Not Reachable</strong>','8/8 Juhi n- ringing twice ',5,'2024-08-08 12:51:56'),(16329,2309,244,'Revati Pawar has been assigned to lead','',5,'2024-08-08 12:51:56'),(16330,2264,244,'Revati Pawar update status to <strong>Ringing</strong>','8/8 out off network ',4,'2024-08-08 12:53:09'),(16331,2264,244,'Revati Pawar has been assigned to lead','',4,'2024-08-08 12:53:09'),(16332,2262,244,'Revati Pawar update status to <strong>Ringing</strong>','8/8 ringing twice ',4,'2024-08-08 12:54:04'),(16333,2262,244,'Revati Pawar has been assigned to lead','',4,'2024-08-08 12:54:04'),(16334,2025,244,'Revati Pawar update status to <strong>Ringing</strong>','8/8 Juhi n- ringing twice ',4,'2024-08-08 12:54:39'),(16335,2025,244,'Revati Pawar has been assigned to lead','',4,'2024-08-08 12:54:39'),(16336,2208,244,'Revati Pawar update status to <strong>Not Reachable</strong>','8/8 Shubhangi n- cross call Housiey- no requirement ',5,'2024-08-08 12:55:23'),(16337,2208,244,'Revati Pawar has been assigned to lead','',5,'2024-08-08 12:55:23'),(16338,2461,242,'Akshay Mahore update status to <strong>VC scheduled</strong>','Looking for 3 bhk budget will be 1.25 cr , currently in aurangabad , said we can connect in vc ',9,'2024-08-08 12:56:36'),(16339,2461,242,'Akshay Mahore has been assigned to lead','',9,'2024-08-08 12:56:36'),(16340,2443,244,'Revati Pawar update status to <strong>Talk Done</strong>','8/8 Juhi n- disconnect the call ',3,'2024-08-08 12:57:04'),(16341,2443,244,'Revati Pawar has been assigned to lead','',3,'2024-08-08 12:57:04'),(16342,2219,241,'Juhi Singh update status to <strong>Ringing</strong>','call rejected',4,'2024-08-08 12:58:11'),(16343,2218,241,'Juhi Singh update status to <strong>Ringing</strong>','msg dropped',4,'2024-08-08 13:11:08'),(16344,2458,244,'Revati Pawar update status to <strong>Ringing</strong>','8/8 6.27pm- busy on another call //6.41pm- ringing twice ',4,'2024-08-08 13:12:04'),(16345,2458,244,'Revati Pawar has been assigned to lead','',4,'2024-08-08 13:12:04'),(16346,2453,241,'Juhi Singh update status to <strong>Ringing</strong>','ringing twice',4,'2024-08-08 13:14:24'),(16347,2441,241,'Juhi Singh update status to <strong>Ringing</strong>','said he is very busy , he will connect , msg dropped',4,'2024-08-08 13:22:38'),(16348,2462,NULL,'Facebook','Lead Generated From Facebook',2,'2024-08-08 14:11:52'),(16349,2462,244,'Revati Pawar has been assigned to lead','',2,'2024-08-08 14:11:52'),(16350,2461,242,'Akshay Mahore update status to <strong>VC Done</strong>','VC done - Looking for 3 bhk budget is 1.25 cr  currently in Aurangabad , intrested in 3 bhk 1210 carpet  , loan 80-20 , said I was looking for butterfly carpet already visited Hinjewadi phase 1 and 2 and Mahalunge said my office meeting is starting so share the details will discuss with family and let you know for the registration process',15,'2024-08-08 14:20:47'),(16351,2462,244,'Revati Pawar update status to <strong>Ringing</strong>','8/8 8.21pmringing twice, MSG drop ',4,'2024-08-08 14:52:14'),(16352,2462,244,'Revati Pawar has been assigned to lead','',4,'2024-08-08 14:52:15'),(16353,2463,NULL,'Facebook','Lead Generated From Facebook',2,'2024-08-08 15:17:32'),(16354,2463,241,'Juhi Singh has been assigned to lead','',2,'2024-08-08 15:17:32'),(16355,2464,NULL,'Facebook','Lead Generated From Facebook',2,'2024-08-09 04:57:53'),(16356,2464,242,'Akshay Mahore has been assigned to lead','',2,'2024-08-09 04:57:53'),(16357,2460,244,'Revati Pawar update status to <strong>Interested</strong>','9/8 I will call you back, currently I am busy 12-12.30pm ',7,'2024-08-09 05:01:57'),(16358,2460,244,'Revati Pawar has been assigned to lead','',7,'2024-08-09 05:01:57'),(16359,2462,244,'Revati Pawar update status to <strong>Interested</strong>','9/8 looking 3bhk, budget not disclose, currently she is in Delhi, carpet requirement 1500, explain about process, Zoom nhi Karna hai, meri family Pune Mai hai to family member se koii Aayega, Aap Kal muze morning mai call karo then aapko batati hu, details sent ',7,'2024-08-09 05:15:49'),(16360,2462,244,'Revati Pawar has been assigned to lead','',7,'2024-08-09 05:15:49'),(16361,2458,244,'Revati Pawar update status to <strong>Ringing</strong>','9/8 busy on another call, msg drop ',4,'2024-08-09 05:23:50'),(16362,2458,244,'Revati Pawar has been assigned to lead','',4,'2024-08-09 05:23:50'),(16363,2455,244,'Revati Pawar update status to <strong>Talk Done</strong>','9/8 looking 2bhk, budget not disclose, Stay in Satara, looking as in Investment purpose, she asked Aap muze details send karke rakhiye then mai aapko batati hu zoom ka, Mai abhi aapko commitment nhi kar sakati ki iss weekend zoom ho payega ya nhi, Mai aapko batati hu, details sent \n\n\n\n',3,'2024-08-09 05:30:35'),(16364,2455,244,'Revati Pawar has been assigned to lead','',3,'2024-08-09 05:30:35'),(16365,2450,244,'Revati Pawar update status to <strong>Interested</strong>','9/8 ringing twice, msg drop ',7,'2024-08-09 05:33:49'),(16366,2450,244,'Revati Pawar has been assigned to lead','',7,'2024-08-09 05:33:49'),(16367,2437,244,'Revati Pawar update status to <strong>Ringing</strong>','9/8 switch off,wtsp- offline',4,'2024-08-09 05:43:07'),(16368,2437,244,'Revati Pawar has been assigned to lead','',4,'2024-08-09 05:43:07'),(16369,2421,244,'Revati Pawar update status to <strong>Interested</strong>','9/7 Mai abhi bahar hu kaam ki vajese, to muze weekend mai possible nhi hai, hum 14Aug ko kar sakate hai Zoom ',7,'2024-08-09 05:47:27'),(16370,2421,244,'Revati Pawar has been assigned to lead','',7,'2024-08-09 05:47:27'),(16371,2411,244,'Revati Pawar update status to <strong>Interested</strong>','9/8 PN- disconnect the call, msg drop ',7,'2024-08-09 05:51:02'),(16372,2411,244,'Revati Pawar has been assigned to lead','',7,'2024-08-09 05:51:02'),(16373,2328,244,'Revati Pawar update status to <strong>Interested</strong>','9/8 switch off,wtsp- ringing, msg drop ',7,'2024-08-09 06:03:17'),(16374,2328,244,'Revati Pawar has been assigned to lead','',7,'2024-08-09 06:03:17'),(16375,2300,244,'Revati Pawar update status to <strong>Interested</strong>','9/8 Shubhangi n- busy on another call ',7,'2024-08-09 06:22:25'),(16376,2300,244,'Revati Pawar has been assigned to lead','',7,'2024-08-09 06:22:25'),(16377,2323,244,'Revati Pawar update status to <strong>Interested</strong>','9/8 ringing twice ',7,'2024-08-09 06:22:47'),(16378,2323,244,'Revati Pawar has been assigned to lead','',7,'2024-08-09 06:22:47'),(16379,544,244,'Revati Pawar update status to <strong>Ringing</strong>','9/8 Shubhangi n- wtsp- disconnect the call ',4,'2024-08-09 06:23:39'),(16380,544,244,'Revati Pawar has been assigned to lead','',4,'2024-08-09 06:23:39'),(16381,569,244,'Revati Pawar update status to <strong>Not Interested</strong>','9/8 Shubhangi n- ringing twice ',11,'2024-08-09 06:25:31'),(16382,584,244,'Revati Pawar update status to <strong>Not Reachable</strong>','9/8 Shubhangi n- cross call Housiey- no requirement as of now ',5,'2024-08-09 06:26:31'),(16383,584,244,'Revati Pawar has been assigned to lead','',5,'2024-08-09 06:26:31'),(16384,2425,244,'Revati Pawar update status to <strong>Not Reachable</strong>','9/8 Shubhangi n- cross call VTP- no requirement ',5,'2024-08-09 06:32:22'),(16385,2425,244,'Revati Pawar has been assigned to lead','',5,'2024-08-09 06:32:22'),(16386,2417,244,'Revati Pawar update status to <strong>Not Interested</strong>','9/8 Shubhangi n- invalid number ',11,'2024-08-09 06:32:49'),(16387,2428,244,'Revati Pawar update status to <strong>Not Reachable</strong>','9/8 Shubhangi n- cross call VTP- no requirement ',5,'2024-08-09 06:34:36'),(16388,2428,244,'Revati Pawar has been assigned to lead','',5,'2024-08-09 06:34:36'),(16389,2414,244,'Revati Pawar update status to <strong>Not Interested</strong>','9/8 Repeated lead connect with Akshay ',11,'2024-08-09 06:36:49'),(16390,2404,244,'Revati Pawar update status to <strong>Ringing</strong>','9/8 msg on wtsp- Please hold it for now. Will let you know',4,'2024-08-09 06:37:33'),(16391,2404,244,'Revati Pawar has been assigned to lead','',4,'2024-08-09 06:37:33'),(16392,2398,244,'Revati Pawar update status to <strong>Not Reachable</strong>','9/8 Shubhangi n- normal call not connected, wtsp- ringing ',5,'2024-08-09 06:42:11'),(16393,2398,244,'Revati Pawar has been assigned to lead','',5,'2024-08-09 06:42:11'),(16394,2395,244,'Revati Pawar update status to <strong>Ringing</strong>','9/8 Shubhangi n- cross call VTP- no requirement ',4,'2024-08-09 06:47:03'),(16395,2395,244,'Revati Pawar has been assigned to lead','',4,'2024-08-09 06:47:03'),(16396,2368,244,'Revati Pawar update status to <strong>Ringing</strong>','9/8 Shubhangi n- ringing twice ',4,'2024-08-09 06:47:47'),(16397,2368,244,'Revati Pawar has been assigned to lead','',4,'2024-08-09 06:47:47'),(16398,2347,244,'Revati Pawar update status to <strong>Talk Done</strong>','9/8 ringing twice ',3,'2024-08-09 06:49:30'),(16399,2347,244,'Revati Pawar has been assigned to lead','',3,'2024-08-09 06:49:30'),(16400,2264,244,'Revati Pawar update status to <strong>Ringing</strong>','9/8 disconnect the call ',4,'2024-08-09 06:50:54'),(16401,2264,244,'Revati Pawar has been assigned to lead','',4,'2024-08-09 06:50:54'),(16402,2048,244,'Revati Pawar update status to <strong>Ringing</strong>','9/8 disconnect the call',4,'2024-08-09 06:53:52'),(16403,2048,244,'Revati Pawar has been assigned to lead','',4,'2024-08-09 06:53:52'),(16404,2464,242,'Akshay Mahore update status to <strong>Interested</strong>','Looking for 2bhk for investment purpose or self use , currently residing in wakad have his own cafe, said im very busy , will let you know tommarow for obm for sunday or monday ',7,'2024-08-09 06:56:19'),(16405,2016,244,'Revati Pawar update status to <strong>Not Interested</strong>','9/8 Shubhangi n- cross call VTP- no requirement ',11,'2024-08-09 06:56:32'),(16406,2464,242,'Akshay Mahore update status to <strong>Interested</strong>','Looking for 2bhk for investment purpose or self use , currently residing in wakad have his own cafe, said im very busy , will let you know tommarow for obm for sunday or monday ',7,'2024-08-09 06:57:04'),(16407,1986,244,'Revati Pawar update status to <strong>Ringing</strong>','9/8 out off network ',4,'2024-08-09 06:58:14'),(16408,1986,244,'Revati Pawar has been assigned to lead','',4,'2024-08-09 06:58:14'),(16409,1985,244,'Revati Pawar update status to <strong>Ringing</strong>','9/8 ringing twice ',4,'2024-08-09 07:02:39'),(16410,1985,244,'Revati Pawar has been assigned to lead','',4,'2024-08-09 07:02:39'),(16411,819,244,'Revati Pawar update status to <strong>Ringing</strong>','9/8 out off network ',4,'2024-08-09 07:04:04'),(16412,819,244,'Revati Pawar has been assigned to lead','',4,'2024-08-09 07:04:04'),(16413,787,244,'Revati Pawar update status to <strong>Not Reachable</strong>','9/8 Shubhangi n- disconnect the call ',5,'2024-08-09 07:04:55'),(16414,787,244,'Revati Pawar has been assigned to lead','',5,'2024-08-09 07:04:55'),(16415,2144,244,'Revati Pawar update status to <strong>Not Reachable</strong>','9/8 disconnect the call ',5,'2024-08-09 07:06:08'),(16416,2144,244,'Revati Pawar has been assigned to lead','',5,'2024-08-09 07:06:09'),(16417,2382,244,'Revati Pawar update status to <strong>Ringing</strong>','9/8 wtsp call- disconnect the call ',4,'2024-08-09 07:13:16'),(16418,2382,244,'Revati Pawar has been assigned to lead','',4,'2024-08-09 07:13:16'),(16419,2449,242,'Akshay Mahore update status to <strong>Ringing</strong>','Ringing  call disconnected  msg dropped ',4,'2024-08-09 07:15:57'),(16420,2407,244,'Revati Pawar update status to <strong>Talk Done</strong>','9/8 Shubhangi n- cross call VTP- busy on another call ',3,'2024-08-09 07:16:07'),(16421,2407,244,'Revati Pawar has been assigned to lead','',3,'2024-08-09 07:16:07'),(16422,2454,242,'Akshay Mahore update status to <strong>Talk Done</strong>','Shubhangi - Ringing twice ',3,'2024-08-09 07:16:49'),(16423,2436,242,'Akshay Mahore update status to <strong>Ringing</strong>','Im busy and disconnected',4,'2024-08-09 07:18:03'),(16424,2429,244,'Revati Pawar update status to <strong>Ringing</strong>','9/8 ringing twice ',4,'2024-08-09 07:19:09'),(16425,2429,244,'Revati Pawar has been assigned to lead','',4,'2024-08-09 07:19:09'),(16426,2431,244,'Revati Pawar update status to <strong>Not Reachable</strong>','9/8 Shubhangi n- cross call VTP- no requirement ',5,'2024-08-09 07:20:03'),(16427,2431,244,'Revati Pawar has been assigned to lead','',5,'2024-08-09 07:20:03'),(16428,2432,244,'Revati Pawar update status to <strong>Not Reachable</strong>','9/8 Shubhangi n- disconnect the call ',5,'2024-08-09 07:20:37'),(16429,2432,244,'Revati Pawar has been assigned to lead','',5,'2024-08-09 07:20:37'),(16430,2434,244,'Revati Pawar update status to <strong>Ringing</strong>','9/8 Shubhangi n- ringing twice ',4,'2024-08-09 07:21:16'),(16431,2434,244,'Revati Pawar has been assigned to lead','',4,'2024-08-09 07:21:16'),(16432,2458,244,'Revati Pawar update status to <strong>Ringing</strong>','9/8 12.51pm- ringing twice ',4,'2024-08-09 07:22:19'),(16433,2458,244,'Revati Pawar has been assigned to lead','',4,'2024-08-09 07:22:19'),(16434,2403,242,'Akshay Mahore update status to <strong>Talk Done</strong>','Said i had a word with some consultant he said no need of cheque  for the launch event , but will let you know on weekend ',3,'2024-08-09 07:26:34'),(16435,2413,242,'Akshay Mahore update status to <strong>Ringing</strong>','Invalid no. calling on whats app , msg dropped ',4,'2024-08-09 07:29:09'),(16436,2460,244,'Revati Pawar update status to <strong>Interested</strong>','9/8 12.52pm- msg on wtsp- Actually I’m in my college right now, I have talked at home…. We r going to wait for 6-8 months then after that will see, Thank you so much for you quick response, In future if we plan anything I’ll surely contact you\n',7,'2024-08-09 07:30:01'),(16437,2460,244,'Revati Pawar has been assigned to lead','',7,'2024-08-09 07:30:01'),(16438,2402,242,'Akshay Mahore update status to <strong>Ringing</strong>','Some security picked up the call said he is in meeting ...',4,'2024-08-09 07:31:43'),(16439,2465,242,'Akshay Mahore created new lead','Ringing twice  not on whats pp ',1,'2024-08-09 07:36:41'),(16440,2465,242,'Akshay Mahore has been assigned to lead','',2,'2024-08-09 07:36:41'),(16441,2466,242,'Akshay Mahore created new lead','Ringing twice  not on whats pp ',1,'2024-08-09 07:36:52'),(16442,2466,242,'Akshay Mahore has been assigned to lead','',2,'2024-08-09 07:36:52'),(16443,2466,242,'Akshay Mahore update status to <strong>Not Interested</strong>','Repeted leadd ',11,'2024-08-09 07:37:22'),(16444,2465,242,'Akshay Mahore update status to <strong>Not Reachable</strong>','Ringing twice  not on whats pp ',5,'2024-08-09 07:37:43'),(16445,2400,242,'Akshay Mahore update status to <strong>Ringing</strong>','Ringing twice ',4,'2024-08-09 07:42:20'),(16446,2467,244,'Revati Pawar created new lead','9/8 call receive and cut call, 2nd call ringing// msg on wtsp- Hello, it’s little far for us, I have seen the project already',1,'2024-08-09 07:46:55'),(16447,2467,244,'Revati Pawar has been assigned to lead','',2,'2024-08-09 07:46:55'),(16448,2467,244,'Revati Pawar update status to <strong>Not Reachable</strong>','9/8 call receive and cut call, 2nd call ringing// msg on wtsp- Hello, it’s little far for us, I have seen the project already\n\n',5,'2024-08-09 07:47:32'),(16449,2467,244,'Revati Pawar has been assigned to lead','',5,'2024-08-09 07:47:32'),(16450,2443,244,'Revati Pawar update status to <strong>Talk Done</strong>','9/8 Srividya ma\'am n- disconnect the call ',3,'2024-08-09 07:48:51'),(16451,2443,244,'Revati Pawar has been assigned to lead','',3,'2024-08-09 07:48:51'),(16452,2435,244,'Revati Pawar update status to <strong>Not Reachable</strong>','9/8 Shubhangi n- ringing twice ',5,'2024-08-09 07:50:05'),(16453,2435,244,'Revati Pawar has been assigned to lead','',5,'2024-08-09 07:50:05'),(16454,2320,244,'Revati Pawar update status to <strong>Interested</strong>','9/8 ringing,2nd cut call, msg drop ',7,'2024-08-09 07:53:16'),(16455,2320,244,'Revati Pawar has been assigned to lead','',7,'2024-08-09 07:53:16'),(16456,2394,242,'Akshay Mahore update status to <strong>Didn\'t Show Up</strong>','Ringing twice msg dropped ',22,'2024-08-09 07:53:24'),(16457,2372,244,'Revati Pawar update status to <strong>Interested</strong>','9/8 Akshay n- Mai abhi tak Nashik mai hai hu, kam ki vajese, Mai jaise hi wapas aata hu Mai Revati ma\'am ko call karata hu, iss weekend ka bhi confirm nhi bata sakata, but Pune jaise hi aata hu ',7,'2024-08-09 08:05:15'),(16458,2372,244,'Revati Pawar has been assigned to lead','',7,'2024-08-09 08:05:15'),(16459,2468,NULL,'Facebook','Lead Generated From Facebook',2,'2024-08-09 08:10:57'),(16460,2468,244,'Revati Pawar has been assigned to lead','',2,'2024-08-09 08:10:57'),(16461,2468,238,'Srividya Jatragonda update status to <strong>Not Interested</strong>','Assigned to Akshay.',11,'2024-08-09 08:20:48'),(16462,2399,242,'Akshay Mahore update status to <strong>Interested</strong>','looking for 2 bhk duplex  said we can meet on sunday first half ',7,'2024-08-09 08:22:44'),(16463,2344,242,'Akshay Mahore update status to <strong>Interested</strong>','Shubhangi -  Plan on hold  for 6 months ',7,'2024-08-09 08:33:39'),(16464,2463,241,'Juhi Singh update status to <strong>Interested</strong>','looking for  2bhk duplex , resides in subway megapolis , asked to come at his office on tuesday , work location is Blueridge phase 1 , he is not in Pune right now  , will be back by Mon night , detail shared on his Whatsapp number ',7,'2024-08-09 09:15:34'),(16465,2446,241,'Juhi Singh update status to <strong>OBM Done</strong>','obm done yesterday',16,'2024-08-09 09:21:59'),(16466,2446,241,'Juhi Singh update status to <strong>OBM Done</strong>',' looking for 2BHK currently he is residing in Eon Front in Kharadi he has already invested in Chandigarh Delhi Jaipur currently he is residing in 4.5 BHK that is 3800 sqft , looking for an investment purpose of 2 BHK and budget is around 60 only, made him understood regarding the location he said he will let know for cancelled cheque once you had a word with his parents annual discuss accordingly and will let know ,  owns 2 cafeteria in Business Bay and also in other locations  that is cafe Bistro',16,'2024-08-09 09:27:23'),(16467,2444,241,'Juhi Singh update status to <strong>Interested</strong>','said he is busy , he will let know for zoom by tonight or tomorrow',7,'2024-08-09 09:55:28'),(16468,2412,241,'Juhi Singh update status to <strong>Interested</strong>','ringing twice , msg dropped',7,'2024-08-09 09:58:03'),(16469,2405,241,'Juhi Singh update status to <strong>Interested</strong>','call rejected , msg dropped',7,'2024-08-09 10:00:12'),(16470,2374,241,'Juhi Singh update status to <strong>Interested</strong>','call not connected , call rejected , msg dropped',7,'2024-08-09 10:01:37'),(16471,2359,241,'Juhi Singh update status to <strong>Interested</strong>','he is fully occupied with work , said will get back to you by next week only , msg dropped',7,'2024-08-09 10:04:57'),(16472,2331,241,'Juhi Singh update status to <strong>Interested</strong>','out of service , not active on WA',7,'2024-08-09 10:07:13'),(16473,2329,241,'Juhi Singh update status to <strong>Interested</strong>','he said he will inform for obm in a while ',7,'2024-08-09 10:11:43'),(16474,2324,241,'Juhi Singh update status to <strong>Interested</strong>','asked to connect around 6 PM today',7,'2024-08-09 10:13:11'),(16475,2457,242,'Akshay Mahore update status to <strong>Talk Done</strong>','Juhi -  call dropped in btween discussion ',3,'2024-08-09 10:40:22'),(16476,2461,242,'Akshay Mahore update status to <strong>Talk Done</strong>','Juhi - Said not looking in phase 3 ',3,'2024-08-09 10:41:50'),(16477,1680,241,'Juhi Singh update status to <strong>Interested</strong>','call rejected twice',7,'2024-08-09 10:42:50'),(16478,2289,241,'Juhi Singh update status to <strong>Interested</strong>','Akshay : Said rakh and disconnected',7,'2024-08-09 10:44:51'),(16479,2353,242,'Akshay Mahore update status to <strong>Ringing</strong>','Shubhangi -  ringing twice ',4,'2024-08-09 10:51:47'),(16480,2034,241,'Juhi Singh update status to <strong>Interested</strong>','msg dropped ',7,'2024-08-09 10:54:18'),(16481,2343,242,'Akshay Mahore update status to <strong>Talk Done</strong>','Ringing twice , msg dropped',3,'2024-08-09 11:15:22'),(16482,2342,242,'Akshay Mahore update status to <strong>Ringing</strong>','Ringing twice msg dropped ',4,'2024-08-09 11:32:05'),(16483,2436,242,'Akshay Mahore update status to <strong>Ringing</strong>','Not at all intrested in that location  , looking in poonawale tathawade ',4,'2024-08-09 11:51:22'),(16484,2390,242,'Akshay Mahore update status to <strong>Ringing</strong>','Ringing , call disconnected ',4,'2024-08-09 11:53:56'),(16485,2385,242,'Akshay Mahore update status to <strong>Didn\'t Show Up</strong>','busy on another call ',22,'2024-08-09 12:01:02'),(16486,2341,242,'Akshay Mahore update status to <strong>Interested</strong>','Call disconnected ',7,'2024-08-09 12:23:01'),(16487,2339,242,'Akshay Mahore update status to <strong>Ringing</strong>','Call disconnected ',4,'2024-08-09 12:25:10'),(16488,2338,242,'Akshay Mahore update status to <strong>Talk Done</strong>','Ringing twice msg dropped ',3,'2024-08-09 12:28:22'),(16489,2469,NULL,'Facebook','Lead Generated From Facebook',2,'2024-08-09 12:30:52'),(16490,2469,241,'Juhi Singh has been assigned to lead','',2,'2024-08-09 12:30:52'),(16491,2337,242,'Akshay Mahore update status to <strong>Ringing</strong>','Ringing twice msg dropped ',4,'2024-08-09 12:32:34'),(16492,2321,242,'Akshay Mahore update status to <strong>Not Reachable</strong>','Ringing twice msg dropped ',5,'2024-08-09 12:35:10'),(16493,2314,242,'Akshay Mahore update status to <strong>Ringing</strong>','Ringing twice , msg dropped ',4,'2024-08-09 12:52:13'),(16494,2312,242,'Akshay Mahore update status to <strong>Not Reachable</strong>','Ringing Call disconnected',5,'2024-08-09 12:54:44'),(16495,2302,242,'Akshay Mahore update status to <strong>Not Interested</strong>','Not intreseted ',11,'2024-08-09 12:56:38'),(16496,2278,242,'Akshay Mahore update status to <strong>Not Interested</strong>','Incoming not available offline on whats app ',11,'2024-08-09 12:58:44'),(16497,2279,242,'Akshay Mahore update status to <strong>Not Reachable</strong>','ringing  Call disconnected',5,'2024-08-09 13:01:35'),(16498,2277,242,'Akshay Mahore update status to <strong>Not Reachable</strong>','Ringing call disconnected',5,'2024-08-09 13:08:11'),(16499,2007,242,'Akshay Mahore update status to <strong>Interested</strong>','Out of cov. Offline on whats app , msg dropped ',7,'2024-08-09 13:12:53'),(16500,2393,242,'Akshay Mahore update status to <strong>Interested</strong>','juhi - No responce ',7,'2024-08-09 13:13:44'),(16501,86,242,'Akshay Mahore update status to <strong>Talk Done</strong>','busy on another call',3,'2024-08-09 13:15:16'),(16502,2470,242,'Akshay Mahore created new lead','Invalid nonot on whats app ',1,'2024-08-09 14:35:03'),(16503,2470,242,'Akshay Mahore has been assigned to lead','',2,'2024-08-09 14:35:03'),(16504,2470,242,'Akshay Mahore update status to <strong>Not Reachable</strong>','Invalid no. not on whats app',5,'2024-08-09 14:38:42'),(16505,2471,242,'Akshay Mahore created new lead','Ringing twice  , msg dropped ',1,'2024-08-09 14:42:43'),(16506,2471,242,'Akshay Mahore has been assigned to lead','',2,'2024-08-09 14:42:43'),(16507,2471,242,'Akshay Mahore update status to <strong>Not Reachable</strong>','Said im looking for ready to move said connect me after one week , im busy and disconnected ',5,'2024-08-09 14:45:01'),(16508,2329,241,'Juhi Singh update status to <strong>OBM scheduled</strong>','obm scheduled at 6 PM at kannu ki chai',10,'2024-08-09 14:47:11'),(16509,2329,241,'Juhi Singh has been assigned to lead','',10,'2024-08-09 14:47:11'),(16510,2465,242,'Akshay Mahore update status to <strong>Not Reachable</strong>','Ringing twice ',5,'2024-08-09 14:47:16'),(16511,2329,241,'Juhi Singh update status to <strong>OBM Done</strong>','obm done  , looking for 2/3 bhk as an end use , residing in Bluridge phase 1 , working in compose group ( Food sector) , wife is working in microsoft , he has a plan to book in Godrej , did negative for Godrej , in Pune since  2 years , said he is interested , he will share the KYC details once he dicuss with his family , details shared with him , own contribution will be 8-9 lacs , budget is around 1 CR , interested in duplex option , will  let know for the further procedure',16,'2024-08-09 14:52:44'),(16512,2399,242,'Akshay Mahore update status to <strong>OBM scheduled</strong>','Said share the details call me tommarow evening for time confermation ',10,'2024-08-09 14:55:42'),(16513,2399,242,'Akshay Mahore has been assigned to lead','',10,'2024-08-09 14:55:42'),(16514,2394,242,'Akshay Mahore update status to <strong>Didn\'t Show Up</strong>','said will let you know tommarow',22,'2024-08-09 14:58:04'),(16515,2459,241,'Juhi Singh update status to <strong>Ringing</strong>','reverted not intrested in Hinjewadi location , \nshe called back and said only intrested in bavdhan location ,made a cross call \n\n\nSri : looking for 2bhk-bavdhan location. She will visit weekend if possible. She will confirm by tomorrow.\n',4,'2024-08-09 15:00:37'),(16516,2453,241,'Juhi Singh update status to <strong>Ringing</strong>','ringing , call dropped in betweeen',4,'2024-08-09 15:02:42'),(16517,2469,241,'Juhi Singh update status to <strong>Ringing</strong>','Msg dropped ',4,'2024-08-09 18:21:42'),(16518,2472,NULL,'Facebook','Lead Generated From Facebook',2,'2024-08-09 18:37:07'),(16519,2472,242,'Akshay Mahore has been assigned to lead','',2,'2024-08-09 18:37:07'),(16520,2473,NULL,'Facebook','Lead Generated From Facebook',2,'2024-08-09 20:56:13'),(16521,2473,244,'Revati Pawar has been assigned to lead','',2,'2024-08-09 20:56:13'),(16522,2472,242,'Akshay Mahore update status to <strong>Broker</strong>','Sorcing in kohinoor ',12,'2024-08-10 05:44:46'),(16523,2474,242,'Akshay Mahore created new lead','New',1,'2024-08-10 06:49:45'),(16524,2474,242,'Akshay Mahore has been assigned to lead','',2,'2024-08-10 06:49:45'),(16525,2474,242,'Akshay Mahore update status to <strong>Ringing</strong>','Ringing twice msg dropped ',4,'2024-08-10 06:50:35'),(16526,2470,242,'Akshay Mahore update status to <strong>Fake</strong>','Invalid no. not on whats app ',13,'2024-08-10 07:46:10'),(16527,2471,242,'Akshay Mahore update status to <strong>Not Reachable</strong>','Shubhangi - Said if you have any project of earlier possession like within 6 month then you can tell me otherwise there is no sense of talking , call dropped',5,'2024-08-10 07:48:47'),(16528,2474,242,'Akshay Mahore update status to <strong>Ringing</strong>','Call disconnected ',4,'2024-08-10 07:50:16'),(16529,2465,242,'Akshay Mahore update status to <strong>OBM scheduled</strong>','Looking for 2bhk budget 80 l currently residing in dange chauck  said we can meet tommarow',10,'2024-08-10 08:19:19'),(16530,2465,242,'Akshay Mahore has been assigned to lead','',10,'2024-08-10 08:19:19'),(16531,2436,242,'Akshay Mahore update status to <strong>Ringing</strong>','Ringing twice ',4,'2024-08-10 08:34:58'),(16532,115,242,'Akshay Mahore update status to <strong>Not Reachable</strong>','Ringing twice ',5,'2024-08-10 10:05:43'),(16533,2259,242,'Akshay Mahore update status to <strong>Talk Done</strong>','Rupali -  Said will let you know till evening ',3,'2024-08-10 10:11:09'),(16534,107,242,'Akshay Mahore update status to <strong>Ringing</strong>','Ringing twice msg dropped ',4,'2024-08-10 10:16:17'),(16535,2343,242,'Akshay Mahore update status to <strong>Talk Done</strong>','Call disconnected ',3,'2024-08-10 10:23:16'),(16536,2410,242,'Akshay Mahore update status to <strong>Not Interested</strong>','Invalid no  offline on whats app , msg dropped ',11,'2024-08-10 10:31:18'),(16537,112,242,'Akshay Mahore update status to <strong>Talk Done</strong>','Call disconnected msg dropped ',3,'2024-08-10 10:35:12'),(16538,2416,242,'Akshay Mahore update status to <strong>Not Interested</strong>','Clicked by mistake ',11,'2024-08-10 10:36:14'),(16539,2413,242,'Akshay Mahore update status to <strong>Ringing</strong>','Not looking for property ',4,'2024-08-10 10:40:15'),(16540,2401,242,'Akshay Mahore update status to <strong>Not Interested</strong>','Not intrested ',11,'2024-08-10 10:40:57'),(16541,2402,242,'Akshay Mahore update status to <strong>Ringing</strong>','Ringing twice  msg dropped ',4,'2024-08-10 10:46:04'),(16542,2473,238,'Srividya Jatragonda update status to <strong>Not Interested</strong>','Assigned to Akshay ',11,'2024-08-10 10:46:59'),(16543,1696,239,'Disha Walke update status to <strong>Ringing</strong>','Shubham= No response, pinnged on watsapp.',4,'2024-08-10 10:48:23'),(16544,1696,239,'Disha Walke has been assigned to lead','',4,'2024-08-10 10:48:23'),(16545,2353,242,'Akshay Mahore update status to <strong>Ringing</strong>','Rupali - Busy on another call ',4,'2024-08-10 10:50:44'),(16546,1011,239,'Disha Walke update status to <strong>Interested</strong>','shubham = now busy call back tomorrow morning ',7,'2024-08-10 11:06:19'),(16547,1011,239,'Disha Walke has been assigned to lead','',7,'2024-08-10 11:06:19'),(16548,994,239,'Disha Walke update status to <strong>Interested</strong>','Shubham = not received',7,'2024-08-10 11:12:30'),(16549,994,239,'Disha Walke has been assigned to lead','',7,'2024-08-10 11:12:30'),(16550,265,239,'Disha Walke update status to <strong>Not Reachable</strong>','shubham = purchase kohinoor , cross call tomorrow',5,'2024-08-10 11:18:32'),(16551,265,239,'Disha Walke has been assigned to lead','',5,'2024-08-10 11:18:32'),(16552,2400,242,'Akshay Mahore update status to <strong>Ringing</strong>','Already invested somwhere ',4,'2024-08-10 11:26:05'),(16553,256,239,'Disha Walke update status to <strong>Not Reachable</strong>','shubham= booked and call cut',5,'2024-08-10 11:44:34'),(16554,256,239,'Disha Walke has been assigned to lead','',5,'2024-08-10 11:44:34'),(16555,2475,NULL,'Facebook','Lead Generated From Facebook',2,'2024-08-10 11:45:12'),(16556,2475,241,'Juhi Singh has been assigned to lead','',2,'2024-08-10 11:45:12'),(16557,2475,238,'Srividya Jatragonda update status to <strong>Not Interested</strong>','Assigned to akshay',11,'2024-08-10 11:51:33'),(16558,1694,239,'Disha Walke update status to <strong>Not Reachable</strong>','shubham =  call cut',5,'2024-08-10 11:51:39'),(16559,1694,239,'Disha Walke has been assigned to lead','',5,'2024-08-10 11:51:39'),(16560,2423,242,'Akshay Mahore update status to <strong>Not Reachable</strong>','Ringing call disconnected ',5,'2024-08-10 11:56:46'),(16561,1676,239,'Disha Walke update status to <strong>Not Reachable</strong>','shubham = not rechable\n',5,'2024-08-10 11:59:53'),(16562,1676,239,'Disha Walke has been assigned to lead','',5,'2024-08-10 11:59:53'),(16563,1654,239,'Disha Walke update status to <strong>Ringing</strong>','shubham = not received',4,'2024-08-10 12:03:19'),(16564,1654,239,'Disha Walke has been assigned to lead','',4,'2024-08-10 12:03:19'),(16565,1629,239,'Disha Walke update status to <strong>Ringing</strong>','shubham = not received',4,'2024-08-10 12:05:34'),(16566,1629,239,'Disha Walke has been assigned to lead','',4,'2024-08-10 12:05:34'),(16567,1069,239,'Disha Walke update status to <strong>Switch Off</strong>','shubham = switch off',6,'2024-08-10 12:07:39'),(16568,1069,239,'Disha Walke has been assigned to lead','',6,'2024-08-10 12:07:39'),(16569,2394,242,'Akshay Mahore update status to <strong>Didn\'t Show Up</strong>','My grandmother has passed away please don\'t call  , will connect you by myself ',22,'2024-08-10 12:09:12'),(16570,1012,239,'Disha Walke update status to <strong>Ringing</strong>','shubham = not received',4,'2024-08-10 12:14:41'),(16571,1012,239,'Disha Walke has been assigned to lead','',4,'2024-08-10 12:14:42'),(16572,2393,242,'Akshay Mahore update status to <strong>Interested</strong>','Busy on another call ',7,'2024-08-10 12:15:57'),(16573,996,239,'Disha Walke update status to <strong>Switch Off</strong>','shubham = switch off',6,'2024-08-10 12:16:30'),(16574,996,239,'Disha Walke has been assigned to lead','',6,'2024-08-10 12:16:30'),(16575,995,239,'Disha Walke update status to <strong>Talk Done</strong>','shubham = not looking hinjewadi only pradhikaran',3,'2024-08-10 12:22:51'),(16576,995,239,'Disha Walke has been assigned to lead','',3,'2024-08-10 12:22:51'),(16577,957,239,'Disha Walke update status to <strong>Not Reachable</strong>','shubham = property plan cancel because fincial problem',5,'2024-08-10 12:25:43'),(16578,957,239,'Disha Walke has been assigned to lead','',5,'2024-08-10 12:25:43'),(16579,956,239,'Disha Walke update status to <strong>Not Reachable</strong>','shubham = network issue',5,'2024-08-10 12:28:50'),(16580,956,239,'Disha Walke has been assigned to lead','',5,'2024-08-10 12:28:50'),(16581,2385,242,'Akshay Mahore update status to <strong>Didn\'t Show Up</strong>','Already booked in kohinoor poonawale  duplex last to last weekend ',22,'2024-08-10 12:31:07'),(16582,944,239,'Disha Walke update status to <strong>Ringing</strong>','shubham = not received',4,'2024-08-10 12:33:44'),(16583,944,239,'Disha Walke has been assigned to lead','',4,'2024-08-10 12:33:44'),(16584,1696,239,'Disha Walke update status to <strong>Not Reachable</strong>','shubham =  not received',5,'2024-08-10 12:35:09'),(16585,1696,239,'Disha Walke has been assigned to lead','',5,'2024-08-10 12:35:09'),(16586,941,239,'Disha Walke update status to <strong>Talk Done</strong>','shubham = plan postpone 1 year because financial problem',3,'2024-08-10 12:38:41'),(16587,941,239,'Disha Walke has been assigned to lead','',3,'2024-08-10 12:38:41'),(16588,2393,242,'Akshay Mahore update status to <strong>Interested</strong>','Said i have back to pune we can meet tommarow  at bavdhan  i have my personal office there , we can meet there ',7,'2024-08-10 12:41:50'),(16589,929,239,'Disha Walke update status to <strong>Not Reachable</strong>','shubham = paln postpone because transfer to hometown',5,'2024-08-10 12:42:21'),(16590,929,239,'Disha Walke has been assigned to lead','',5,'2024-08-10 12:42:21'),(16591,927,239,'Disha Walke update status to <strong>Not Reachable</strong>','shubham = not received',5,'2024-08-10 12:46:37'),(16592,927,239,'Disha Walke has been assigned to lead','',5,'2024-08-10 12:46:37'),(16593,2241,242,'Akshay Mahore update status to <strong>Not Reachable</strong>','Call disconnected',5,'2024-08-10 12:48:26'),(16594,925,239,'Disha Walke update status to <strong>Ringing</strong>','shubham = not received',4,'2024-08-10 12:48:29'),(16595,925,239,'Disha Walke has been assigned to lead','',4,'2024-08-10 12:48:29'),(16596,2393,242,'Akshay Mahore update status to <strong>OBM scheduled</strong>','Said i have back to pune we can meet tommarow at bavdhan i have my personal office there , we can meet there',10,'2024-08-10 12:49:13'),(16597,2393,242,'Akshay Mahore has been assigned to lead','',10,'2024-08-10 12:49:13'),(16598,923,239,'Disha Walke update status to <strong>Not Reachable</strong>','shubham = not received',5,'2024-08-10 12:51:40'),(16599,923,239,'Disha Walke has been assigned to lead','',5,'2024-08-10 12:51:40'),(16600,2390,242,'Akshay Mahore update status to <strong>Ringing</strong>','Ringing twice ',4,'2024-08-10 12:56:11'),(16601,2338,242,'Akshay Mahore update status to <strong>Talk Done</strong>','Sri maam -  Ringing twice ',3,'2024-08-10 13:02:45'),(16602,922,239,'Disha Walke update status to <strong>Not Reachable</strong>','shubham = call not received , connect on whatsapp',5,'2024-08-10 13:11:54'),(16603,922,239,'Disha Walke has been assigned to lead','',5,'2024-08-10 13:11:54'),(16604,994,239,'Disha Walke update status to <strong>Not Interested</strong>','shubham = repited',11,'2024-08-10 13:14:18'),(16605,2476,NULL,'Facebook','Lead Generated From Facebook',2,'2024-08-10 13:18:04'),(16606,2476,242,'Akshay Mahore has been assigned to lead','',2,'2024-08-10 13:18:04'),(16607,2245,242,'Akshay Mahore update status to <strong>Didn\'t Show Up</strong>','Sri maam - Ringing twice ',22,'2024-08-10 13:19:12'),(16608,904,239,'Disha Walke update status to <strong>Not Reachable</strong>','shubham = not looking any property',5,'2024-08-10 13:21:54'),(16609,904,239,'Disha Walke has been assigned to lead','',5,'2024-08-10 13:21:54'),(16610,2476,242,'Akshay Mahore update status to <strong>Fake</strong>','Invalid no . Not on whats app ',13,'2024-08-10 13:24:39'),(16611,901,239,'Disha Walke update status to <strong>Not Reachable</strong>','shubham = invalid no',5,'2024-08-10 13:25:16'),(16612,901,239,'Disha Walke has been assigned to lead','',5,'2024-08-10 13:25:16'),(16613,896,239,'Disha Walke update status to <strong>Ringing</strong>','shubham = not received',4,'2024-08-10 13:27:29'),(16614,896,239,'Disha Walke has been assigned to lead','',4,'2024-08-10 13:27:29'),(16615,892,239,'Disha Walke update status to <strong>Not Reachable</strong>','shubham = not received',5,'2024-08-10 13:30:43'),(16616,892,239,'Disha Walke has been assigned to lead','',5,'2024-08-10 13:30:44'),(16617,849,239,'Disha Walke update status to <strong>Not Reachable</strong>','shubham = busy call tomrorow morning',5,'2024-08-10 13:45:19'),(16618,849,239,'Disha Walke has been assigned to lead','',5,'2024-08-10 13:45:19'),(16619,2343,242,'Akshay Mahore update status to <strong>Talk Done</strong>','Ringing twice ',3,'2024-08-10 13:51:19'),(16620,838,239,'Disha Walke update status to <strong>Not Reachable</strong>','shubham = purchase in mumbai , pune plan postpone',5,'2024-08-10 13:54:19'),(16621,838,239,'Disha Walke has been assigned to lead','',5,'2024-08-10 13:54:19'),(16622,824,239,'Disha Walke update status to <strong>Not Reachable</strong>','shubham = not received',5,'2024-08-10 13:57:18'),(16623,824,239,'Disha Walke has been assigned to lead','',5,'2024-08-10 13:57:18'),(16624,2413,242,'Akshay Mahore update status to <strong>Ringing</strong>','Not looking for property ',4,'2024-08-10 14:06:22'),(16625,2266,242,'Akshay Mahore update status to <strong>Ringing</strong>','Ringing twice ',4,'2024-08-10 14:19:00'),(16626,2477,NULL,'Facebook','Lead Generated From Facebook',2,'2024-08-10 17:07:30'),(16627,2477,244,'Revati Pawar has been assigned to lead','',2,'2024-08-10 17:07:30'),(16628,2469,241,'Juhi Singh update status to <strong>Ringing</strong>','Akshay 11/8 : Invalid number, call declined on what\'s app msg dropped\n\n12/8 : call declined , reverted not intrested on WA',4,'2024-08-11 04:55:04'),(16629,2469,241,'Juhi Singh update status to <strong>Not Reachable</strong>','not intrested',5,'2024-08-11 05:03:24'),(16630,207,239,'Disha Walke update status to <strong>Switch Off</strong>','shubham = switch off',6,'2024-08-11 05:11:48'),(16631,207,239,'Disha Walke has been assigned to lead','',6,'2024-08-11 05:11:48'),(16632,222,239,'Disha Walke update status to <strong>Not Reachable</strong>','shubham =  right now i am busy , call cut',5,'2024-08-11 05:14:27'),(16633,222,239,'Disha Walke has been assigned to lead','',5,'2024-08-11 05:14:27'),(16634,213,239,'Disha Walke update status to <strong>Not Reachable</strong>','shubham = now hometown call after 4 days ,',5,'2024-08-11 05:17:10'),(16635,213,239,'Disha Walke has been assigned to lead','',5,'2024-08-11 05:17:10'),(16636,2453,241,'Juhi Singh update status to <strong>Ringing</strong>','looking for 1 bhk , resides in phase 1 , said as of now , no requirement of 2 bhk , will let you know if any requirement , details shared',4,'2024-08-11 05:17:30'),(16637,2412,241,'Juhi Singh update status to <strong>Interested</strong>','ringing twice',7,'2024-08-11 05:23:00'),(16638,2324,241,'Juhi Singh update status to <strong>Interested</strong>','ringing twice',7,'2024-08-11 05:25:29'),(16639,904,239,'Disha Walke update status to <strong>Not Reachable</strong>','shubham = booked , narayan peth',5,'2024-08-11 05:26:19'),(16640,904,239,'Disha Walke has been assigned to lead','',5,'2024-08-11 05:26:19'),(16641,901,239,'Disha Walke update status to <strong>Not Reachable</strong>','shubham = invalid no',5,'2024-08-11 05:27:13'),(16642,901,239,'Disha Walke has been assigned to lead','',5,'2024-08-11 05:27:13'),(16643,849,239,'Disha Walke update status to <strong>Not Reachable</strong>','shubham = abhi nahi , call cut',5,'2024-08-11 05:29:02'),(16644,849,239,'Disha Walke has been assigned to lead','',5,'2024-08-11 05:29:02'),(16645,2441,241,'Juhi Singh update status to <strong>Ringing</strong>','looking for 2 bhk , resides in Kothrud , work location is kothrud itself , details shared , said not looking in that location , thank you , detail shared with him',4,'2024-08-11 05:31:01'),(16646,892,239,'Disha Walke update status to <strong>Not Reachable</strong>','shubham = call cut',5,'2024-08-11 05:31:13'),(16647,892,239,'Disha Walke has been assigned to lead','',5,'2024-08-11 05:31:13'),(16648,838,239,'Disha Walke update status to <strong>Not Reachable</strong>','shubham = not received',5,'2024-08-11 05:32:30'),(16649,838,239,'Disha Walke has been assigned to lead','',5,'2024-08-11 05:32:30'),(16650,808,239,'Disha Walke update status to <strong>Not Reachable</strong>','shubham = not received',5,'2024-08-11 05:34:49'),(16651,808,239,'Disha Walke has been assigned to lead','',5,'2024-08-11 05:34:49'),(16652,800,239,'Disha Walke update status to <strong>Not Reachable</strong>','shubham = not recaived',5,'2024-08-11 05:36:42'),(16653,800,239,'Disha Walke has been assigned to lead','',5,'2024-08-11 05:36:42'),(16654,2459,241,'Juhi Singh update status to <strong>Ringing</strong>','coming at site Vtp Bavdhan at 12:30 pm',4,'2024-08-11 05:36:45'),(16655,1694,239,'Disha Walke update status to <strong>Not Reachable</strong>','shubham = not received',5,'2024-08-11 05:38:23'),(16656,1694,239,'Disha Walke has been assigned to lead','',5,'2024-08-11 05:38:23'),(16657,796,239,'Disha Walke update status to <strong>Not Reachable</strong>','shubham = call cut',5,'2024-08-11 05:40:36'),(16658,796,239,'Disha Walke has been assigned to lead','',5,'2024-08-11 05:40:36'),(16659,786,239,'Disha Walke update status to <strong>Not Reachable</strong>','shubham =  not looking property , call cut',5,'2024-08-11 05:42:44'),(16660,786,239,'Disha Walke has been assigned to lead','',5,'2024-08-11 05:42:44'),(16661,929,239,'Disha Walke update status to <strong>Not Reachable</strong>','shubham = switch off',5,'2024-08-11 05:43:45'),(16662,929,239,'Disha Walke has been assigned to lead','',5,'2024-08-11 05:43:45'),(16663,529,241,'Juhi Singh update status to <strong>Interested</strong>','Sri : not interested , thankyou',7,'2024-08-11 05:50:31'),(16664,277,239,'Disha Walke update status to <strong>Talk Done</strong>','shubham = tomrrow call 2nd half for zoom meeting time confirmation client in mumbai',3,'2024-08-11 05:57:38'),(16665,277,239,'Disha Walke has been assigned to lead','',3,'2024-08-11 05:57:38'),(16666,2360,241,'Juhi Singh update status to <strong>Ringing</strong>','ringing twice , msg dropped',4,'2024-08-11 05:57:40'),(16667,927,239,'Disha Walke update status to <strong>Not Reachable</strong>','shubham =  cp',5,'2024-08-11 05:58:57'),(16668,927,239,'Disha Walke has been assigned to lead','',5,'2024-08-11 05:58:57'),(16669,824,239,'Disha Walke update status to <strong>Ringing</strong>','shubham =  not received',4,'2024-08-11 06:00:11'),(16670,824,239,'Disha Walke has been assigned to lead','',4,'2024-08-11 06:00:11'),(16671,2418,241,'Juhi Singh update status to <strong>Ringing</strong>','call not connected ',4,'2024-08-11 06:02:24'),(16672,276,239,'Disha Walke update status to <strong>Ringing</strong>','shubham = not received',4,'2024-08-11 06:02:57'),(16673,276,239,'Disha Walke has been assigned to lead','',4,'2024-08-11 06:02:57'),(16674,256,239,'Disha Walke update status to <strong>Not Reachable</strong>','shubham= call cut',5,'2024-08-11 06:04:13'),(16675,256,239,'Disha Walke has been assigned to lead','',5,'2024-08-11 06:04:13'),(16676,243,239,'Disha Walke update status to <strong>Not Reachable</strong>','shubham = not received',5,'2024-08-11 06:07:31'),(16677,243,239,'Disha Walke has been assigned to lead','',5,'2024-08-11 06:07:31'),(16678,242,239,'Disha Walke update status to <strong>Not Reachable</strong>','shubham =  not looking property',5,'2024-08-11 06:09:00'),(16679,242,239,'Disha Walke has been assigned to lead','',5,'2024-08-11 06:09:00'),(16680,2408,241,'Juhi Singh update status to <strong>Not Interested</strong>','Shubham : looking in Nagpur , not in pune',11,'2024-08-11 06:11:15'),(16681,225,239,'Disha Walke update status to <strong>Not Reachable</strong>','shubham = plan postpone 1 year',5,'2024-08-11 06:11:30'),(16682,225,239,'Disha Walke has been assigned to lead','',5,'2024-08-11 06:11:30'),(16683,191,239,'Disha Walke update status to <strong>Not Reachable</strong>','shubham = looking only dhanori',5,'2024-08-11 06:14:12'),(16684,191,239,'Disha Walke has been assigned to lead','',5,'2024-08-11 06:14:12'),(16685,922,239,'Disha Walke update status to <strong>Not Reachable</strong>','shubham = not received',5,'2024-08-11 06:16:15'),(16686,922,239,'Disha Walke has been assigned to lead','',5,'2024-08-11 06:16:15'),(16687,224,239,'Disha Walke update status to <strong>Not Reachable</strong>','shubham = not received',5,'2024-08-11 06:19:43'),(16688,224,239,'Disha Walke has been assigned to lead','',5,'2024-08-11 06:19:43'),(16689,223,239,'Disha Walke update status to <strong>Ringing</strong>','shubham = ringing',4,'2024-08-11 06:21:14'),(16690,223,239,'Disha Walke has been assigned to lead','',4,'2024-08-11 06:21:14'),(16691,209,239,'Disha Walke update status to <strong>Not Reachable</strong>','shubham = busy call after some time',5,'2024-08-11 06:22:50'),(16692,209,239,'Disha Walke has been assigned to lead','',5,'2024-08-11 06:22:50'),(16693,202,239,'Disha Walke update status to <strong>Not Reachable</strong>','shubham = call cut',5,'2024-08-11 06:31:03'),(16694,202,239,'Disha Walke has been assigned to lead','',5,'2024-08-11 06:31:03'),(16695,956,239,'Disha Walke update status to <strong>Not Reachable</strong>','shubham = busy call back',5,'2024-08-11 06:32:52'),(16696,956,239,'Disha Walke has been assigned to lead','',5,'2024-08-11 06:32:52'),(16697,204,239,'Disha Walke update status to <strong>Not Reachable</strong>','shubham = property already purchase',5,'2024-08-11 06:35:19'),(16698,204,239,'Disha Walke has been assigned to lead','',5,'2024-08-11 06:35:19'),(16699,157,239,'Disha Walke update status to <strong>Not Reachable</strong>','shubham = before 1 year purchase gera so please dont call me',5,'2024-08-11 06:37:48'),(16700,157,239,'Disha Walke has been assigned to lead','',5,'2024-08-11 06:37:48'),(16701,199,239,'Disha Walke update status to <strong>Not Reachable</strong>','shubham = switch off',5,'2024-08-11 06:40:19'),(16702,199,239,'Disha Walke has been assigned to lead','',5,'2024-08-11 06:40:19'),(16703,190,239,'Disha Walke update status to <strong>Not Reachable</strong>','shubham = i am not intrested',5,'2024-08-11 06:42:42'),(16704,190,239,'Disha Walke has been assigned to lead','',5,'2024-08-11 06:42:42'),(16705,2456,241,'Juhi Singh update status to <strong>Interested</strong>','he is not well , will be coming next week itself',7,'2024-08-11 06:44:49'),(16706,185,239,'Disha Walke update status to <strong>Not Reachable</strong>','shubham = kal call karo',5,'2024-08-11 06:48:28'),(16707,185,239,'Disha Walke has been assigned to lead','',5,'2024-08-11 06:48:28'),(16708,179,239,'Disha Walke update status to <strong>Not Reachable</strong>','shubham = not intrested',5,'2024-08-11 06:51:55'),(16709,179,239,'Disha Walke has been assigned to lead','',5,'2024-08-11 06:51:55'),(16710,923,239,'Disha Walke update status to <strong>Not Reachable</strong>','shubham= not received',5,'2024-08-11 06:53:25'),(16711,923,239,'Disha Walke has been assigned to lead','',5,'2024-08-11 06:53:25'),(16712,177,239,'Disha Walke update status to <strong>Not Reachable</strong>','shubham = network issue',5,'2024-08-11 06:55:40'),(16713,177,239,'Disha Walke has been assigned to lead','',5,'2024-08-11 06:55:40'),(16714,176,239,'Disha Walke update status to <strong>Not Reachable</strong>','shubham=not received',5,'2024-08-11 06:58:05'),(16715,176,239,'Disha Walke has been assigned to lead','',5,'2024-08-11 06:58:05'),(16716,1676,239,'Disha Walke update status to <strong>Not Reachable</strong>','shubham= out of netwok',5,'2024-08-11 06:59:14'),(16717,1676,239,'Disha Walke has been assigned to lead','',5,'2024-08-11 06:59:14'),(16718,169,239,'Disha Walke update status to <strong>Not Reachable</strong>','shubham = not looking property',5,'2024-08-11 07:02:14'),(16719,169,239,'Disha Walke has been assigned to lead','',5,'2024-08-11 07:02:14'),(16720,2341,242,'Akshay Mahore update status to <strong>OBM scheduled</strong>','Said we will meet at 6 pm residing in Pimpri Gurav location ',10,'2024-08-11 07:12:11'),(16721,2341,242,'Akshay Mahore has been assigned to lead','',10,'2024-08-11 07:12:11'),(16722,957,239,'Disha Walke update status to <strong>Not Reachable</strong>','shubham = call cut',5,'2024-08-11 07:14:37'),(16723,957,239,'Disha Walke has been assigned to lead','',5,'2024-08-11 07:14:37'),(16724,146,239,'Disha Walke update status to <strong>Not Reachable</strong>','shubham = not received',5,'2024-08-11 07:16:27'),(16725,146,239,'Disha Walke has been assigned to lead','',5,'2024-08-11 07:16:27'),(16726,149,239,'Disha Walke update status to <strong>Not Reachable</strong>','shubham= not received',5,'2024-08-11 07:17:57'),(16727,149,239,'Disha Walke has been assigned to lead','',5,'2024-08-11 07:17:57'),(16728,133,239,'Disha Walke update status to <strong>Not Reachable</strong>','shuham= not received',5,'2024-08-11 07:19:32'),(16729,133,239,'Disha Walke has been assigned to lead','',5,'2024-08-11 07:19:32'),(16730,130,239,'Disha Walke update status to <strong>Not Reachable</strong>','shubham = out of network',5,'2024-08-11 07:20:54'),(16731,130,239,'Disha Walke has been assigned to lead','',5,'2024-08-11 07:20:54'),(16732,139,239,'Disha Walke update status to <strong>Not Reachable</strong>','shubham = not looking property',5,'2024-08-11 07:23:16'),(16733,139,239,'Disha Walke has been assigned to lead','',5,'2024-08-11 07:23:16'),(16734,1654,239,'Disha Walke update status to <strong>Ringing</strong>','shubham = not received',4,'2024-08-11 07:26:28'),(16735,1654,239,'Disha Walke has been assigned to lead','',4,'2024-08-11 07:26:28');
INSERT INTO `lead_log` VALUES (16736,1629,239,'Disha Walke update status to <strong>Ringing</strong>','shubham = not received',4,'2024-08-11 07:30:31'),(16737,1629,239,'Disha Walke has been assigned to lead','',4,'2024-08-11 07:30:31'),(16738,925,239,'Disha Walke update status to <strong>Not Reachable</strong>','subham = switch off',5,'2024-08-11 07:32:55'),(16739,925,239,'Disha Walke has been assigned to lead','',5,'2024-08-11 07:32:55'),(16740,793,239,'Disha Walke update status to <strong>Ringing</strong>','shubham = not looking property',4,'2024-08-11 07:34:59'),(16741,793,239,'Disha Walke has been assigned to lead','',4,'2024-08-11 07:34:59'),(16742,806,239,'Disha Walke update status to <strong>Ringing</strong>','shubham = not received',4,'2024-08-11 07:40:05'),(16743,806,239,'Disha Walke has been assigned to lead','',4,'2024-08-11 07:40:05'),(16744,288,239,'Disha Walke update status to <strong>Ringing</strong>','shubham= not looking property',4,'2024-08-11 07:43:16'),(16745,288,239,'Disha Walke has been assigned to lead','',4,'2024-08-11 07:43:16'),(16746,1012,239,'Disha Walke update status to <strong>Ringing</strong>','shubham= transfer to hometown so not property looking  pune',4,'2024-08-11 07:49:15'),(16747,1012,239,'Disha Walke has been assigned to lead','',4,'2024-08-11 07:49:15'),(16748,2474,242,'Akshay Mahore update status to <strong>Ringing</strong>','Ringing twice ',4,'2024-08-11 08:03:48'),(16749,264,239,'Disha Walke update status to <strong>Ringing</strong>','shubham= not received',4,'2024-08-11 08:04:47'),(16750,264,239,'Disha Walke has been assigned to lead','',4,'2024-08-11 08:04:47'),(16751,2465,242,'Akshay Mahore update status to <strong>Didn\'t Show Up</strong>','Rupali - Ringing twice ',22,'2024-08-11 08:06:09'),(16752,791,239,'Disha Walke update status to <strong>Ringing</strong>','shubham = not received',4,'2024-08-11 08:07:43'),(16753,791,239,'Disha Walke has been assigned to lead','',4,'2024-08-11 08:07:43'),(16754,2464,242,'Akshay Mahore update status to <strong>Interested</strong>','Ringing twice',7,'2024-08-11 08:08:07'),(16755,291,239,'Disha Walke update status to <strong>Ringing</strong>','shubham= not received',4,'2024-08-11 08:10:56'),(16756,291,239,'Disha Walke has been assigned to lead','',4,'2024-08-11 08:10:56'),(16757,257,239,'Disha Walke update status to <strong>Ringing</strong>','shubham = call cut',4,'2024-08-11 08:12:32'),(16758,257,239,'Disha Walke has been assigned to lead','',4,'2024-08-11 08:12:32'),(16759,259,239,'Disha Walke update status to <strong>Ringing</strong>','shubham = busy',4,'2024-08-11 08:13:23'),(16760,259,239,'Disha Walke has been assigned to lead','',4,'2024-08-11 08:13:23'),(16761,241,239,'Disha Walke update status to <strong>Not Reachable</strong>','shubham =  call cut',5,'2024-08-11 08:21:39'),(16762,241,239,'Disha Walke has been assigned to lead','',5,'2024-08-11 08:21:39'),(16763,275,239,'Disha Walke update status to <strong>Ringing</strong>','shubham = not received',4,'2024-08-11 08:24:51'),(16764,275,239,'Disha Walke has been assigned to lead','',4,'2024-08-11 08:24:51'),(16765,267,239,'Disha Walke update status to <strong>Ringing</strong>','shubham = call cut',4,'2024-08-11 08:26:01'),(16766,267,239,'Disha Walke has been assigned to lead','',4,'2024-08-11 08:26:01'),(16767,1011,239,'Disha Walke update status to <strong>Interested</strong>','shubham = call me back after 18 august',7,'2024-08-11 09:38:51'),(16768,1011,239,'Disha Walke has been assigned to lead','',7,'2024-08-11 09:38:51'),(16769,2461,242,'Akshay Mahore update status to <strong>Talk Done</strong>','Personal no. - call disconnected ',3,'2024-08-11 09:38:56'),(16770,196,239,'Disha Walke update status to <strong>Ringing</strong>','shubham = not looking property',4,'2024-08-11 09:42:57'),(16771,196,239,'Disha Walke has been assigned to lead','',4,'2024-08-11 09:42:57'),(16772,197,239,'Disha Walke update status to <strong>Ringing</strong>','shubham = not received',4,'2024-08-11 09:45:51'),(16773,197,239,'Disha Walke has been assigned to lead','',4,'2024-08-11 09:45:51'),(16774,192,239,'Disha Walke update status to <strong>Ringing</strong>','shubham - not received',4,'2024-08-11 09:48:12'),(16775,192,239,'Disha Walke has been assigned to lead','',4,'2024-08-11 09:48:12'),(16776,192,239,'Disha Walke update status to <strong>Ringing</strong>','shubham = not received',4,'2024-08-11 09:49:21'),(16777,192,239,'Disha Walke has been assigned to lead','',4,'2024-08-11 09:49:21'),(16778,198,239,'Disha Walke update status to <strong>Ringing</strong>','shubham = not received',4,'2024-08-11 09:51:20'),(16779,198,239,'Disha Walke has been assigned to lead','',4,'2024-08-11 09:51:20'),(16780,189,239,'Disha Walke update status to <strong>Ringing</strong>','shubham = call cut',4,'2024-08-11 09:52:24'),(16781,189,239,'Disha Walke has been assigned to lead','',4,'2024-08-11 09:52:24'),(16782,2399,242,'Akshay Mahore update status to <strong>OBM scheduled</strong>','Sri maam -  My shifting is going on will let you know for 4 pm for meeting ',10,'2024-08-11 09:55:00'),(16783,186,239,'Disha Walke update status to <strong>Ringing</strong>','shubham = not received',4,'2024-08-11 09:55:30'),(16784,186,239,'Disha Walke has been assigned to lead','',4,'2024-08-11 09:55:30'),(16785,184,239,'Disha Walke update status to <strong>Ringing</strong>','shubham = looking in pimpri  location only',4,'2024-08-11 09:59:14'),(16786,184,239,'Disha Walke has been assigned to lead','',4,'2024-08-11 09:59:14'),(16787,200,239,'Disha Walke update status to <strong>Ringing</strong>','shubham = not received',4,'2024-08-11 10:00:12'),(16788,200,239,'Disha Walke has been assigned to lead','',4,'2024-08-11 10:00:12'),(16789,154,239,'Disha Walke update status to <strong>Switch Off</strong>','shubham = switch off',6,'2024-08-11 10:01:43'),(16790,154,239,'Disha Walke has been assigned to lead','',6,'2024-08-11 10:01:43'),(16791,210,239,'Disha Walke update status to <strong>Ringing</strong>','shubham = not received',4,'2024-08-11 10:04:19'),(16792,210,239,'Disha Walke has been assigned to lead','',4,'2024-08-11 10:04:19'),(16793,212,239,'Disha Walke update status to <strong>Ringing</strong>','shubham = network issue',4,'2024-08-11 10:05:49'),(16794,212,239,'Disha Walke has been assigned to lead','',4,'2024-08-11 10:05:49'),(16795,129,239,'Disha Walke update status to <strong>Ringing</strong>','shubham = purchase urban skyline',4,'2024-08-11 10:07:57'),(16796,129,239,'Disha Walke has been assigned to lead','',4,'2024-08-11 10:07:57'),(16797,159,239,'Disha Walke update status to <strong>Ringing</strong>','shubham = incoming not available',4,'2024-08-11 10:10:10'),(16798,159,239,'Disha Walke has been assigned to lead','',4,'2024-08-11 10:10:10'),(16799,238,239,'Disha Walke update status to <strong>Ringing</strong>','shubham = not intrested ',4,'2024-08-11 10:12:42'),(16800,238,239,'Disha Walke has been assigned to lead','',4,'2024-08-11 10:12:42'),(16801,2461,242,'Akshay Mahore update status to <strong>Talk Done</strong>','Rupali no . - not intrested in that location ',3,'2024-08-11 11:22:54'),(16802,2465,242,'Akshay Mahore update status to <strong>Didn\'t Show Up</strong>','Ringing twice ',22,'2024-08-11 11:34:33'),(16803,2436,242,'Akshay Mahore update status to <strong>Ringing</strong>','Ringing twice ',4,'2024-08-11 11:50:11'),(16804,2478,NULL,'Facebook','Lead Generated From Facebook',2,'2024-08-11 11:51:38'),(16805,2478,241,'Juhi Singh has been assigned to lead','',2,'2024-08-11 11:51:39'),(16806,2464,242,'Akshay Mahore update status to <strong>Interested</strong>','Ringing twice ',7,'2024-08-11 11:52:19'),(16807,2479,NULL,'Facebook','Lead Generated From Facebook',2,'2024-08-11 15:44:22'),(16808,2479,242,'Akshay Mahore has been assigned to lead','',2,'2024-08-11 15:44:22'),(16809,2480,NULL,'Facebook','Lead Generated From Facebook',2,'2024-08-11 21:13:23'),(16810,2480,244,'Revati Pawar has been assigned to lead','',2,'2024-08-11 21:13:23'),(16811,2481,NULL,'Facebook','Lead Generated From Facebook',2,'2024-08-12 03:39:06'),(16812,2481,241,'Juhi Singh has been assigned to lead','',2,'2024-08-12 03:39:07'),(16813,2482,NULL,'Facebook','Lead Generated From Facebook',2,'2024-08-12 08:44:14'),(16814,2482,242,'Akshay Mahore has been assigned to lead','',2,'2024-08-12 08:44:14'),(16815,2483,NULL,'Facebook','Lead Generated From Facebook',2,'2024-08-12 11:14:11'),(16816,2483,244,'Revati Pawar has been assigned to lead','',2,'2024-08-12 11:14:11'),(16817,2484,NULL,'Facebook','Lead Generated From Facebook',2,'2024-08-12 11:55:17'),(16818,2484,241,'Juhi Singh has been assigned to lead','',2,'2024-08-12 11:55:17'),(16819,2479,242,'Akshay Mahore update status to <strong>Fake</strong>','Invalid number not on what\'s app ',13,'2024-08-12 15:09:14'),(16820,2482,242,'Akshay Mahore update status to <strong>Interested</strong>','Looking for 2,3 BHK residing in Poonawale currently in home town Akola , said will let you know for zoom Tommarow ',7,'2024-08-12 15:25:16'),(16821,2485,NULL,'Facebook','Lead Generated From Facebook',2,'2024-08-12 16:52:26'),(16822,2485,242,'Akshay Mahore has been assigned to lead','',2,'2024-08-12 16:52:26'),(16823,2486,NULL,'Facebook','Lead Generated From Facebook',2,'2024-08-12 16:58:26'),(16824,2486,244,'Revati Pawar has been assigned to lead','',2,'2024-08-12 16:58:26'),(16825,2484,241,'Juhi Singh update status to <strong>Ringing</strong>','Msg dropped ',4,'2024-08-12 17:44:27'),(16826,2481,241,'Juhi Singh update status to <strong>Ringing</strong>','Msg dropped',4,'2024-08-12 17:45:05'),(16827,2478,241,'Juhi Singh update status to <strong>Ringing</strong>','Msg dropped',4,'2024-08-12 17:47:08'),(16828,2487,NULL,'Facebook','Lead Generated From Facebook',2,'2024-08-12 17:51:26'),(16829,2487,241,'Juhi Singh has been assigned to lead','',2,'2024-08-12 17:51:26'),(16830,2487,241,'Juhi Singh update status to <strong>Ringing</strong>','Msg dropped',4,'2024-08-12 18:05:04'),(16831,2488,NULL,'Facebook','Lead Generated From Facebook',2,'2024-08-12 20:21:29'),(16832,2488,242,'Akshay Mahore has been assigned to lead','',2,'2024-08-12 20:21:29'),(16833,2489,NULL,'Facebook','Lead Generated From Facebook',2,'2024-08-13 04:16:36'),(16834,2489,244,'Revati Pawar has been assigned to lead','',2,'2024-08-13 04:16:36'),(16835,1696,239,'Disha Walke update status to <strong>Ringing</strong>','shubham= not received',4,'2024-08-13 05:17:26'),(16836,1696,239,'Disha Walke has been assigned to lead','',4,'2024-08-13 05:17:26'),(16837,1676,239,'Disha Walke update status to <strong>Not Reachable</strong>','shubham= not reachable',5,'2024-08-13 05:18:32'),(16838,1676,239,'Disha Walke has been assigned to lead','',5,'2024-08-13 05:18:32'),(16839,957,239,'Disha Walke update status to <strong>Not Reachable</strong>','shubham=not received',5,'2024-08-13 05:20:09'),(16840,957,239,'Disha Walke has been assigned to lead','',5,'2024-08-13 05:20:09'),(16841,956,239,'Disha Walke update status to <strong>Not Reachable</strong>','shubham= not received',5,'2024-08-13 05:21:52'),(16842,956,239,'Disha Walke has been assigned to lead','',5,'2024-08-13 05:21:52'),(16843,2477,238,'Srividya Jatragonda update status to <strong>Not Interested</strong>','Assigned to Juhi',11,'2024-08-13 05:23:54'),(16844,923,239,'Disha Walke update status to <strong>Not Interested</strong>','shubham= looking only gurgav',11,'2024-08-13 05:23:59'),(16845,2480,238,'Srividya Jatragonda update status to <strong>Not Interested</strong>','Assigned to Akshay',11,'2024-08-13 05:24:43'),(16846,2483,238,'Srividya Jatragonda update status to <strong>Not Interested</strong>','Assigned to JUhi',11,'2024-08-13 05:25:16'),(16847,2486,238,'Srividya Jatragonda update status to <strong>Not Interested</strong>','Assigned to Akshay',11,'2024-08-13 05:26:02'),(16848,922,239,'Disha Walke update status to <strong>Not Reachable</strong>','shubham= busy call cut',5,'2024-08-13 05:28:15'),(16849,922,239,'Disha Walke has been assigned to lead','',5,'2024-08-13 05:28:15'),(16850,2490,241,'Juhi Singh created new lead','CNL',1,'2024-08-13 05:30:15'),(16851,2490,241,'Juhi Singh has been assigned to lead','',2,'2024-08-13 05:30:15'),(16852,2491,241,'Juhi Singh created new lead','CNL',1,'2024-08-13 05:30:52'),(16853,2491,241,'Juhi Singh has been assigned to lead','',2,'2024-08-13 05:30:52'),(16854,2485,242,'Akshay Mahore update status to <strong>Switch Off</strong>','switched off , calling on whats app msg dropped ',6,'2024-08-13 05:31:19'),(16855,2492,241,'Juhi Singh created new lead','CNL',1,'2024-08-13 05:32:01'),(16856,2492,241,'Juhi Singh has been assigned to lead','',2,'2024-08-13 05:32:02'),(16857,224,239,'Disha Walke update status to <strong>Not Reachable</strong>','shubham= call cut',5,'2024-08-13 05:32:02'),(16858,224,239,'Disha Walke has been assigned to lead','',5,'2024-08-13 05:32:02'),(16859,222,239,'Disha Walke update status to <strong>Not Reachable</strong>','shubham= call cut ',5,'2024-08-13 05:33:22'),(16860,222,239,'Disha Walke has been assigned to lead','',5,'2024-08-13 05:33:22'),(16861,2493,241,'Juhi Singh created new lead','CNL',1,'2024-08-13 05:33:54'),(16862,2493,241,'Juhi Singh has been assigned to lead','',2,'2024-08-13 05:33:54'),(16863,209,239,'Disha Walke update status to <strong>Not Reachable</strong>','shubham= call cut',5,'2024-08-13 05:34:36'),(16864,209,239,'Disha Walke has been assigned to lead','',5,'2024-08-13 05:34:36'),(16865,2494,241,'Juhi Singh created new lead','CNL',1,'2024-08-13 05:35:06'),(16866,2494,241,'Juhi Singh has been assigned to lead','',2,'2024-08-13 05:35:06'),(16867,2488,242,'Akshay Mahore update status to <strong>Ringing</strong>','Ringing twice msg dropped \n',4,'2024-08-13 05:35:11'),(16868,204,239,'Disha Walke update status to <strong>Not Reachable</strong>','shubham= call cut',5,'2024-08-13 05:37:06'),(16869,204,239,'Disha Walke has been assigned to lead','',5,'2024-08-13 05:37:06'),(16870,2491,241,'Juhi Singh update status to <strong>Ringing</strong>','call rjeected , msg droppped ',4,'2024-08-13 05:37:32'),(16871,2492,241,'Juhi Singh update status to <strong>OBM scheduled</strong>','obm scheduled on Sunday 5 pm ',10,'2024-08-13 05:38:26'),(16872,2492,241,'Juhi Singh has been assigned to lead','',10,'2024-08-13 05:38:26'),(16873,2495,242,'Akshay Mahore created new lead','Invalid no.  offline on whats app msg dropped ',1,'2024-08-13 05:38:43'),(16874,2495,242,'Akshay Mahore has been assigned to lead','',2,'2024-08-13 05:38:43'),(16875,2492,241,'Juhi Singh update status to <strong>OBM Done</strong>','obm done',16,'2024-08-13 05:39:02'),(16876,2495,242,'Akshay Mahore update status to <strong>Not Reachable</strong>','Invalid no. offline on whats app msg dropped',5,'2024-08-13 05:39:13'),(16877,202,239,'Disha Walke update status to <strong>Not Reachable</strong>','shubham=network issue',5,'2024-08-13 05:39:46'),(16878,202,239,'Disha Walke has been assigned to lead','',5,'2024-08-13 05:39:46'),(16879,2492,241,'Juhi Singh update status to <strong>Token Done</strong>','looking for 3 BHK for the bigger carpet area interested in 3 BHK 1210 sqft and also in the duplex option as well currently they are residing in nyati Elysia on rent , own contribution will be around 10 to 15 lakhs both of them are working in Kharadi location that is EON IT Park, looking for an end use as they have already decided in Hinjewadi phase 2 so they are much aware about the location and more comfortable because of the environment, had issue regarding the channel partner, already told them regarding housiey so they are good to go, non bankable cheque given by them',17,'2024-08-13 05:40:18'),(16880,2490,241,'Juhi Singh update status to <strong>Interested</strong>','looking for 2BHK budget is 80 to 90 lacs as an end use , currently reciding in Balewadi , she is out of Pune will be back by Wednesday night so she will come down on Thursday at top International for obm , details shared with her.',7,'2024-08-13 05:42:41'),(16881,191,239,'Disha Walke update status to <strong>Not Reachable</strong>','shubham = looking only dhanori ',5,'2024-08-13 05:43:32'),(16882,191,239,'Disha Walke has been assigned to lead','',5,'2024-08-13 05:43:32'),(16883,2496,242,'Akshay Mahore created new lead','New',1,'2024-08-13 05:44:34'),(16884,2496,242,'Akshay Mahore has been assigned to lead','',2,'2024-08-13 05:44:34'),(16885,2493,241,'Juhi Singh update status to <strong>Not Reachable</strong>','switched off , ringing on WA , msg dropped ',5,'2024-08-13 05:44:55'),(16886,190,239,'Disha Walke update status to <strong>Not Reachable</strong>','shubham =not received',5,'2024-08-13 05:48:29'),(16887,190,239,'Disha Walke has been assigned to lead','',5,'2024-08-13 05:48:29'),(16888,2497,242,'Akshay Mahore created new lead','New ',1,'2024-08-13 05:48:31'),(16889,2497,242,'Akshay Mahore has been assigned to lead','',2,'2024-08-13 05:48:32'),(16890,2497,242,'Akshay Mahore update status to <strong>Not Reachable</strong>','Not at all intrested in that location clicked by mistake ,, looking for  poonawale location only , im busy will call later ',5,'2024-08-13 05:49:51'),(16891,185,239,'Disha Walke update status to <strong>Not Reachable</strong>','Shubham= call cut',5,'2024-08-13 05:50:56'),(16892,185,239,'Disha Walke has been assigned to lead','',5,'2024-08-13 05:50:56'),(16893,944,239,'Disha Walke update status to <strong>Not Reachable</strong>','shubham = not intrested',5,'2024-08-13 05:54:10'),(16894,944,239,'Disha Walke has been assigned to lead','',5,'2024-08-13 05:54:10'),(16895,2498,242,'Akshay Mahore created new lead','New ',1,'2024-08-13 05:55:41'),(16896,2498,242,'Akshay Mahore has been assigned to lead','',2,'2024-08-13 05:55:41'),(16897,896,239,'Disha Walke update status to <strong>Ringing</strong>','Shubham = call cut',4,'2024-08-13 05:55:47'),(16898,896,239,'Disha Walke has been assigned to lead','',4,'2024-08-13 05:55:47'),(16899,179,239,'Disha Walke update status to <strong>Not Reachable</strong>','Shubham= not intrested',5,'2024-08-13 05:57:46'),(16900,179,239,'Disha Walke has been assigned to lead','',5,'2024-08-13 05:57:46'),(16901,177,239,'Disha Walke update status to <strong>Not Reachable</strong>','shubham= not received',5,'2024-08-13 05:59:10'),(16902,177,239,'Disha Walke has been assigned to lead','',5,'2024-08-13 05:59:10'),(16903,176,239,'Disha Walke update status to <strong>Not Reachable</strong>','Shubham= not received',5,'2024-08-13 06:00:35'),(16904,176,239,'Disha Walke has been assigned to lead','',5,'2024-08-13 06:00:35'),(16905,2498,242,'Akshay Mahore update status to <strong>Ringing</strong>','Ringing , call disconnected  , massaged me , share the details , will call back later',4,'2024-08-13 06:01:08'),(16906,169,239,'Disha Walke update status to <strong>Not Reachable</strong>','Shubham= not received',5,'2024-08-13 06:02:34'),(16907,169,239,'Disha Walke has been assigned to lead','',5,'2024-08-13 06:02:34'),(16908,2494,241,'Juhi Singh update status to <strong>Ringing</strong>','ringing twice , msg dropped ',4,'2024-08-13 06:02:35'),(16909,149,239,'Disha Walke update status to <strong>Not Reachable</strong>','Shubham= not received',5,'2024-08-13 06:04:24'),(16910,149,239,'Disha Walke has been assigned to lead','',5,'2024-08-13 06:04:24'),(16911,2496,242,'Akshay Mahore update status to <strong>Ringing</strong>','Ringing twice msg dropped ',4,'2024-08-13 06:05:23'),(16912,2487,241,'Juhi Singh update status to <strong>Ringing</strong>','ringing , call rejected , msg dropped',4,'2024-08-13 06:06:11'),(16913,2484,241,'Juhi Singh update status to <strong>Ringing</strong>','asked to connect in evening between 5-6 pm ',4,'2024-08-13 06:09:11'),(16914,146,239,'Disha Walke update status to <strong>Not Reachable</strong>','Shubham = not received',5,'2024-08-13 06:11:33'),(16915,146,239,'Disha Walke has been assigned to lead','',5,'2024-08-13 06:11:33'),(16916,2481,241,'Juhi Singh update status to <strong>Ringing</strong>','asked to connect after 1 and a half hr ',4,'2024-08-13 06:11:55'),(16917,133,239,'Disha Walke update status to <strong>Not Reachable</strong>','Shubham = not received',5,'2024-08-13 06:13:56'),(16918,133,239,'Disha Walke has been assigned to lead','',5,'2024-08-13 06:13:57'),(16919,2478,241,'Juhi Singh update status to <strong>Ringing</strong>','ringing , call busy , msg dropped',4,'2024-08-13 06:14:45'),(16920,265,239,'Disha Walke update status to <strong>Not Reachable</strong>','Shubham= property purchase',5,'2024-08-13 06:17:38'),(16921,265,239,'Disha Walke has been assigned to lead','',5,'2024-08-13 06:17:38'),(16922,799,239,'Disha Walke update status to <strong>Ringing</strong>','Shubham= 1.5 sal pahale just online dekh raha tha property nahi chahiye ',4,'2024-08-13 06:24:32'),(16923,799,239,'Disha Walke has been assigned to lead','',4,'2024-08-13 06:24:32'),(16924,261,239,'Disha Walke update status to <strong>Ringing</strong>','Shubham= not received',4,'2024-08-13 06:26:55'),(16925,261,239,'Disha Walke has been assigned to lead','',4,'2024-08-13 06:26:55'),(16926,244,239,'Disha Walke update status to <strong>Ringing</strong>','Shubham=not received',4,'2024-08-13 06:28:54'),(16927,244,239,'Disha Walke has been assigned to lead','',4,'2024-08-13 06:28:54'),(16928,240,239,'Disha Walke update status to <strong>Not Interested</strong>','Shubham= brocker',11,'2024-08-13 06:32:49');

--
-- Table structure for table `lead_request`
--

CREATE TABLE `lead_request` (
  `id` int NOT NULL AUTO_INCREMENT,
  `launch_id` int DEFAULT NULL,
  `project_id` int DEFAULT NULL,
  `new_project_id` int DEFAULT NULL,
  `lead_status_id` int DEFAULT NULL,
  `status` enum('approved','reject','pending') CHARACTER SET utf8mb4 COLLATE utf8mb4_general_ci DEFAULT NULL,
  `start_date` datetime DEFAULT NULL,
  `lead_count` int DEFAULT NULL,
  `city_id` int DEFAULT NULL,
  `last_run` int DEFAULT NULL,
  `created_by` int DEFAULT NULL,
  `updated_by` int DEFAULT NULL,
  `created_at` datetime NOT NULL DEFAULT CURRENT_TIMESTAMP,
  `updated_at` datetime DEFAULT NULL ON UPDATE CURRENT_TIMESTAMP,
  PRIMARY KEY (`id`)
) ENGINE=InnoDB DEFAULT CHARSET=utf8mb4 COLLATE=utf8mb4_general_ci;

--
-- Dumping data for table `lead_request`
--


--
-- Table structure for table `lead_request_configuration`
--

CREATE TABLE `lead_request_configuration` (
  `id` int NOT NULL AUTO_INCREMENT,
  `lead_request_id` int NOT NULL,
  `project_configuration_id` int NOT NULL,
  `created_at` datetime DEFAULT CURRENT_TIMESTAMP,
  PRIMARY KEY (`id`)
) ENGINE=InnoDB DEFAULT CHARSET=utf8mb4 COLLATE=utf8mb4_general_ci;

--
-- Dumping data for table `lead_request_configuration`
--


--
-- Table structure for table `lead_request_team_member`
--

CREATE TABLE `lead_request_team_member` (
  `id` int NOT NULL AUTO_INCREMENT,
  `lead_request_id` int NOT NULL,
  `launch_team_id` int NOT NULL,
  `user_leads` int DEFAULT NULL,
  `created_at` datetime DEFAULT CURRENT_TIMESTAMP,
  PRIMARY KEY (`id`)
) ENGINE=InnoDB DEFAULT CHARSET=utf8mb4 COLLATE=utf8mb4_general_ci;

--
-- Dumping data for table `lead_request_team_member`
--


--
-- Table structure for table `lead_round_robin`
--

CREATE TABLE `lead_round_robin` (
  `id` int NOT NULL AUTO_INCREMENT,
  `launch_id` int NOT NULL,
  `project_id` int DEFAULT NULL,
  `assignment_data` json DEFAULT NULL,
  `created_at` datetime NOT NULL DEFAULT CURRENT_TIMESTAMP,
  `updated_at` datetime DEFAULT NULL ON UPDATE CURRENT_TIMESTAMP,
  PRIMARY KEY (`id`)
) ENGINE=InnoDB AUTO_INCREMENT=21 DEFAULT CHARSET=utf8mb4 COLLATE=utf8mb4_0900_ai_ci;

--
-- Dumping data for table `lead_round_robin`
--

INSERT INTO `lead_round_robin` VALUES (11,3,NULL,'{\"cycle\": 1, \"target\": [{\"lead\": 1, \"role\": \"field-sales\", \"user_id\": 249, \"assigned\": 0, \"current_index\": 0}, {\"lead\": 1, \"role\": \"field-sales\", \"user_id\": 248, \"assigned\": 0, \"current_index\": 0}, {\"lead\": 1, \"role\": \"field-sales\", \"user_id\": 247, \"assigned\": 0, \"current_index\": 0}], \"cycle_status\": \"in-progress\"}','2024-07-20 17:46:59',NULL),(13,1,NULL,'{\"cycle\": 1, \"target\": [{\"lead\": 2, \"role\": \"field-sales\", \"user_id\": 235, \"assigned\": 0, \"current_index\": 0}, {\"lead\": 1, \"role\": \"field-sales\", \"user_id\": 236, \"assigned\": 0, \"current_index\": 0}, {\"lead\": 1, \"role\": \"field-sales\", \"user_id\": 234, \"assigned\": 0, \"current_index\": 0}], \"cycle_status\": \"in-progress\"}','2024-07-20 17:47:28',NULL),(18,2,NULL,'{\"cycle\": 25, \"target\": [{\"lead\": 1, \"role\": \"pre-sales\", \"user_id\": 244, \"assigned\": 1, \"current_index\": 0}, {\"lead\": 1, \"role\": \"field-sales\", \"user_id\": 241, \"assigned\": 0, \"current_index\": 0}, {\"lead\": 1, \"role\": \"field-sales\", \"user_id\": 242, \"assigned\": 0, \"current_index\": 0}], \"cycle_status\": \"in-progress\"}','2024-08-01 14:20:25','2024-08-13 09:46:36'),(20,4,NULL,'{\"cycle\": 1, \"target\": [{\"lead\": 1, \"role\": \"field-sales\", \"user_id\": 252, \"assigned\": 0, \"current_index\": 0}, {\"lead\": 1, \"role\": \"field-sales\", \"user_id\": 250, \"assigned\": 0, \"current_index\": 0}], \"cycle_status\": \"in-progress\"}','2024-08-12 15:47:43',NULL);

--
-- Table structure for table `lead_status`
--

CREATE TABLE `lead_status` (
  `id` int NOT NULL AUTO_INCREMENT,
  `name` text CHARACTER SET utf8mb4 COLLATE utf8mb4_general_ci NOT NULL,
  `created_at` datetime NOT NULL DEFAULT CURRENT_TIMESTAMP,
  PRIMARY KEY (`id`),
  KEY `idx_lead_status_columns` (`id`)
) ENGINE=InnoDB AUTO_INCREMENT=23 DEFAULT CHARSET=utf8mb4 COLLATE=utf8mb4_general_ci;

--
-- Dumping data for table `lead_status`
--

INSERT INTO `lead_status` VALUES (1,'Not Assigned','2023-11-22 12:26:42'),(2,'Assigned','2023-11-22 12:26:42'),(3,'Talk Done','2023-11-22 12:26:42'),(4,'Ringing','2023-11-22 12:26:42'),(5,'Not Reachable','2023-11-22 12:26:42'),(6,'Switch Off','2023-11-22 12:26:42'),(7,'Interested','2023-11-22 12:26:42'),(8,'Site visit scheduled','2023-11-22 12:26:42'),(9,'VC scheduled','2023-11-22 12:26:42'),(10,'OBM scheduled','2023-11-22 12:26:42'),(11,'Not Interested','2023-11-22 12:26:42'),(12,'Broker','2024-01-03 14:26:43'),(13,'Fake','2024-01-03 14:26:43'),(14,'Site Visit Done','2024-01-03 14:26:43'),(15,'VC Done','2024-01-03 14:26:43'),(16,'OBM Done','2024-01-04 19:00:30'),(17,'Token Done','2024-01-04 19:00:30'),(18,'Booking Done','2024-01-04 19:00:30'),(19,'Booking Cancelled','2024-01-04 19:00:30'),(22,'Didn\'t Show Up','2024-02-13 11:41:50');

--
-- Table structure for table `project_configuration`
--

CREATE TABLE `project_configuration` (
  `id` int NOT NULL AUTO_INCREMENT,
  `project_id` int NOT NULL,
  `configuration_id` int DEFAULT NULL,
  `configuration_name` text CHARACTER SET utf8mb4 COLLATE utf8mb4_general_ci,
  `ticket_size` text CHARACTER SET utf8mb4 COLLATE utf8mb4_general_ci,
  `created_at` datetime DEFAULT CURRENT_TIMESTAMP,
  `updated_at` datetime DEFAULT NULL ON UPDATE CURRENT_TIMESTAMP,
  PRIMARY KEY (`id`)
) ENGINE=InnoDB AUTO_INCREMENT=65 DEFAULT CHARSET=utf8mb4 COLLATE=utf8mb4_general_ci;

--
-- Dumping data for table `project_configuration`
--

INSERT INTO `project_configuration` VALUES (40,1,1,'1BHK','7500000','2024-06-11 17:05:01',NULL),(41,1,2,'2BHK','12000000','2024-06-11 17:05:01',NULL),(42,1,3,'3BHK','16000000','2024-06-11 17:05:01',NULL),(43,3,1,'1BHK','7000000','2024-06-12 16:05:01',NULL),(44,3,2,'2BHK','12000000','2024-06-12 16:05:01',NULL),(45,3,3,'3BHK','15000000','2024-06-12 16:05:01',NULL),(46,4,2,'2BHK','9500000','2024-06-23 15:37:52',NULL),(47,4,3,'3BHK','13000000','2024-06-23 15:37:52',NULL),(51,2,1,'1BHK','6500000','2024-06-27 15:43:37',NULL),(52,2,2,'2BHK','10000000','2024-06-27 15:43:37',NULL),(53,2,3,'3BHK','15000000','2024-06-27 15:43:37',NULL),(54,5,6,'Studio','7500000','2024-07-05 12:29:22',NULL),(55,5,1,'1BHK','9000000','2024-07-05 12:29:22',NULL),(56,5,2,'2BHK','13800000','2024-07-05 12:29:22',NULL),(57,5,3,'3BHK','17500000','2024-07-05 12:29:22',NULL),(58,5,4,'4BHK','30000000','2024-07-05 12:29:22',NULL),(59,6,12,'OFFICE SPACE','25000000','2024-07-05 12:31:04',NULL),(60,7,1,'1BHK','7500000','2024-07-05 13:15:24',NULL),(61,7,2,'2BHK','10000000','2024-07-05 13:15:24',NULL),(62,7,3,'3BHK','15000000','2024-07-05 13:15:24',NULL),(63,7,4,'4BHK','35000000','2024-07-05 13:15:24',NULL),(64,8,12,'OFFICE SPACE','25000000','2024-07-05 13:16:19',NULL);

--
-- Table structure for table `project_localities`
--

CREATE TABLE `project_localities` (
  `id` int NOT NULL AUTO_INCREMENT,
  `name` text CHARACTER SET utf8mb4 COLLATE utf8mb4_general_ci NOT NULL,
  `project_id` int NOT NULL,
  `created_at` datetime DEFAULT CURRENT_TIMESTAMP,
  `updated_at` datetime DEFAULT NULL ON UPDATE CURRENT_TIMESTAMP,
  PRIMARY KEY (`id`)
) ENGINE=InnoDB AUTO_INCREMENT=77 DEFAULT CHARSET=utf8mb4 COLLATE=utf8mb4_general_ci;

--
-- Dumping data for table `project_localities`
--

INSERT INTO `project_localities` VALUES (53,'Dahisar East',1,'2024-06-11 17:05:01',NULL),(54,'Borivali East',1,'2024-06-11 17:05:01',NULL),(55,'Kandivali East',1,'2024-06-11 17:05:01',NULL),(56,'Kandivali West',1,'2024-06-11 17:05:01',NULL),(57,'Dahisar East',3,'2024-06-12 16:05:01',NULL),(58,'Borivali East',3,'2024-06-12 16:05:01',NULL),(59,'Kandivali East',3,'2024-06-12 16:05:01',NULL),(60,'Kandivali West',3,'2024-06-12 16:05:01',NULL),(61,'Wakad',4,'2024-06-23 15:37:52',NULL),(62,'Punawale',4,'2024-06-23 15:37:52',NULL),(63,'Tathawade',4,'2024-06-23 15:37:52',NULL),(64,'Ravet',4,'2024-06-23 15:37:52',NULL),(69,'Dahisar East',2,'2024-06-27 15:43:37',NULL),(70,'Borivali East',2,'2024-06-27 15:43:37',NULL),(71,'Kandivali East',2,'2024-06-27 15:43:37',NULL),(72,'Kandivali West',2,'2024-06-27 15:43:37',NULL),(73,'Ahmedabad',5,'2024-07-05 12:29:22',NULL),(74,'Ahmedabad',6,'2024-07-05 12:31:04',NULL),(75,'Gandhi Nagar',7,'2024-07-05 13:15:24',NULL),(76,'Gandhi Nagar',8,'2024-07-05 13:16:19',NULL);

--
-- Table structure for table `project_marketing_channels`
--

CREATE TABLE `project_marketing_channels` (
  `id` int NOT NULL AUTO_INCREMENT,
  `project_id` int NOT NULL,
  `channel` varchar(255) NOT NULL COMMENT 'facebook,google,whatsapp',
  `channel_id` text,
  `status` enum('active','inactive') DEFAULT NULL,
  `created_at` datetime NOT NULL DEFAULT CURRENT_TIMESTAMP,
  `updated_at` datetime DEFAULT NULL ON UPDATE CURRENT_TIMESTAMP,
  PRIMARY KEY (`id`)
) ENGINE=InnoDB AUTO_INCREMENT=41 DEFAULT CHARSET=utf8mb4 COLLATE=utf8mb4_0900_ai_ci;

--
-- Dumping data for table `project_marketing_channels`
--

INSERT INTO `project_marketing_channels` VALUES (1,1,'google','kalpataru-srishti','inactive','2024-06-12 17:33:37',NULL),(2,1,'facebook','968081408038845','inactive','2024-06-12 17:33:37',NULL),(3,1,'whatsapp','kalpataru-srishti','inactive','2024-06-12 17:33:37',NULL),(4,1,'housiey','kalpataru-srishti','inactive','2024-06-12 17:33:37',NULL),(5,1,'youtube','kalpataru-srishti','inactive','2024-06-12 17:33:37',NULL),(6,2,'google','HRishabraj Goregaon West','active','2024-07-02 14:11:14',NULL),(7,2,'facebook','1558204428073777','inactive','2024-07-02 14:11:14',NULL),(8,2,'whatsapp','jp-starlife','active','2024-07-02 14:11:14',NULL),(9,2,'housiey','jp-starlife','active','2024-07-02 14:11:14',NULL),(10,2,'youtube','jp-starlife','active','2024-07-02 14:11:14',NULL),(11,3,'google','vihang-luxuria','active','2024-06-10 12:39:46',NULL),(12,3,'facebook','879570106407729','active','2024-06-10 12:39:46',NULL),(13,3,'whatsapp','vihang-luxuria','active','2024-06-10 12:39:46',NULL),(14,3,'housiey','vihang-luxuria','active','2024-06-10 12:39:46',NULL),(15,3,'youtube','vihang-luxuria','active','2024-06-10 12:39:46',NULL),(16,4,'google','gera-highland','active','2024-07-27 13:29:17',NULL),(17,4,'facebook','843336920691176','active','2024-07-27 13:29:17',NULL),(18,4,'whatsapp','gera-highland','active','2024-07-27 13:29:17',NULL),(19,4,'housiey','gera-highland','active','2024-07-27 13:29:17',NULL),(20,4,'youtube','gera-highland','active','2024-07-27 13:29:17',NULL),(21,5,'google','nila-zorbo','active','2024-07-05 12:29:44',NULL),(22,5,'facebook','','inactive','2024-07-05 12:29:44',NULL),(23,5,'whatsapp','nila-zorbo','active','2024-07-05 12:29:44',NULL),(24,5,'housiey','nila-zorbo','active','2024-07-05 12:29:44',NULL),(25,5,'youtube','nila-zorbo','active','2024-07-05 12:29:44',NULL),(26,6,'google','shilp-centrica','active','2024-07-05 12:31:07',NULL),(27,6,'facebook','','inactive','2024-07-05 12:31:07',NULL),(28,6,'whatsapp','shilp-centrica','active','2024-07-05 12:31:07',NULL),(29,6,'housiey','shilp-centrica','active','2024-07-05 12:31:07',NULL),(30,6,'youtube','shilp-centrica','active','2024-07-05 12:31:07',NULL),(31,7,'google','siban','active','2024-07-05 13:15:29',NULL),(32,7,'facebook','','inactive','2024-07-05 13:15:29',NULL),(33,7,'whatsapp','siban','active','2024-07-05 13:15:29',NULL),(34,7,'housiey','siban','active','2024-07-05 13:15:29',NULL),(35,7,'youtube','siban','active','2024-07-05 13:15:29',NULL),(36,8,'google','shivalik-curv','active','2024-07-05 13:16:22',NULL),(37,8,'facebook','','inactive','2024-07-05 13:16:22',NULL),(38,8,'whatsapp','shivalik-curv','active','2024-07-05 13:16:22',NULL),(39,8,'housiey','shivalik-curv','active','2024-07-05 13:16:22',NULL),(40,8,'youtube','shivalik-curv','active','2024-07-05 13:16:22',NULL);

--
-- Table structure for table `projects`
--

CREATE TABLE `projects` (
  `id` int NOT NULL AUTO_INCREMENT,
  `name` text CHARACTER SET utf8mb4 COLLATE utf8mb4_general_ci NOT NULL,
  `location` text CHARACTER SET utf8mb4 COLLATE utf8mb4_general_ci NOT NULL,
  `builder_id` int NOT NULL,
  `region_id` int NOT NULL,
  `city_id` int DEFAULT NULL,
  `status` enum('active','inactive') CHARACTER SET utf8mb4 COLLATE utf8mb4_general_ci NOT NULL,
  `created_at` datetime DEFAULT CURRENT_TIMESTAMP,
  `updated_at` datetime DEFAULT NULL ON UPDATE CURRENT_TIMESTAMP,
  `created_by` int DEFAULT NULL,
  PRIMARY KEY (`id`),
  KEY `idx_project_columns` (`id`)
) ENGINE=InnoDB AUTO_INCREMENT=9 DEFAULT CHARSET=utf8mb4 COLLATE=utf8mb4_general_ci;

--
-- Dumping data for table `projects`
--

INSERT INTO `projects` VALUES (1,'Kalpataru Srishti','Mira Road',1,3,1,'active','2024-06-08 14:14:42',NULL,1),(2,'JP Mira Road','Mira Road',2,3,1,'active','2024-06-08 14:19:45','2024-06-27 15:43:23',1),(3,'Vihang Luxuria','Mira Road',3,3,1,'active','2024-06-08 14:21:08',NULL,1),(4,'Gera Highland','Hinjewadi',4,8,2,'active','2024-06-23 15:37:52',NULL,1),(5,'Nila Zorbo','Gift City',5,10,4,'active','2024-07-05 12:29:22',NULL,1),(6,'Shilp Centrica','Gift City',6,10,4,'active','2024-07-05 12:31:04',NULL,1),(7,'Siban','Gift City',7,10,4,'active','2024-07-05 13:15:24',NULL,1),(8,'Shivalik Curv','Gift City',8,10,4,'active','2024-07-05 13:16:19',NULL,1);

--
-- Table structure for table `region_cities`
--

CREATE TABLE `region_cities` (
  `id` int NOT NULL AUTO_INCREMENT,
  `region_id` int NOT NULL,
  `city_id` int NOT NULL,
  `status` varchar(255) CHARACTER SET utf8mb4 COLLATE utf8mb4_general_ci DEFAULT NULL,
  `created_at` timestamp NOT NULL DEFAULT CURRENT_TIMESTAMP,
  PRIMARY KEY (`id`)
) ENGINE=InnoDB AUTO_INCREMENT=12 DEFAULT CHARSET=utf8mb4 COLLATE=utf8mb4_general_ci;

--
-- Dumping data for table `region_cities`
--

INSERT INTO `region_cities` VALUES (1,1,1,NULL,'2024-06-08 08:05:03'),(2,2,1,NULL,'2024-06-08 08:05:12'),(3,3,1,NULL,'2024-06-08 08:05:39'),(4,4,1,NULL,'2024-06-08 08:05:54'),(5,5,1,NULL,'2024-06-08 08:06:15'),(6,6,1,NULL,'2024-06-08 08:06:22'),(7,7,1,NULL,'2024-06-08 08:06:32'),(8,8,2,NULL,'2024-06-23 10:06:24'),(9,9,2,NULL,'2024-06-23 10:06:47'),(10,10,4,NULL,'2024-07-05 03:47:37'),(11,11,4,NULL,'2024-07-05 03:47:58');

--
-- Table structure for table `regions`
--

CREATE TABLE `regions` (
  `id` int NOT NULL AUTO_INCREMENT,
  `name` text CHARACTER SET utf8mb4 COLLATE utf8mb4_general_ci NOT NULL,
  `status` enum('active','inactive') CHARACTER SET utf8mb4 COLLATE utf8mb4_general_ci NOT NULL,
  `created_at` datetime DEFAULT CURRENT_TIMESTAMP,
  `updated_at` datetime DEFAULT NULL ON UPDATE CURRENT_TIMESTAMP,
  PRIMARY KEY (`id`)
) ENGINE=InnoDB AUTO_INCREMENT=12 DEFAULT CHARSET=utf8mb4 COLLATE=utf8mb4_general_ci;

--
-- Dumping data for table `regions`
--

INSERT INTO `regions` VALUES (1,'KDMC','active','2024-06-08 13:35:03',NULL),(2,'SOBO','active','2024-06-08 13:35:12','2024-06-08 13:35:20'),(3,'DahisarToAndheri','active','2024-06-08 13:35:39',NULL),(4,'Central','active','2024-06-08 13:35:54','2024-06-08 13:37:11'),(5,'VVMC','active','2024-06-08 13:36:15',NULL),(6,'Thane','active','2024-06-08 13:36:22',NULL),(7,'Navi Mumbai','active','2024-06-08 13:36:32',NULL),(8,'RavetToHInjewadi','active','2024-06-23 15:36:24',NULL),(9,'KharadiToHadapsar','active','2024-06-23 15:36:47',NULL),(10,'GIFT CITY','active','2024-07-05 09:17:37',NULL),(11,'Shantigram','active','2024-07-05 09:17:58',NULL);

--
-- Table structure for table `role_permissions`
--

CREATE TABLE `role_permissions` (
  `id` int NOT NULL AUTO_INCREMENT,
  `role_id` int NOT NULL,
  `feature_id` int NOT NULL,
  `created_at` datetime NOT NULL DEFAULT CURRENT_TIMESTAMP,
  `updated_at` datetime DEFAULT NULL ON UPDATE CURRENT_TIMESTAMP,
  PRIMARY KEY (`id`)
) ENGINE=InnoDB AUTO_INCREMENT=890 DEFAULT CHARSET=utf8mb4 COLLATE=utf8mb4_0900_ai_ci;

--
-- Dumping data for table `role_permissions`
--

INSERT INTO `role_permissions` VALUES (681,2,2,'2023-10-25 07:33:45',NULL),(682,2,3,'2023-10-25 07:33:45',NULL),(683,2,7,'2023-10-25 07:33:45',NULL),(684,2,8,'2023-10-25 07:33:45',NULL),(685,2,9,'2023-10-25 07:33:45',NULL),(686,2,14,'2023-10-25 07:33:45',NULL),(763,31,14,'2023-12-09 15:33:02',NULL),(764,31,15,'2023-12-09 15:33:02',NULL),(765,31,16,'2023-12-09 15:33:02',NULL),(766,31,17,'2023-12-09 15:33:02',NULL),(767,31,18,'2023-12-09 15:33:02',NULL),(770,1,14,'2023-12-09 15:37:03',NULL),(771,1,15,'2023-12-09 15:37:03',NULL),(772,1,16,'2023-12-09 15:37:03',NULL),(773,1,17,'2023-12-09 15:37:03',NULL),(774,1,18,'2023-12-09 15:37:03',NULL),(776,15,16,'2023-12-12 17:19:26',NULL),(777,15,18,'2023-12-12 17:19:26',NULL),(778,1,24,'2024-01-31 13:11:08',NULL),(779,1,25,'2024-01-31 13:11:08',NULL),(780,1,26,'2024-01-31 13:11:08',NULL),(809,10,25,'2024-01-31 18:44:58',NULL),(810,10,27,'2024-01-31 18:44:58',NULL),(811,12,7,'2024-01-31 18:45:13',NULL),(812,12,8,'2024-01-31 18:45:13',NULL),(813,12,9,'2024-01-31 18:45:13',NULL),(814,12,10,'2024-01-31 18:45:13',NULL),(815,12,12,'2024-01-31 18:45:13',NULL),(816,12,13,'2024-01-31 18:45:13',NULL),(817,12,25,'2024-01-31 18:45:13',NULL),(818,12,27,'2024-01-31 18:45:13',NULL),(829,1,28,'2024-03-16 12:23:07',NULL),(830,1,29,'2024-03-16 12:23:08',NULL),(831,1,30,'2024-03-16 12:23:08',NULL),(832,1,31,'2024-03-16 12:23:08',NULL),(833,13,2,'2024-03-16 18:14:48',NULL),(834,13,3,'2024-03-16 18:14:48',NULL),(835,13,11,'2024-03-16 18:14:48',NULL),(836,13,12,'2024-03-16 18:14:48',NULL),(837,13,13,'2024-03-16 18:14:48',NULL),(838,13,17,'2024-03-16 18:14:48',NULL),(839,13,25,'2024-03-16 18:14:48',NULL),(840,13,26,'2024-03-16 18:14:48',NULL),(841,13,28,'2024-03-16 18:14:48',NULL),(842,13,29,'2024-03-16 18:14:48',NULL),(843,13,30,'2024-03-16 18:14:48',NULL),(844,13,31,'2024-03-16 18:14:48',NULL),(857,25,24,'2024-03-16 18:16:37',NULL),(858,25,25,'2024-03-16 18:16:37',NULL),(859,25,26,'2024-03-16 18:16:37',NULL),(860,25,27,'2024-03-16 18:16:37',NULL),(861,25,28,'2024-03-16 18:16:37',NULL),(862,25,30,'2024-03-16 18:16:37',NULL),(863,1,32,'2024-04-05 11:22:21',NULL),(878,4,2,'2024-06-17 15:00:51',NULL),(879,4,5,'2024-06-17 15:00:51',NULL),(880,4,6,'2024-06-17 15:00:51',NULL),(881,4,7,'2024-06-17 15:00:51',NULL),(882,4,10,'2024-06-17 15:00:51',NULL),(883,4,11,'2024-06-17 15:00:51',NULL),(884,4,24,'2024-06-17 15:00:51',NULL),(885,4,25,'2024-06-17 15:00:51',NULL),(886,4,26,'2024-06-17 15:00:51',NULL),(887,4,27,'2024-06-17 15:00:51',NULL),(888,4,28,'2024-06-17 15:00:51',NULL),(889,4,30,'2024-06-17 15:00:51',NULL);

--
-- Table structure for table `roles`
--

CREATE TABLE `roles` (
  `id` int NOT NULL AUTO_INCREMENT,
  `name` text,
  `label` text,
  `is_default` int NOT NULL,
  `created_at` datetime DEFAULT CURRENT_TIMESTAMP,
  `updated_at` datetime DEFAULT NULL ON UPDATE CURRENT_TIMESTAMP,
  `created_by` char(50) DEFAULT NULL,
  `updated_by` char(50) DEFAULT NULL,
  PRIMARY KEY (`id`)
) ENGINE=InnoDB AUTO_INCREMENT=71 DEFAULT CHARSET=utf8mb4 COLLATE=utf8mb4_0900_ai_ci;

--
-- Dumping data for table `roles`
--

INSERT INTO `roles` VALUES (1,'super_admin','Super Admin',1,'2023-08-03 00:00:00','2023-11-07 12:02:49','1','1'),(4,'cluster_manager','Cluster Manager',1,'2023-10-06 04:39:32','2024-01-31 07:26:08','1','1'),(10,'pre_sales','Pre Sales',1,'2023-10-10 08:59:13','2023-11-07 12:02:49','1',NULL),(12,'field_sales','Field Sales',1,'2023-10-10 09:01:29','2023-11-07 12:02:49','1',NULL),(13,'city_head','City Head',1,'2023-10-10 09:02:13','2023-11-07 12:02:49','1',NULL),(15,'human_resources','Human Resources',1,'2023-10-10 09:02:27','2023-11-07 12:03:51','1',NULL),(25,'team_lead','Team Lead',1,'2023-11-07 07:08:10','2023-11-30 11:36:31','1',NULL),(70,'AGM Sales','AGM Sales',0,'2024-06-08 14:00:12',NULL,'1',NULL);

--
-- Table structure for table `user_cities`
--

CREATE TABLE `user_cities` (
  `id` int NOT NULL AUTO_INCREMENT,
  `user_id` int DEFAULT NULL,
  `city_id` int DEFAULT NULL,
  `created_at` datetime DEFAULT CURRENT_TIMESTAMP,
  PRIMARY KEY (`id`)
) ENGINE=InnoDB AUTO_INCREMENT=23 DEFAULT CHARSET=utf8mb4 COLLATE=utf8mb4_general_ci;

--
-- Dumping data for table `user_cities`
--

INSERT INTO `user_cities` VALUES (1,232,1,'2024-06-08 13:40:06'),(2,233,1,'2024-06-08 13:59:15'),(3,234,1,'2024-06-08 14:07:22'),(4,235,1,'2024-06-08 14:11:01'),(5,236,1,'2024-06-08 14:12:34'),(6,237,2,'2024-06-23 14:25:01'),(7,238,2,'2024-06-23 14:27:45'),(8,239,2,'2024-06-23 14:34:34'),(9,240,2,'2024-06-23 14:36:03'),(10,241,2,'2024-06-23 14:37:18'),(11,242,2,'2024-06-23 14:53:20'),(12,243,2,'2024-06-23 14:55:17'),(13,244,2,'2024-06-23 14:56:16'),(14,245,2,'2024-06-23 15:42:35'),(15,246,4,'2024-07-05 09:07:27'),(16,247,4,'2024-07-05 09:57:15'),(17,248,4,'2024-07-05 09:58:33'),(18,249,4,'2024-07-05 09:59:55'),(19,250,4,'2024-07-05 10:02:05'),(20,251,4,'2024-07-05 10:08:44'),(21,252,4,'2024-07-05 10:09:56'),(22,253,4,'2024-07-05 12:38:04');

--
-- Table structure for table `user_designation`
--

CREATE TABLE `user_designation` (
  `id` int NOT NULL AUTO_INCREMENT,
  `user_id` int NOT NULL,
  `designation_id` int NOT NULL,
  `created_at` datetime DEFAULT CURRENT_TIMESTAMP,
  `updated_at` datetime DEFAULT NULL ON UPDATE CURRENT_TIMESTAMP,
  PRIMARY KEY (`id`)
) ENGINE=InnoDB AUTO_INCREMENT=23 DEFAULT CHARSET=utf8mb4 COLLATE=utf8mb4_general_ci;

--
-- Dumping data for table `user_designation`
--

INSERT INTO `user_designation` VALUES (1,232,1,'2024-06-08 13:40:11',NULL),(2,233,2,'2024-06-08 13:59:22',NULL),(3,234,3,'2024-06-08 14:07:28',NULL),(4,235,5,'2024-06-08 14:11:08',NULL),(5,236,7,'2024-06-08 14:12:39',NULL),(6,237,8,'2024-06-23 14:25:04',NULL),(7,238,9,'2024-06-23 14:27:51',NULL),(8,239,10,'2024-06-23 14:34:41',NULL),(9,240,11,'2024-06-23 14:36:11',NULL),(10,241,12,'2024-06-23 14:37:26',NULL),(11,242,4,'2024-06-23 14:53:26',NULL),(12,243,4,'2024-06-23 14:55:23',NULL),(13,244,10,'2024-06-23 14:56:23',NULL),(14,245,13,'2024-06-23 15:42:43',NULL),(15,246,8,'2024-07-05 09:07:30',NULL),(16,247,14,'2024-07-05 09:57:21',NULL),(17,248,4,'2024-07-05 09:58:39',NULL),(18,249,11,'2024-07-05 10:00:00',NULL),(19,250,9,'2024-07-05 10:02:10',NULL),(20,251,5,'2024-07-05 10:08:50',NULL),(21,252,5,'2024-07-05 10:10:02',NULL),(22,253,13,'2024-07-05 12:38:11',NULL);

--
-- Table structure for table `user_role`
--

CREATE TABLE `user_role` (
  `id` int NOT NULL AUTO_INCREMENT,
  `user_id` int DEFAULT NULL,
  `role_id` int DEFAULT NULL,
  `created_at` datetime DEFAULT CURRENT_TIMESTAMP,
  PRIMARY KEY (`id`)
) ENGINE=InnoDB AUTO_INCREMENT=248 DEFAULT CHARSET=utf8mb4 COLLATE=utf8mb4_0900_ai_ci;

--
-- Dumping data for table `user_role`
--

INSERT INTO `user_role` VALUES (1,1,1,'2023-10-11 09:23:50'),(226,232,13,'2024-06-08 13:40:11'),(227,233,4,'2024-06-08 13:59:22'),(228,234,25,'2024-06-08 14:07:28'),(229,235,12,'2024-06-08 14:11:08'),(230,236,12,'2024-06-08 14:12:39'),(231,237,13,'2024-06-23 14:25:04'),(232,238,25,'2024-06-23 14:27:51'),(233,239,10,'2024-06-23 14:34:41'),(234,240,12,'2024-06-23 14:36:11'),(235,241,12,'2024-06-23 14:37:26'),(236,242,12,'2024-06-23 14:53:26'),(237,243,12,'2024-06-23 14:55:23'),(238,244,10,'2024-06-23 14:56:23'),(239,245,4,'2024-06-23 15:42:43'),(240,246,13,'2024-07-05 09:07:30'),(241,247,25,'2024-07-05 09:57:21'),(242,248,12,'2024-07-05 09:58:39'),(243,249,12,'2024-07-05 10:00:00'),(244,250,25,'2024-07-05 10:02:10'),(245,251,12,'2024-07-05 10:08:50'),(246,252,12,'2024-07-05 10:10:02'),(247,253,4,'2024-07-05 12:38:11');

--
-- Table structure for table `user_token`
--

CREATE TABLE `user_token` (
  `id` int NOT NULL AUTO_INCREMENT,
  `user_id` int DEFAULT NULL,
  `token` text CHARACTER SET utf8mb4 COLLATE utf8mb4_general_ci,
  `created_at` timestamp NULL DEFAULT CURRENT_TIMESTAMP,
  PRIMARY KEY (`id`)
) ENGINE=InnoDB AUTO_INCREMENT=536 DEFAULT CHARSET=utf8mb4 COLLATE=utf8mb4_general_ci;

--
-- Dumping data for table `user_token`
--

INSERT INTO `user_token` VALUES (7,1,'eyJhbGciOiJIUzI1NiIsInR5cCI6IkpXVCJ9.eyJ1c2VySWQiOjEsInJvbGUiOnsiaWQiOjEsIm5hbWUiOiJzdXBlcl9hZG1pbiIsImxhYmVsIjoiU3VwZXIgQWRtaW4ifSwiY2l0eSI6W10sImlhdCI6MTcxNzQ4NTgxMywiZXhwIjoxNzE3NTcyMjEzfQ.WT3Bvl0hQd-4jSvySGB9-YcaJTNB0cCaqGRtFnmCRGY','2024-06-04 07:23:33'),(9,1,'eyJhbGciOiJIUzI1NiIsInR5cCI6IkpXVCJ9.eyJ1c2VySWQiOjEsInJvbGUiOnsiaWQiOjEsIm5hbWUiOiJzdXBlcl9hZG1pbiIsImxhYmVsIjoiU3VwZXIgQWRtaW4ifSwiY2l0eSI6W10sImlhdCI6MTcxNzU4ODIyOSwiZXhwIjoxNzE3Njc0NjI5fQ.p0yv9yqsAiR4YnYCCWuevTToRNnCzoAI2-ultmeLD_E','2024-06-05 11:50:29'),(14,235,'eyJhbGciOiJIUzI1NiIsInR5cCI6IkpXVCJ9.eyJ1c2VySWQiOjIzNSwicm9sZSI6eyJpZCI6MTIsIm5hbWUiOiJmaWVsZF9zYWxlcyIsImxhYmVsIjoiRmllbGQgU2FsZXMifSwiY2l0eSI6W3siY2l0eV9pZCI6MSwiY2l0eV9uYW1lIjoiTXVtYmFpIn1dLCJpYXQiOjE3MTc4MzgzNjAsImV4cCI6MTcxNzkyNDc2MH0._SValR3CCv6nxBokLkbHUioC5YMvjuDsqyNXxNkKby4','2024-06-08 09:19:20'),(16,233,'eyJhbGciOiJIUzI1NiIsInR5cCI6IkpXVCJ9.eyJ1c2VySWQiOjIzMywicm9sZSI6eyJpZCI6NCwibmFtZSI6ImNsdXN0ZXJfbWFuYWdlciIsImxhYmVsIjoiQ2x1c3RlciBNYW5hZ2VyIn0sImNpdHkiOlt7ImNpdHlfaWQiOjEsImNpdHlfbmFtZSI6Ik11bWJhaSJ9XSwiaWF0IjoxNzE3ODM4NDg1LCJleHAiOjE3MTc5MjQ4ODV9.g4lRjtjFEIZqx--N-Qc-J0pK2QNYrguAWTWoRhMAiNc','2024-06-08 09:21:25'),(24,1,'eyJhbGciOiJIUzI1NiIsInR5cCI6IkpXVCJ9.eyJ1c2VySWQiOjEsInJvbGUiOnsiaWQiOjEsIm5hbWUiOiJzdXBlcl9hZG1pbiIsImxhYmVsIjoiU3VwZXIgQWRtaW4ifSwiY2l0eSI6W10sImlhdCI6MTcxODAwMDQyOSwiZXhwIjoxNzE4MDg2ODI5fQ.z6kXsud-3wjinMK7mg0-H3u7WoY4Zv7Pc7YymfW2wqw','2024-06-10 06:20:43'),(25,1,'eyJhbGciOiJIUzI1NiIsInR5cCI6IkpXVCJ9.eyJ1c2VySWQiOjEsInJvbGUiOnsiaWQiOjEsIm5hbWUiOiJzdXBlcl9hZG1pbiIsImxhYmVsIjoiU3VwZXIgQWRtaW4ifSwiY2l0eSI6W10sImlhdCI6MTcxODAwMDQ5MCwiZXhwIjoxNzE4MDg2ODkwfQ.QH1oNoTuuL4NJq8rycfiid6Nv59LuGihQYe2k3YCDG8','2024-06-10 06:21:30'),(30,1,'eyJhbGciOiJIUzI1NiIsInR5cCI6IkpXVCJ9.eyJ1c2VySWQiOjEsInJvbGUiOnsiaWQiOjEsIm5hbWUiOiJzdXBlcl9hZG1pbiIsImxhYmVsIjoiU3VwZXIgQWRtaW4ifSwiY2l0eSI6W10sImlhdCI6MTcxODEwNTYyMSwiZXhwIjoxNzE4MTkyMDIxfQ.zvH25b2kx7blSfhRblGUWNVGo5aS3rjkZofCezcYa00','2024-06-11 11:33:41'),(31,236,'eyJhbGciOiJIUzI1NiIsInR5cCI6IkpXVCJ9.eyJ1c2VySWQiOjIzNiwicm9sZSI6eyJpZCI6MTIsIm5hbWUiOiJmaWVsZF9zYWxlcyIsImxhYmVsIjoiRmllbGQgU2FsZXMifSwiY2l0eSI6W3siY2l0eV9pZCI6MSwiY2l0eV9uYW1lIjoiTXVtYmFpIn1dLCJpYXQiOjE3MTgxMDYxMDEsImV4cCI6MTcxODE5MjUwMX0.alhPC-IqbXH_mFCS2DrOEuS24YOHR6lvGZZ4jJDwgiU','2024-06-11 11:41:41'),(47,233,'eyJhbGciOiJIUzI1NiIsInR5cCI6IkpXVCJ9.eyJ1c2VySWQiOjIzMywicm9sZSI6eyJpZCI6NCwibmFtZSI6ImNsdXN0ZXJfbWFuYWdlciIsImxhYmVsIjoiQ2x1c3RlciBNYW5hZ2VyIn0sImNpdHkiOlt7ImNpdHlfaWQiOjEsImNpdHlfbmFtZSI6Ik11bWJhaSJ9XSwiaWF0IjoxNzE4MTkwODIwLCJleHAiOjE3MTgyNzcyMjB9.8kRxIWJNwk4PVXgBayzxgEXLinLszz5PJX9Palq-kNA','2024-06-12 11:13:40'),(53,1,'eyJhbGciOiJIUzI1NiIsInR5cCI6IkpXVCJ9.eyJ1c2VySWQiOjEsInJvbGUiOnsiaWQiOjEsIm5hbWUiOiJzdXBlcl9hZG1pbiIsImxhYmVsIjoiU3VwZXIgQWRtaW4ifSwiY2l0eSI6W10sImlhdCI6MTcxODYxNjYxMiwiZXhwIjoxNzE4NzAzMDEyfQ.1JM850UcLLSnyhHlROnlaRDKVVLrrujgTm5z2f2wQks','2024-06-17 09:30:12'),(54,233,'eyJhbGciOiJIUzI1NiIsInR5cCI6IkpXVCJ9.eyJ1c2VySWQiOjIzMywicm9sZSI6eyJpZCI6NCwibmFtZSI6ImNsdXN0ZXJfbWFuYWdlciIsImxhYmVsIjoiQ2x1c3RlciBNYW5hZ2VyIn0sImNpdHkiOlt7ImNpdHlfaWQiOjEsImNpdHlfbmFtZSI6Ik11bWJhaSJ9XSwiaWF0IjoxNzE4NjE2NzMxLCJleHAiOjE3MTg3MDMxMzF9.thcK9u7NkGdD70M6Rl6dGWp_NUasP9xpJf7e56IQ_C0','2024-06-17 09:32:11'),(55,1,'eyJhbGciOiJIUzI1NiIsInR5cCI6IkpXVCJ9.eyJ1c2VySWQiOjEsInJvbGUiOnsiaWQiOjEsIm5hbWUiOiJzdXBlcl9hZG1pbiIsImxhYmVsIjoiU3VwZXIgQWRtaW4ifSwiY2l0eSI6W10sImlhdCI6MTcxODYxOTExMSwiZXhwIjoxNzE4NzA1NTExfQ.fJLcG31XPx9yoE638EQsFTYELQfV2JT2iIP1YmXOmsU','2024-06-17 10:11:51'),(60,237,'eyJhbGciOiJIUzI1NiIsInR5cCI6IkpXVCJ9.eyJ1c2VySWQiOjIzNywicm9sZSI6eyJpZCI6MTMsIm5hbWUiOiJjaXR5X2hlYWQiLCJsYWJlbCI6IkNpdHkgSGVhZCJ9LCJjaXR5IjpbeyJjaXR5X2lkIjoyLCJjaXR5X25hbWUiOiJQdW5lIn1dLCJpYXQiOjE3MTkxMzM5ODEsImV4cCI6MTcxOTIyMDM4MX0.NpRWslL7TqC8s2QAnzm-9pXB4ctiiIDaSUOTd2PaKCY','2024-06-23 09:13:01'),(62,238,'eyJhbGciOiJIUzI1NiIsInR5cCI6IkpXVCJ9.eyJ1c2VySWQiOjIzOCwicm9sZSI6eyJpZCI6MjUsIm5hbWUiOiJ0ZWFtX2xlYWQiLCJsYWJlbCI6IlRlYW0gTGVhZCJ9LCJjaXR5IjpbeyJjaXR5X2lkIjoyLCJjaXR5X25hbWUiOiJQdW5lIn1dLCJpYXQiOjE3MTkxMzg3MTMsImV4cCI6MTcxOTIyNTExM30.PncH9JuMrwkOYE7h8f-S5EqehUkfLkMSCNInF7KayXg','2024-06-23 10:31:53'),(68,241,'eyJhbGciOiJIUzI1NiIsInR5cCI6IkpXVCJ9.eyJ1c2VySWQiOjI0MSwicm9sZSI6eyJpZCI6MTIsIm5hbWUiOiJmaWVsZF9zYWxlcyIsImxhYmVsIjoiRmllbGQgU2FsZXMifSwiY2l0eSI6W3siY2l0eV9pZCI6MiwiY2l0eV9uYW1lIjoiUHVuZSJ9XSwiaWF0IjoxNzE5MTM5Nzk5LCJleHAiOjE3MTkyMjYxOTl9.HBn8wpep5TO74omm43k6CW4ioK8x8YbDa_5_skZAjnU','2024-06-23 10:49:59'),(69,242,'eyJhbGciOiJIUzI1NiIsInR5cCI6IkpXVCJ9.eyJ1c2VySWQiOjI0Miwicm9sZSI6eyJpZCI6MTIsIm5hbWUiOiJmaWVsZF9zYWxlcyIsImxhYmVsIjoiRmllbGQgU2FsZXMifSwiY2l0eSI6W3siY2l0eV9pZCI6MiwiY2l0eV9uYW1lIjoiUHVuZSJ9XSwiaWF0IjoxNzE5MTM5ODU4LCJleHAiOjE3MTkyMjYyNTh9.mgaqan_IWvQLSnThZamexeJHe2ed2b8M7pL7OjXmTic','2024-06-23 10:50:58'),(72,239,'eyJhbGciOiJIUzI1NiIsInR5cCI6IkpXVCJ9.eyJ1c2VySWQiOjIzOSwicm9sZSI6eyJpZCI6MTAsIm5hbWUiOiJwcmVfc2FsZXMiLCJsYWJlbCI6IlByZSBTYWxlcyJ9LCJjaXR5IjpbeyJjaXR5X2lkIjoyLCJjaXR5X25hbWUiOiJQdW5lIn1dLCJpYXQiOjE3MTkxNDAwNjIsImV4cCI6MTcxOTIyNjQ2Mn0.GrTRItZ5RnIsvLXW4kQ0giDACA_UYcJ_9pgo5qm2_lg','2024-06-23 10:54:22'),(74,237,'eyJhbGciOiJIUzI1NiIsInR5cCI6IkpXVCJ9.eyJ1c2VySWQiOjIzNywicm9sZSI6eyJpZCI6MTMsIm5hbWUiOiJjaXR5X2hlYWQiLCJsYWJlbCI6IkNpdHkgSGVhZCJ9LCJjaXR5IjpbeyJjaXR5X2lkIjoyLCJjaXR5X25hbWUiOiJQdW5lIn1dLCJpYXQiOjE3MTkxNDAxMjQsImV4cCI6MTcxOTIyNjUyNH0.XdH0spTffKKzyO77dDFf3af6x-F11f5fcMtIa2yoriE','2024-06-23 10:55:24'),(75,240,'eyJhbGciOiJIUzI1NiIsInR5cCI6IkpXVCJ9.eyJ1c2VySWQiOjI0MCwicm9sZSI6eyJpZCI6MTIsIm5hbWUiOiJmaWVsZF9zYWxlcyIsImxhYmVsIjoiRmllbGQgU2FsZXMifSwiY2l0eSI6W3siY2l0eV9pZCI6MiwiY2l0eV9uYW1lIjoiUHVuZSJ9XSwiaWF0IjoxNzE5MTQwMTI2LCJleHAiOjE3MTkyMjY1MjZ9.st-PXTwQttw8aiT6EADxopl8pR8QIRbnsmShR2VmZ-o','2024-06-23 10:55:26'),(101,244,'eyJhbGciOiJIUzI1NiIsInR5cCI6IkpXVCJ9.eyJ1c2VySWQiOjI0NCwicm9sZSI6eyJpZCI6MTAsIm5hbWUiOiJwcmVfc2FsZXMiLCJsYWJlbCI6IlByZSBTYWxlcyJ9LCJjaXR5IjpbeyJjaXR5X2lkIjoyLCJjaXR5X25hbWUiOiJQdW5lIn1dLCJpYXQiOjE3MTk0ODA3MzMsImV4cCI6MTcxOTU2NzEzM30.qFzswVxzHKCg3HrMFFHixBAVJOEl5v97epQQ7alHP-Q','2024-06-27 09:32:13'),(103,243,'eyJhbGciOiJIUzI1NiIsInR5cCI6IkpXVCJ9.eyJ1c2VySWQiOjI0Mywicm9sZSI6eyJpZCI6MTIsIm5hbWUiOiJmaWVsZF9zYWxlcyIsImxhYmVsIjoiRmllbGQgU2FsZXMifSwiY2l0eSI6W3siY2l0eV9pZCI6MiwiY2l0eV9uYW1lIjoiUHVuZSJ9XSwiaWF0IjoxNzE5NDgwNzc4LCJleHAiOjE3MTk1NjcxNzh9.kj1IMjzHKfE835CY_RPFX32qH_oteA06Wi3Jbt-VGgw','2024-06-27 09:32:59'),(104,243,'eyJhbGciOiJIUzI1NiIsInR5cCI6IkpXVCJ9.eyJ1c2VySWQiOjI0Mywicm9sZSI6eyJpZCI6MTIsIm5hbWUiOiJmaWVsZF9zYWxlcyIsImxhYmVsIjoiRmllbGQgU2FsZXMifSwiY2l0eSI6W3siY2l0eV9pZCI6MiwiY2l0eV9uYW1lIjoiUHVuZSJ9XSwiaWF0IjoxNzE5NDgwODAxLCJleHAiOjE3MTk1NjcyMDF9.EhOWzId6WZRpGI6h2SiaaV5g-UVfAmnInzUI4QBI2Ws','2024-06-27 09:33:21'),(157,241,'eyJhbGciOiJIUzI1NiIsInR5cCI6IkpXVCJ9.eyJ1c2VySWQiOjI0MSwicm9sZSI6eyJpZCI6MTIsIm5hbWUiOiJmaWVsZF9zYWxlcyIsImxhYmVsIjoiRmllbGQgU2FsZXMifSwiY2l0eSI6W3siY2l0eV9pZCI6MiwiY2l0eV9uYW1lIjoiUHVuZSJ9XSwiaWF0IjoxNzE5NzQwNDk4LCJleHAiOjE3MTk4MjY4OTh9.Ws7kyz9UXdArLj78HlKBOfZmnc4TMpYLWNwjr1UjgjI','2024-06-30 09:41:38'),(167,239,'eyJhbGciOiJIUzI1NiIsInR5cCI6IkpXVCJ9.eyJ1c2VySWQiOjIzOSwicm9sZSI6eyJpZCI6MTAsIm5hbWUiOiJwcmVfc2FsZXMiLCJsYWJlbCI6IlByZSBTYWxlcyJ9LCJjaXR5IjpbeyJjaXR5X2lkIjoyLCJjaXR5X25hbWUiOiJQdW5lIn1dLCJpYXQiOjE3MTk4OTY3MjIsImV4cCI6MTcxOTk4MzEyMn0.QNHf5yYqhs6Ss6AB0667vK_FzqZsSJoYOKXKR6iI1uQ','2024-07-02 05:05:22'),(173,239,'eyJhbGciOiJIUzI1NiIsInR5cCI6IkpXVCJ9.eyJ1c2VySWQiOjIzOSwicm9sZSI6eyJpZCI6MTAsIm5hbWUiOiJwcmVfc2FsZXMiLCJsYWJlbCI6IlByZSBTYWxlcyJ9LCJjaXR5IjpbeyJjaXR5X2lkIjoyLCJjaXR5X25hbWUiOiJQdW5lIn1dLCJpYXQiOjE3MTk5MTExNTcsImV4cCI6MTcxOTk5NzU1N30.mg7jwzWptVQHzLMZu8OMWRI3uZ7P5qQkdqS2iUDFkjI','2024-07-02 09:05:57'),(178,241,'eyJhbGciOiJIUzI1NiIsInR5cCI6IkpXVCJ9.eyJ1c2VySWQiOjI0MSwicm9sZSI6eyJpZCI6MTIsIm5hbWUiOiJmaWVsZF9zYWxlcyIsImxhYmVsIjoiRmllbGQgU2FsZXMifSwiY2l0eSI6W3siY2l0eV9pZCI6MiwiY2l0eV9uYW1lIjoiUHVuZSJ9XSwiaWF0IjoxNzE5OTI3MDM5LCJleHAiOjE3MjAwMTM0Mzl9.lQDRKJunSjzaUFI5pISwqv5mfBWtG-R4KR-3AKdvh88','2024-07-02 13:30:39'),(179,241,'eyJhbGciOiJIUzI1NiIsInR5cCI6IkpXVCJ9.eyJ1c2VySWQiOjI0MSwicm9sZSI6eyJpZCI6MTIsIm5hbWUiOiJmaWVsZF9zYWxlcyIsImxhYmVsIjoiRmllbGQgU2FsZXMifSwiY2l0eSI6W3siY2l0eV9pZCI6MiwiY2l0eV9uYW1lIjoiUHVuZSJ9XSwiaWF0IjoxNzE5OTI3NTA2LCJleHAiOjE3MjAwMTM5MDZ9.xAJKbUwo6H--CePtWMgp2n_9NKpko-35tQ4d2oNEE3w','2024-07-02 13:38:26'),(188,241,'eyJhbGciOiJIUzI1NiIsInR5cCI6IkpXVCJ9.eyJ1c2VySWQiOjI0MSwicm9sZSI6eyJpZCI6MTIsIm5hbWUiOiJmaWVsZF9zYWxlcyIsImxhYmVsIjoiRmllbGQgU2FsZXMifSwiY2l0eSI6W3siY2l0eV9pZCI6MiwiY2l0eV9uYW1lIjoiUHVuZSJ9XSwiaWF0IjoxNzE5OTg3Mzk3LCJleHAiOjE3MjAwNzM3OTd9.AZ_xq_B8KqYE9Ltq8CT40-HowCCJlYxF8uaUMONujmU','2024-07-03 06:16:37'),(189,241,'eyJhbGciOiJIUzI1NiIsInR5cCI6IkpXVCJ9.eyJ1c2VySWQiOjI0MSwicm9sZSI6eyJpZCI6MTIsIm5hbWUiOiJmaWVsZF9zYWxlcyIsImxhYmVsIjoiRmllbGQgU2FsZXMifSwiY2l0eSI6W3siY2l0eV9pZCI6MiwiY2l0eV9uYW1lIjoiUHVuZSJ9XSwiaWF0IjoxNzE5OTg3NTIyLCJleHAiOjE3MjAwNzM5MjJ9.o3pxnNSqEDIj6L_qmojMaJltQdlbj62AHPE_abn17Ws','2024-07-03 06:18:42'),(194,238,'eyJhbGciOiJIUzI1NiIsInR5cCI6IkpXVCJ9.eyJ1c2VySWQiOjIzOCwicm9sZSI6eyJpZCI6MjUsIm5hbWUiOiJ0ZWFtX2xlYWQiLCJsYWJlbCI6IlRlYW0gTGVhZCJ9LCJjaXR5IjpbeyJjaXR5X2lkIjoyLCJjaXR5X25hbWUiOiJQdW5lIn1dLCJpYXQiOjE3MjAwNjkzODYsImV4cCI6MTcyMDE1NTc4Nn0.wGjIKpj2N40u6yZDnd-1cQ_fFbCFDcaOQaxleLFOrcw','2024-07-04 05:03:06'),(196,239,'eyJhbGciOiJIUzI1NiIsInR5cCI6IkpXVCJ9.eyJ1c2VySWQiOjIzOSwicm9sZSI6eyJpZCI6MTAsIm5hbWUiOiJwcmVfc2FsZXMiLCJsYWJlbCI6IlByZSBTYWxlcyJ9LCJjaXR5IjpbeyJjaXR5X2lkIjoyLCJjaXR5X25hbWUiOiJQdW5lIn1dLCJpYXQiOjE3MjAwNjk1MTQsImV4cCI6MTcyMDE1NTkxNH0.WUplfkJqC5475AUjlQJNjs8glbPs0CdxM8rFAyXFMDY','2024-07-04 05:05:14'),(197,239,'eyJhbGciOiJIUzI1NiIsInR5cCI6IkpXVCJ9.eyJ1c2VySWQiOjIzOSwicm9sZSI6eyJpZCI6MTAsIm5hbWUiOiJwcmVfc2FsZXMiLCJsYWJlbCI6IlByZSBTYWxlcyJ9LCJjaXR5IjpbeyJjaXR5X2lkIjoyLCJjaXR5X25hbWUiOiJQdW5lIn1dLCJpYXQiOjE3MjAwNjk1MTQsImV4cCI6MTcyMDE1NTkxNH0.WUplfkJqC5475AUjlQJNjs8glbPs0CdxM8rFAyXFMDY','2024-07-04 05:05:14'),(200,242,'eyJhbGciOiJIUzI1NiIsInR5cCI6IkpXVCJ9.eyJ1c2VySWQiOjI0Miwicm9sZSI6eyJpZCI6MTIsIm5hbWUiOiJmaWVsZF9zYWxlcyIsImxhYmVsIjoiRmllbGQgU2FsZXMifSwiY2l0eSI6W3siY2l0eV9pZCI6MiwiY2l0eV9uYW1lIjoiUHVuZSJ9XSwiaWF0IjoxNzIwMDcxNDYxLCJleHAiOjE3MjAxNTc4NjF9.DkcXeJ4Gz2AJiL1pGnhBCYFaGb07B2dwSXEkRExO8rc','2024-07-04 05:37:41'),(203,1,'eyJhbGciOiJIUzI1NiIsInR5cCI6IkpXVCJ9.eyJ1c2VySWQiOjEsInJvbGUiOnsiaWQiOjEsIm5hbWUiOiJzdXBlcl9hZG1pbiIsImxhYmVsIjoiU3VwZXIgQWRtaW4ifSwiY2l0eSI6W10sImlhdCI6MTcyMDA4MjkxOCwiZXhwIjoxNzIwMTY5MzE4fQ.bzeoKFxT24l7p35WR7SJJz0rh3am9u_vLsOFLhagq5Q','2024-07-04 08:48:38'),(211,239,'eyJhbGciOiJIUzI1NiIsInR5cCI6IkpXVCJ9.eyJ1c2VySWQiOjIzOSwicm9sZSI6eyJpZCI6MTAsIm5hbWUiOiJwcmVfc2FsZXMiLCJsYWJlbCI6IlByZSBTYWxlcyJ9LCJjaXR5IjpbeyJjaXR5X2lkIjoyLCJjaXR5X25hbWUiOiJQdW5lIn1dLCJpYXQiOjE3MjAxNTUxMDcsImV4cCI6MTcyMDI0MTUwN30.8ybfj6qdGMlbSAqoLqdQqGnA8I6vvBWOioVtQe4OmGM','2024-07-05 04:51:47'),(214,242,'eyJhbGciOiJIUzI1NiIsInR5cCI6IkpXVCJ9.eyJ1c2VySWQiOjI0Miwicm9sZSI6eyJpZCI6MTIsIm5hbWUiOiJmaWVsZF9zYWxlcyIsImxhYmVsIjoiRmllbGQgU2FsZXMifSwiY2l0eSI6W3siY2l0eV9pZCI6MiwiY2l0eV9uYW1lIjoiUHVuZSJ9XSwiaWF0IjoxNzIwMTU2MDk0LCJleHAiOjE3MjAyNDI0OTR9.XsMBQPm7wlAgkgpr05E9PJbEgrrL-pU46YJ1hzB8HXU','2024-07-05 05:08:14'),(217,248,'eyJhbGciOiJIUzI1NiIsInR5cCI6IkpXVCJ9.eyJ1c2VySWQiOjI0OCwicm9sZSI6eyJpZCI6MTIsIm5hbWUiOiJmaWVsZF9zYWxlcyIsImxhYmVsIjoiRmllbGQgU2FsZXMifSwiY2l0eSI6W3siY2l0eV9pZCI6NCwiY2l0eV9uYW1lIjoiQWhtZWRhYmFkIn1dLCJpYXQiOjE3MjAxNTgwMDUsImV4cCI6MTcyMDI0NDQwNX0.o_uZB3pH6aST9JbarNYQ4JBvuyVQSOn-7HVMGVInj34','2024-07-05 05:40:05'),(223,252,'eyJhbGciOiJIUzI1NiIsInR5cCI6IkpXVCJ9.eyJ1c2VySWQiOjI1Miwicm9sZSI6eyJpZCI6MTIsIm5hbWUiOiJmaWVsZF9zYWxlcyIsImxhYmVsIjoiRmllbGQgU2FsZXMifSwiY2l0eSI6W3siY2l0eV9pZCI6NCwiY2l0eV9uYW1lIjoiQWhtZWRhYmFkIn1dLCJpYXQiOjE3MjAxNTgyNTYsImV4cCI6MTcyMDI0NDY1Nn0.Mx3L__Yk-A_KDv7PfV2zjYvw6zEBFEI6tZYmOgQDQcw','2024-07-05 05:44:16'),(224,251,'eyJhbGciOiJIUzI1NiIsInR5cCI6IkpXVCJ9.eyJ1c2VySWQiOjI1MSwicm9sZSI6eyJpZCI6MTIsIm5hbWUiOiJmaWVsZF9zYWxlcyIsImxhYmVsIjoiRmllbGQgU2FsZXMifSwiY2l0eSI6W3siY2l0eV9pZCI6NCwiY2l0eV9uYW1lIjoiQWhtZWRhYmFkIn1dLCJpYXQiOjE3MjAxNTg0MDUsImV4cCI6MTcyMDI0NDgwNX0.x6Hu1my7ODVGVOBIYQUpxdaQQqfl_M_zRdjkPreeqTQ','2024-07-05 05:46:45'),(225,252,'eyJhbGciOiJIUzI1NiIsInR5cCI6IkpXVCJ9.eyJ1c2VySWQiOjI1Miwicm9sZSI6eyJpZCI6MTIsIm5hbWUiOiJmaWVsZF9zYWxlcyIsImxhYmVsIjoiRmllbGQgU2FsZXMifSwiY2l0eSI6W3siY2l0eV9pZCI6NCwiY2l0eV9uYW1lIjoiQWhtZWRhYmFkIn1dLCJpYXQiOjE3MjAxNTg0MjEsImV4cCI6MTcyMDI0NDgyMX0.2itt0A7qAMlIgjIRNgioCnNFDSqeGlu7s_-N-tzbRjs','2024-07-05 05:47:01'),(228,249,'eyJhbGciOiJIUzI1NiIsInR5cCI6IkpXVCJ9.eyJ1c2VySWQiOjI0OSwicm9sZSI6eyJpZCI6MTIsIm5hbWUiOiJmaWVsZF9zYWxlcyIsImxhYmVsIjoiRmllbGQgU2FsZXMifSwiY2l0eSI6W3siY2l0eV9pZCI6NCwiY2l0eV9uYW1lIjoiQWhtZWRhYmFkIn1dLCJpYXQiOjE3MjAxNTg5OTUsImV4cCI6MTcyMDI0NTM5NX0.qywMqGq8wHp_VZnKuCTjbEnPIZYHFHeOEFUE4MeeltM','2024-07-05 05:56:35'),(239,251,'eyJhbGciOiJIUzI1NiIsInR5cCI6IkpXVCJ9.eyJ1c2VySWQiOjI1MSwicm9sZSI6eyJpZCI6MTIsIm5hbWUiOiJmaWVsZF9zYWxlcyIsImxhYmVsIjoiRmllbGQgU2FsZXMifSwiY2l0eSI6W3siY2l0eV9pZCI6NCwiY2l0eV9uYW1lIjoiQWhtZWRhYmFkIn1dLCJpYXQiOjE3MjAxNjY1NjYsImV4cCI6MTcyMDI1Mjk2Nn0.8I_UlTlbayEssnu4AxVKq_xKcE1FUe3ArDiNrrubqZk','2024-07-05 08:02:46'),(240,246,'eyJhbGciOiJIUzI1NiIsInR5cCI6IkpXVCJ9.eyJ1c2VySWQiOjI0Niwicm9sZSI6eyJpZCI6MTMsIm5hbWUiOiJjaXR5X2hlYWQiLCJsYWJlbCI6IkNpdHkgSGVhZCJ9LCJjaXR5IjpbeyJjaXR5X2lkIjo0LCJjaXR5X25hbWUiOiJBaG1lZGFiYWQifV0sImlhdCI6MTcyMDE2ODg3NiwiZXhwIjoxNzIwMjU1Mjc2fQ.TZWQ7Ri3PnAMQthfU7f-OH7xg4WgjmL8NzWHw7O-4Z0','2024-07-05 08:41:16'),(244,250,'eyJhbGciOiJIUzI1NiIsInR5cCI6IkpXVCJ9.eyJ1c2VySWQiOjI1MCwicm9sZSI6eyJpZCI6MjUsIm5hbWUiOiJ0ZWFtX2xlYWQiLCJsYWJlbCI6IlRlYW0gTGVhZCJ9LCJjaXR5IjpbeyJjaXR5X2lkIjo0LCJjaXR5X25hbWUiOiJBaG1lZGFiYWQifV0sImlhdCI6MTcyMDE3MjkxNiwiZXhwIjoxNzIwMjU5MzE2fQ.OnIQC_xdP_Xx3NxJKNnLEp8T6o-yl7_6I1an1BOmRP4','2024-07-05 09:48:36'),(249,238,'eyJhbGciOiJIUzI1NiIsInR5cCI6IkpXVCJ9.eyJ1c2VySWQiOjIzOCwicm9sZSI6eyJpZCI6MjUsIm5hbWUiOiJ0ZWFtX2xlYWQiLCJsYWJlbCI6IlRlYW0gTGVhZCJ9LCJjaXR5IjpbeyJjaXR5X2lkIjoyLCJjaXR5X25hbWUiOiJQdW5lIn1dLCJpYXQiOjE3MjAxNzQ1MjksImV4cCI6MTcyMDI2MDkyOX0.WoYeN_2LvXorO4-ccWORPnPTC5z1QULrNWuMwJcj_l4','2024-07-05 10:15:29'),(254,240,'eyJhbGciOiJIUzI1NiIsInR5cCI6IkpXVCJ9.eyJ1c2VySWQiOjI0MCwicm9sZSI6eyJpZCI6MTIsIm5hbWUiOiJmaWVsZF9zYWxlcyIsImxhYmVsIjoiRmllbGQgU2FsZXMifSwiY2l0eSI6W3siY2l0eV9pZCI6MiwiY2l0eV9uYW1lIjoiUHVuZSJ9XSwiaWF0IjoxNzIwMTc4Mzc2LCJleHAiOjE3MjAyNjQ3NzZ9.1JzTN9_8SFOjpK8yrvvOa-lanN-640BAouQsyxAw2b4','2024-07-05 11:19:36'),(263,252,'eyJhbGciOiJIUzI1NiIsInR5cCI6IkpXVCJ9.eyJ1c2VySWQiOjI1Miwicm9sZSI6eyJpZCI6MTIsIm5hbWUiOiJmaWVsZF9zYWxlcyIsImxhYmVsIjoiRmllbGQgU2FsZXMifSwiY2l0eSI6W3siY2l0eV9pZCI6NCwiY2l0eV9uYW1lIjoiQWhtZWRhYmFkIn1dLCJpYXQiOjE3MjAyNTEzNzEsImV4cCI6MTcyMDMzNzc3MX0.uIdS0QGty691Nw1ZlsB7EYXJrGkdgpNZxZDo0GDGD1s','2024-07-06 07:36:11'),(264,242,'eyJhbGciOiJIUzI1NiIsInR5cCI6IkpXVCJ9.eyJ1c2VySWQiOjI0Miwicm9sZSI6eyJpZCI6MTIsIm5hbWUiOiJmaWVsZF9zYWxlcyIsImxhYmVsIjoiRmllbGQgU2FsZXMifSwiY2l0eSI6W3siY2l0eV9pZCI6MiwiY2l0eV9uYW1lIjoiUHVuZSJ9XSwiaWF0IjoxNzIwMjU0Nzc1LCJleHAiOjE3MjAzNDExNzV9.Mm715-y9SblCU1VfvgYuAn_xN2vz24nXH8vMPVvJWG0','2024-07-06 08:32:55'),(269,237,'eyJhbGciOiJIUzI1NiIsInR5cCI6IkpXVCJ9.eyJ1c2VySWQiOjIzNywicm9sZSI6eyJpZCI6MTMsIm5hbWUiOiJjaXR5X2hlYWQiLCJsYWJlbCI6IkNpdHkgSGVhZCJ9LCJjaXR5IjpbeyJjaXR5X2lkIjoyLCJjaXR5X25hbWUiOiJQdW5lIn1dLCJpYXQiOjE3MjAyNzU5NzgsImV4cCI6MTcyMDM2MjM3OH0.18FZt5nuor6nE_9JLAZk-VCqUATS7QFUskjC4TGSg6Y','2024-07-06 14:26:18'),(275,243,'eyJhbGciOiJIUzI1NiIsInR5cCI6IkpXVCJ9.eyJ1c2VySWQiOjI0Mywicm9sZSI6eyJpZCI6MTIsIm5hbWUiOiJmaWVsZF9zYWxlcyIsImxhYmVsIjoiRmllbGQgU2FsZXMifSwiY2l0eSI6W3siY2l0eV9pZCI6MiwiY2l0eV9uYW1lIjoiUHVuZSJ9XSwiaWF0IjoxNzIwMzMyNzQzLCJleHAiOjE3MjA0MTkxNDN9.DGu6uYXEJho6rgGvXURpl7g6TI5Sy6IboPseBlYRiL8','2024-07-07 06:12:23'),(280,251,'eyJhbGciOiJIUzI1NiIsInR5cCI6IkpXVCJ9.eyJ1c2VySWQiOjI1MSwicm9sZSI6eyJpZCI6MTIsIm5hbWUiOiJmaWVsZF9zYWxlcyIsImxhYmVsIjoiRmllbGQgU2FsZXMifSwiY2l0eSI6W3siY2l0eV9pZCI6NCwiY2l0eV9uYW1lIjoiQWhtZWRhYmFkIn1dLCJpYXQiOjE3MjAzNTMwODQsImV4cCI6MTcyMDQzOTQ4NH0.rKd5eVVMpJuZLH04Wr-NtNr1v4XGTgHNaTHO581VMOo','2024-07-07 11:51:24'),(287,239,'eyJhbGciOiJIUzI1NiIsInR5cCI6IkpXVCJ9.eyJ1c2VySWQiOjIzOSwicm9sZSI6eyJpZCI6MTAsIm5hbWUiOiJwcmVfc2FsZXMiLCJsYWJlbCI6IlByZSBTYWxlcyJ9LCJjaXR5IjpbeyJjaXR5X2lkIjoyLCJjaXR5X25hbWUiOiJQdW5lIn1dLCJpYXQiOjE3MjA1MDAzOTMsImV4cCI6MTcyMDU4Njc5M30.e86kihL5IFhW-Vk2JyWh-sB_FNF2JtXFyvRqV3-GztU','2024-07-09 04:46:33'),(295,239,'eyJhbGciOiJIUzI1NiIsInR5cCI6IkpXVCJ9.eyJ1c2VySWQiOjIzOSwicm9sZSI6eyJpZCI6MTAsIm5hbWUiOiJwcmVfc2FsZXMiLCJsYWJlbCI6IlByZSBTYWxlcyJ9LCJjaXR5IjpbeyJjaXR5X2lkIjoyLCJjaXR5X25hbWUiOiJQdW5lIn1dLCJpYXQiOjE3MjA1MTQyNDgsImV4cCI6MTcyMDYwMDY0OH0.nuWLNiuSEciUnDzyqV79mAhXq3IajMnMJzr42FxvDmc','2024-07-09 08:37:28'),(296,237,'eyJhbGciOiJIUzI1NiIsInR5cCI6IkpXVCJ9.eyJ1c2VySWQiOjIzNywicm9sZSI6eyJpZCI6MTMsIm5hbWUiOiJjaXR5X2hlYWQiLCJsYWJlbCI6IkNpdHkgSGVhZCJ9LCJjaXR5IjpbeyJjaXR5X2lkIjoyLCJjaXR5X25hbWUiOiJQdW5lIn1dLCJpYXQiOjE3MjA1MjI5NDYsImV4cCI6MTcyMDYwOTM0Nn0.xf3DuQihyQZwNE-WxGgDAAhVUgm0M5jSJmr2vPbnoqg','2024-07-09 11:02:26'),(329,240,'eyJhbGciOiJIUzI1NiIsInR5cCI6IkpXVCJ9.eyJ1c2VySWQiOjI0MCwicm9sZSI6eyJpZCI6MTIsIm5hbWUiOiJmaWVsZF9zYWxlcyIsImxhYmVsIjoiRmllbGQgU2FsZXMifSwiY2l0eSI6W3siY2l0eV9pZCI6MiwiY2l0eV9uYW1lIjoiUHVuZSJ9XSwiaWF0IjoxNzIwNzc3NjIzLCJleHAiOjE3MjA4NjQwMjN9.pdVk2qN73drIoMffMcxRIikhytR6TxTa4DisdPuwx5E','2024-07-12 09:47:03'),(356,249,'eyJhbGciOiJIUzI1NiIsInR5cCI6IkpXVCJ9.eyJ1c2VySWQiOjI0OSwicm9sZSI6eyJpZCI6MTIsIm5hbWUiOiJmaWVsZF9zYWxlcyIsImxhYmVsIjoiRmllbGQgU2FsZXMifSwiY2l0eSI6W3siY2l0eV9pZCI6NCwiY2l0eV9uYW1lIjoiQWhtZWRhYmFkIn1dLCJpYXQiOjE3MjExMzU3MjcsImV4cCI6MTcyMTIyMjEyN30.DD7vk3eQ__3ZadUYVqiXYbX9YgN9y9lxwZhOS8ERAwo','2024-07-16 13:15:27'),(357,247,'eyJhbGciOiJIUzI1NiIsInR5cCI6IkpXVCJ9.eyJ1c2VySWQiOjI0Nywicm9sZSI6eyJpZCI6MjUsIm5hbWUiOiJ0ZWFtX2xlYWQiLCJsYWJlbCI6IlRlYW0gTGVhZCJ9LCJjaXR5IjpbeyJjaXR5X2lkIjo0LCJjaXR5X25hbWUiOiJBaG1lZGFiYWQifV0sImlhdCI6MTcyMTE5Mjk0OSwiZXhwIjoxNzIxMjc5MzQ5fQ.aDh_sQHyF42-N1wRi477D6_UwrDSQNDMNbm6DIyugek','2024-07-17 05:09:09'),(371,243,'eyJhbGciOiJIUzI1NiIsInR5cCI6IkpXVCJ9.eyJ1c2VySWQiOjI0Mywicm9sZSI6eyJpZCI6MTIsIm5hbWUiOiJmaWVsZF9zYWxlcyIsImxhYmVsIjoiRmllbGQgU2FsZXMifSwiY2l0eSI6W3siY2l0eV9pZCI6MiwiY2l0eV9uYW1lIjoiUHVuZSJ9XSwiaWF0IjoxNzIxMzAzNzcxLCJleHAiOjE3MjEzOTAxNzF9.JsfK1ashZL8GhW8LQYJlE4cXzFvRYctCUckj7eqrmWw','2024-07-18 11:56:11'),(378,1,'eyJhbGciOiJIUzI1NiIsInR5cCI6IkpXVCJ9.eyJ1c2VySWQiOjEsInJvbGUiOnsiaWQiOjEsIm5hbWUiOiJzdXBlcl9hZG1pbiIsImxhYmVsIjoiU3VwZXIgQWRtaW4ifSwiY2l0eSI6W10sImlhdCI6MTcyMTM5Mzk2OCwiZXhwIjoxNzIxNDgwMzY4fQ.HvipAkSAHB8B0_RWwHRlQ-jlJuUK3qNUETLHGlEYksU','2024-07-19 12:59:28'),(386,248,'eyJhbGciOiJIUzI1NiIsInR5cCI6IkpXVCJ9.eyJ1c2VySWQiOjI0OCwicm9sZSI6eyJpZCI6MTIsIm5hbWUiOiJmaWVsZF9zYWxlcyIsImxhYmVsIjoiRmllbGQgU2FsZXMifSwiY2l0eSI6W3siY2l0eV9pZCI6NCwiY2l0eV9uYW1lIjoiQWhtZWRhYmFkIn1dLCJpYXQiOjE3MjE0NTUwODgsImV4cCI6MTcyMTU0MTQ4OH0.DfOk3mpaTUZaZ8Zs7HEZAAS0HVtFLjXd2C7zctTKB9w','2024-07-20 05:58:08'),(390,241,'eyJhbGciOiJIUzI1NiIsInR5cCI6IkpXVCJ9.eyJ1c2VySWQiOjI0MSwicm9sZSI6eyJpZCI6MTIsIm5hbWUiOiJmaWVsZF9zYWxlcyIsImxhYmVsIjoiRmllbGQgU2FsZXMifSwiY2l0eSI6W3siY2l0eV9pZCI6MiwiY2l0eV9uYW1lIjoiUHVuZSJ9XSwiaWF0IjoxNzIxNTM5MzQzLCJleHAiOjE3MjE2MjU3NDN9.4bjra_qgDEqQOr4udyxkfrOc_hjrAIddhM9tqOPVNpA','2024-07-21 05:22:24'),(415,237,'eyJhbGciOiJIUzI1NiIsInR5cCI6IkpXVCJ9.eyJ1c2VySWQiOjIzNywicm9sZSI6eyJpZCI6MTMsIm5hbWUiOiJjaXR5X2hlYWQiLCJsYWJlbCI6IkNpdHkgSGVhZCJ9LCJjaXR5IjpbeyJjaXR5X2lkIjoyLCJjaXR5X25hbWUiOiJQdW5lIn1dLCJpYXQiOjE3MjIwNjY1NzMsImV4cCI6MTcyMjE1Mjk3M30.EzF4_B9YmSIXApz2iuI4u3vA6PnDmbwptKLFxPmvKPw','2024-07-27 07:49:33'),(444,1,'eyJhbGciOiJIUzI1NiIsInR5cCI6IkpXVCJ9.eyJ1c2VySWQiOjEsInJvbGUiOnsiaWQiOjEsIm5hbWUiOiJzdXBlcl9hZG1pbiIsImxhYmVsIjoiU3VwZXIgQWRtaW4ifSwiY2l0eSI6W10sImlhdCI6MTcyMjQzMjkyOCwiZXhwIjoxNzIyNTE5MzI4fQ.8pFXSd_67sz7WHbhQHhyDw7wfA11CZaIWEdBhKjPVbo','2024-07-31 13:35:28'),(446,1,'eyJhbGciOiJIUzI1NiIsInR5cCI6IkpXVCJ9.eyJ1c2VySWQiOjEsInJvbGUiOnsiaWQiOjEsIm5hbWUiOiJzdXBlcl9hZG1pbiIsImxhYmVsIjoiU3VwZXIgQWRtaW4ifSwiY2l0eSI6W10sImlhdCI6MTcyMjQzNDY1NiwiZXhwIjoxNzIyNTIxMDU2fQ.pd_HhBDyUZbY_7bnscdj5aGP5E4G79km3tHIYx_PR_A','2024-07-31 14:04:16'),(448,1,'eyJhbGciOiJIUzI1NiIsInR5cCI6IkpXVCJ9.eyJ1c2VySWQiOjEsInJvbGUiOnsiaWQiOjEsIm5hbWUiOiJzdXBlcl9hZG1pbiIsImxhYmVsIjoiU3VwZXIgQWRtaW4ifSwiY2l0eSI6W10sImlhdCI6MTcyMjQzNzgyNSwiZXhwIjoxNzIyNTI0MjI1fQ.w9-ft8pgn8rAFnbguHYSiYivP3gmMsiiUhikcWvh8Os','2024-07-31 14:57:05'),(451,1,'eyJhbGciOiJIUzI1NiIsInR5cCI6IkpXVCJ9.eyJ1c2VySWQiOjEsInJvbGUiOnsiaWQiOjEsIm5hbWUiOiJzdXBlcl9hZG1pbiIsImxhYmVsIjoiU3VwZXIgQWRtaW4ifSwiY2l0eSI6W10sImlhdCI6MTcyMjQ5MTQ3OSwiZXhwIjoxNzIyNTc3ODc5fQ.1RH_ehbv6SXY8gR_FI0SYWvvVOiU4DG6A75kInQUiNs','2024-08-01 05:51:44'),(464,237,'eyJhbGciOiJIUzI1NiIsInR5cCI6IkpXVCJ9.eyJ1c2VySWQiOjIzNywicm9sZSI6eyJpZCI6MTMsIm5hbWUiOiJjaXR5X2hlYWQiLCJsYWJlbCI6IkNpdHkgSGVhZCJ9LCJjaXR5IjpbeyJjaXR5X2lkIjoyLCJjaXR5X25hbWUiOiJQdW5lIn1dLCJpYXQiOjE3MjI2NjQ1NTUsImV4cCI6MTcyMjc1MDk1NX0.nKm4r9To8hmavXbE1UJLN_7adlvbq5lL7YS5oKrOulE','2024-08-03 05:55:55'),(479,242,'eyJhbGciOiJIUzI1NiIsInR5cCI6IkpXVCJ9.eyJ1c2VySWQiOjI0Miwicm9sZSI6eyJpZCI6MTIsIm5hbWUiOiJmaWVsZF9zYWxlcyIsImxhYmVsIjoiRmllbGQgU2FsZXMifSwiY2l0eSI6W3siY2l0eV9pZCI6MiwiY2l0eV9uYW1lIjoiUHVuZSJ9XSwiaWF0IjoxNzIyODUxMTQyLCJleHAiOjE3MjI5Mzc1NDJ9.utp77wKJC4LQIvX-XVfBDsVH5XEChwdUWpZpqPIvfRg','2024-08-05 09:45:42'),(481,244,'eyJhbGciOiJIUzI1NiIsInR5cCI6IkpXVCJ9.eyJ1c2VySWQiOjI0NCwicm9sZSI6eyJpZCI6MTAsIm5hbWUiOiJwcmVfc2FsZXMiLCJsYWJlbCI6IlByZSBTYWxlcyJ9LCJjaXR5IjpbeyJjaXR5X2lkIjoyLCJjaXR5X25hbWUiOiJQdW5lIn1dLCJpYXQiOjE3MjI5MTg1MDgsImV4cCI6MTcyMzAwNDkwOH0.BpoGoagP0BmEP7JF58vsLA9IHy__iPVKzzrW1XfjkbU','2024-08-06 04:28:28'),(486,244,'eyJhbGciOiJIUzI1NiIsInR5cCI6IkpXVCJ9.eyJ1c2VySWQiOjI0NCwicm9sZSI6eyJpZCI6MTAsIm5hbWUiOiJwcmVfc2FsZXMiLCJsYWJlbCI6IlByZSBTYWxlcyJ9LCJjaXR5IjpbeyJjaXR5X2lkIjoyLCJjaXR5X25hbWUiOiJQdW5lIn1dLCJpYXQiOjE3MjI5MjcxMjUsImV4cCI6MTcyMzAxMzUyNX0.dPRNDavg8K1EoTjybulQUHy8oCVvFzkrN5dLYjXS1SA','2024-08-06 06:52:05'),(492,244,'eyJhbGciOiJIUzI1NiIsInR5cCI6IkpXVCJ9.eyJ1c2VySWQiOjI0NCwicm9sZSI6eyJpZCI6MTAsIm5hbWUiOiJwcmVfc2FsZXMiLCJsYWJlbCI6IlByZSBTYWxlcyJ9LCJjaXR5IjpbeyJjaXR5X2lkIjoyLCJjaXR5X25hbWUiOiJQdW5lIn1dLCJpYXQiOjE3MjMwMDU1MDksImV4cCI6MTcyMzA5MTkwOX0.4ZjlO_szP123CisJZsZokXaSL-REXLXkqFe83V-aDXE','2024-08-07 04:38:29'),(494,248,'eyJhbGciOiJIUzI1NiIsInR5cCI6IkpXVCJ9.eyJ1c2VySWQiOjI0OCwicm9sZSI6eyJpZCI6MTIsIm5hbWUiOiJmaWVsZF9zYWxlcyIsImxhYmVsIjoiRmllbGQgU2FsZXMifSwiY2l0eSI6W3siY2l0eV9pZCI6NCwiY2l0eV9uYW1lIjoiQWhtZWRhYmFkIn1dLCJpYXQiOjE3MjMwMDY2OTMsImV4cCI6MTcyMzA5MzA5M30.AxUSrkl1aHDM4TsnJqkJHrDU6noIachJDHUBcvxTqNI','2024-08-07 04:58:13'),(510,244,'eyJhbGciOiJIUzI1NiIsInR5cCI6IkpXVCJ9.eyJ1c2VySWQiOjI0NCwicm9sZSI6eyJpZCI6MTAsIm5hbWUiOiJwcmVfc2FsZXMiLCJsYWJlbCI6IlByZSBTYWxlcyJ9LCJjaXR5IjpbeyJjaXR5X2lkIjoyLCJjaXR5X25hbWUiOiJQdW5lIn1dLCJpYXQiOjE3MjMxMjg0MzgsImV4cCI6MTcyMzIxNDgzOH0.uGf8c7vhABg70Ql8sT5_RnsdjlhwJ9iX4BqDX-6CtWo','2024-08-08 14:47:18'),(515,244,'eyJhbGciOiJIUzI1NiIsInR5cCI6IkpXVCJ9.eyJ1c2VySWQiOjI0NCwicm9sZSI6eyJpZCI6MTAsIm5hbWUiOiJwcmVfc2FsZXMiLCJsYWJlbCI6IlByZSBTYWxlcyJ9LCJjaXR5IjpbeyJjaXR5X2lkIjoyLCJjaXR5X25hbWUiOiJQdW5lIn1dLCJpYXQiOjE3MjMxODUyNDEsImV4cCI6MTcyMzI3MTY0MX0.x0aEAIWeo5qC-HUFyrH95-fKaZDBh55If03dCZTqfQo','2024-08-09 06:34:01'),(517,237,'eyJhbGciOiJIUzI1NiIsInR5cCI6IkpXVCJ9.eyJ1c2VySWQiOjIzNywicm9sZSI6eyJpZCI6MTMsIm5hbWUiOiJjaXR5X2hlYWQiLCJsYWJlbCI6IkNpdHkgSGVhZCJ9LCJjaXR5IjpbeyJjaXR5X2lkIjoyLCJjaXR5X25hbWUiOiJQdW5lIn1dLCJpYXQiOjE3MjMxOTY2MzAsImV4cCI6MTcyMzI4MzAzMH0.9z3BHNto3iDXAB7Fz-fXWPaXZ3FDM8RXPfso69cubWE','2024-08-09 09:43:50'),(529,1,'eyJhbGciOiJIUzI1NiIsInR5cCI6IkpXVCJ9.eyJ1c2VySWQiOjEsInJvbGUiOnsiaWQiOjEsIm5hbWUiOiJzdXBlcl9hZG1pbiIsImxhYmVsIjoiU3VwZXIgQWRtaW4ifSwiY2l0eSI6W10sImlhdCI6MTcyMzQ0MDczMiwiZXhwIjoxNzIzNTI3MTMyfQ.NY8tEZtHUzFiAz36Y45iYStO9UCyvnzFX8gV54x_brc','2024-08-12 05:32:12'),(530,242,'eyJhbGciOiJIUzI1NiIsInR5cCI6IkpXVCJ9.eyJ1c2VySWQiOjI0Miwicm9sZSI6eyJpZCI6MTIsIm5hbWUiOiJmaWVsZF9zYWxlcyIsImxhYmVsIjoiRmllbGQgU2FsZXMifSwiY2l0eSI6W3siY2l0eV9pZCI6MiwiY2l0eV9uYW1lIjoiUHVuZSJ9XSwiaWF0IjoxNzIzNDc1MjI0LCJleHAiOjE3MjM1NjE2MjR9.QpEWPb6GmJaGHoRYLw95f-_lXafnNR8aEUvYFB7x2uE','2024-08-12 15:07:04'),(531,241,'eyJhbGciOiJIUzI1NiIsInR5cCI6IkpXVCJ9.eyJ1c2VySWQiOjI0MSwicm9sZSI6eyJpZCI6MTIsIm5hbWUiOiJmaWVsZF9zYWxlcyIsImxhYmVsIjoiRmllbGQgU2FsZXMifSwiY2l0eSI6W3siY2l0eV9pZCI6MiwiY2l0eV9uYW1lIjoiUHVuZSJ9XSwiaWF0IjoxNzIzNDg0NTc2LCJleHAiOjE3MjM1NzA5NzZ9.JhEjAf-XS8magkqPikIzJmu-9N-eeuhzM_Odl_wnrKw','2024-08-12 17:42:56'),(532,239,'eyJhbGciOiJIUzI1NiIsInR5cCI6IkpXVCJ9.eyJ1c2VySWQiOjIzOSwicm9sZSI6eyJpZCI6MTAsIm5hbWUiOiJwcmVfc2FsZXMiLCJsYWJlbCI6IlByZSBTYWxlcyJ9LCJjaXR5IjpbeyJjaXR5X2lkIjoyLCJjaXR5X25hbWUiOiJQdW5lIn1dLCJpYXQiOjE3MjM1MjQ1MDMsImV4cCI6MTcyMzYxMDkwM30.l2PWkeB9shGZVTi5I5brrL7MVs4pkEfsfwnKCxjC5eA','2024-08-13 04:48:23'),(533,238,'eyJhbGciOiJIUzI1NiIsInR5cCI6IkpXVCJ9.eyJ1c2VySWQiOjIzOCwicm9sZSI6eyJpZCI6MjUsIm5hbWUiOiJ0ZWFtX2xlYWQiLCJsYWJlbCI6IlRlYW0gTGVhZCJ9LCJjaXR5IjpbeyJjaXR5X2lkIjoyLCJjaXR5X25hbWUiOiJQdW5lIn1dLCJpYXQiOjE3MjM1MjU5OTksImV4cCI6MTcyMzYxMjM5OX0.DEmwebInoJCYbvdcFkLfznAuOpjzNTVmsHM9mTHLeI8','2024-08-13 05:13:19'),(534,242,'eyJhbGciOiJIUzI1NiIsInR5cCI6IkpXVCJ9.eyJ1c2VySWQiOjI0Miwicm9sZSI6eyJpZCI6MTIsIm5hbWUiOiJmaWVsZF9zYWxlcyIsImxhYmVsIjoiRmllbGQgU2FsZXMifSwiY2l0eSI6W3siY2l0eV9pZCI6MiwiY2l0eV9uYW1lIjoiUHVuZSJ9XSwiaWF0IjoxNzIzNTI2ODAyLCJleHAiOjE3MjM2MTMyMDJ9.6iUscPkqEApLYH4WySrY9CqmnL6xX22yq76OeO4Klhc','2024-08-13 05:26:42'),(535,241,'eyJhbGciOiJIUzI1NiIsInR5cCI6IkpXVCJ9.eyJ1c2VySWQiOjI0MSwicm9sZSI6eyJpZCI6MTIsIm5hbWUiOiJmaWVsZF9zYWxlcyIsImxhYmVsIjoiRmllbGQgU2FsZXMifSwiY2l0eSI6W3siY2l0eV9pZCI6MiwiY2l0eV9uYW1lIjoiUHVuZSJ9XSwiaWF0IjoxNzIzNTI2ODQ2LCJleHAiOjE3MjM2MTMyNDZ9._yTbZ8T9bB3a24TTl0o6K0M_8WzqvNaTKK8smpuwIpY','2024-08-13 05:27:26');

--
-- Table structure for table `users`
--

CREATE TABLE `users` (
  `id` int NOT NULL AUTO_INCREMENT,
  `first_name` varchar(255) DEFAULT NULL,
  `last_name` varchar(255) DEFAULT NULL,
  `email` varchar(320) CHARACTER SET utf8mb4 COLLATE utf8mb4_general_ci DEFAULT NULL,
  `phone` varchar(255) DEFAULT NULL,
  `password` varchar(255) DEFAULT NULL,
  `status` enum('active','inactive') NOT NULL,
  `reporting_manager_id` int DEFAULT NULL,
  `first_login` int DEFAULT NULL,
  `city_id` int DEFAULT NULL,
  `created_at` datetime DEFAULT CURRENT_TIMESTAMP,
  `updated_at` datetime DEFAULT NULL ON UPDATE CURRENT_TIMESTAMP,
  `created_by` char(50) DEFAULT NULL,
  `updated_by` char(50) DEFAULT NULL,
  `deleted_at` timestamp NULL DEFAULT NULL,
  `salary` bigint DEFAULT NULL,
  PRIMARY KEY (`id`),
  UNIQUE KEY `email` (`email`),
  KEY `idx_users_id` (`id`)
) ENGINE=InnoDB AUTO_INCREMENT=254 DEFAULT CHARSET=utf8mb4 COLLATE=utf8mb4_0900_ai_ci;

--
-- Dumping data for table `users`
--

INSERT INTO `users` VALUES (1,'Super','Admin','ankit.agarwal@housiey.com','7355415162','$2a$10$jFjP9S.njk71hNbikyhF1uxy98X1jQxgT.ujsUSsRzqTB2fojOCJm','active',NULL,0,0,'2023-10-11 09:23:50','2024-06-05 12:34:26',NULL,NULL,NULL,NULL),(232,'Sanjay','Yadav','sanjay.yadav@housiey.com','7977173588','$2a$10$cTSUJ/LRLFgVVjhLF08rcu8UA5nLK2p4ZrZyDpDVgkJfD.tjKdYUS','active',NULL,1,NULL,'2024-06-08 13:40:06',NULL,'1',NULL,NULL,265000),(233,'Amit','Jaiswal','amit.jaiswal@housiey.com','9768493264','$2a$10$bB.RzjUV1ARLjuvO6fBGKeJBKy3o8TEeoqTSk464z1Iv2w/AjArxq','active',NULL,0,NULL,'2024-06-08 13:59:15','2024-06-27 12:50:32','1',NULL,NULL,135000),(234,'Vijay','Vishwakarma','vijay.vishwakarma@housiey.com','7738893530','$2a$10$B6dOUnaWeT/XaNjo5xYofeoORHhyKgNpeqtR0vG6HJU1C2Gor0Pba','active',233,0,NULL,'2024-06-08 14:07:22','2024-06-17 16:11:35','1',NULL,NULL,48000),(235,'Supriya','Singh','supriya.singh@housiey.com','7715056919','$2a$10$PDDPYHpVgp0iNRSoVpjQte6wm9ZyYaPIvA9z6aIq9f6I.kC4uU/BC','active',234,0,NULL,'2024-06-08 14:11:01','2024-06-08 14:49:35','1',NULL,NULL,35000),(236,'Rajnibala','Singh','rajnibala.singh@housiey.com','7304406931','$2a$10$cZQI4DsoYZli19fUrDBi/.m3.D27NUrI5P42.TVPSNNTyigRuil/W','active',234,0,NULL,'2024-06-08 14:12:34','2024-06-11 17:12:17','1',NULL,NULL,30000),(237,'Ronak','Pandya','ronak.pandya@housiey.com','9975318739','$2a$10$wYgZd4S7jODU35EFlaCYWO9S7tc.Dbjuq0lq42/ZVBZcevcdIyiPi','active',NULL,0,NULL,'2024-06-23 14:25:01','2024-06-23 14:43:16','1',NULL,NULL,250000),(238,'Srividya','Jatragonda','srividya.jatragonda@housiey.com','9730597721','$2a$10$urHteVH/iLMIllDclEcSf.7gqaUKgQeqXYMQJET3srL2UTcgQ4kfm','active',245,0,NULL,'2024-06-23 14:27:45','2024-06-23 16:02:24','1',NULL,NULL,70000),(239,'Disha','Walke','disha.walke@housiey.com','7249444770','$2a$10$hz8/un006xwy1M3NCkR3iOxur.zMwaRLbFyt67ue5tlv45bJZ9.fq','active',238,0,NULL,'2024-06-23 14:34:34','2024-06-23 16:24:53','1',NULL,NULL,25000),(240,'Adesh','Bagul','adesh.bagul@housiey.com','8956782298','$2a$10$D1WG3xES5MQ7KZIxxxWsaeHv4MVXc4dbAiKUFiPam8ZTUTGUqXSjy','active',238,0,NULL,'2024-06-23 14:36:03','2024-06-23 16:28:49','1',NULL,NULL,25000),(241,'Juhi','Singh','juhi.kumari@housiey.com','9156966690','$2a$10$m/qQCYxu.HQcmWPuAH2kje9NRjVxO62wJBd3fqp1qxg7ODZF5At2O','active',238,0,NULL,'2024-06-23 14:37:18','2024-06-23 16:20:41','1',NULL,NULL,40000),(242,'Akshay','Mahore','akshay.mahore@housiey.com','8087755536','$2a$10$VwUsB2v3vjQ6uLNrzUbwTegwHdtk7tasn15gWIjMwWC656FGtJjeW','active',238,0,NULL,'2024-06-23 14:53:20','2024-06-23 16:23:13','1',NULL,NULL,30000),(243,'Aishwarya','Patil','aishwarya.patil@housiey.com','8482933327','$2a$10$BnYxtj9lKTHZIj/hHhLeg.1S2hA/ZmTWtMzd8lQ.r2fHmncZBpAEG','active',238,0,NULL,'2024-06-23 14:55:17','2024-06-27 15:04:34','1',NULL,NULL,35000),(244,'Revati','Pawar','revati.pawar@housiey.com','8087778170','$2a$10$e5rTMOUjg6h6RMY/etZHmuGIPvp8wFnr4GEXIXAo2k.GOCu3gyVCK','active',238,0,NULL,'2024-06-23 14:56:16','2024-06-27 15:02:38','1',NULL,NULL,25000),(245,'Pune','Cluster','ankit@housiey.com','9136940072','$2a$10$39JpgucN24m0yJjliBNMnuWb.0sj2PYUUKB8xCxSrQeiIAQa4v1ra','active',NULL,1,NULL,'2024-06-23 15:42:35',NULL,'1',NULL,NULL,120000),(246,'Ronak','Pandya','ronak.keymansions@gmail.com','7021912976','$2a$10$9P6x2V6kv3YHjwGSSGwJQOdyrQnlwrEUhTcNoBElzUHJplxjZirVy','active',NULL,0,NULL,'2024-07-05 09:07:27','2024-07-05 15:15:09','1',NULL,NULL,250000),(247,'Trupti','Kuche','trupti.kuche@housiey.com','7208863292','$2a$10$J51ZsSYkMx18AZdgrtDJiOo3LbpuJD6tYdG71s7CaSCPHEdFMUMai','active',253,0,NULL,'2024-07-05 09:57:15','2024-07-05 12:39:13','1',NULL,NULL,55000),(248,'Shahin','Shaikh','shahin.shaikh@housiey.com','8452846307','$2a$10$5XPbLHiZSBOALFgBw0Zcxef8CjAENEvQmobQgX9sH6gy9CochO40q','active',247,0,NULL,'2024-07-05 09:58:33','2024-07-05 11:11:29','1',NULL,NULL,40000),(249,'Rajmayur','Singh','rajmayur.singh@housiey.com','7385722155','$2a$10$JNFBy6ct5D.uYEB3cQ7Vk.sOfOfHK1ssvXOit9MWCdqWIbmJZWyaS','active',247,0,NULL,'2024-07-05 09:59:55','2024-07-05 11:26:57','1',NULL,NULL,25000),(250,'Vikas','Singh','vikash.singh@housiey.com','8087772892','$2a$10$7yhXElS6Fw92VSK/mCvZUOkX2zRmHSvAqHV2C.5IusiLEtBloiOLO','active',253,0,NULL,'2024-07-05 10:02:05','2024-07-05 12:38:54','1',NULL,NULL,70000),(251,'Rajat','Rathod','rajat.rathod@housiey.com','7219044155','$2a$10$zVMpLlZu/26UndBS1tYwl.SEzUYUOV4X8R.DH1cklN2nRsezFysUm','active',250,0,NULL,'2024-07-05 10:08:44','2024-07-05 11:17:34','1',NULL,NULL,30000),(252,'Anisha','Nahar','anisha.nahar@housiey.com','7219041455','$2a$10$JQGEX05AVhL0UNKY6LZnQ.KQGht3hqyoY2KZao8eUnuOaj7JZOb/W','active',250,0,NULL,'2024-07-05 10:09:56','2024-07-05 11:14:47','1',NULL,NULL,25000),(253,'Ahmedabad','Cluster','keyrealtyfinance@gmail.com','7878787878','$2a$10$u45qvK1w2KCGxaCeztYvROFcfdVLdV2yIAT8uqKTifXB8pF0ybx.u','active',NULL,1,NULL,'2024-07-05 12:38:04','2024-07-05 12:39:25','1',NULL,NULL,78000);


--
-- Temporary view structure for view `vw_lead_meta`
--

/*!50001 DROP VIEW IF EXISTS `vw_lead_meta`*/;
/*!50001 CREATE VIEW `vw_lead_meta` AS SELECT 
 1 AS `lead_id`,
 1 AS `additional_number`,
 1 AS `alternate_number`,
 1 AS `agreement_value`,
 1 AS `assign_field_sales_id`,
 1 AS `booked_at`,
 1 AS `booking_amount`,
 1 AS `brokerage`,
 1 AS `carpet_area`,
 1 AS `closing`,
 1 AS `email`,
 1 AS `field_sales_id`,
 1 AS `follow_up_at`,
 1 AS `full_name`,
 1 AS `max_budget`,
 1 AS `min_budget`,
 1 AS `passback_amount`,
 1 AS `phone_number`,
 1 AS `possession`,
 1 AS `pre_sales_id`,
 1 AS `pricing`,
 1 AS `remark`,
 1 AS `scheduled_at`,
 1 AS `site_visited_at`,
 1 AS `sourcing`,
 1 AS `token_amount`,
 1 AS `token_date`,
 1 AS `unit`,
 1 AS `whatsApp_number`,
 1 AS `which_configuration_you_are_looking_for_`*/;


--
-- Final view structure for view `vw_lead_meta`
--

/*!50001 DROP VIEW IF EXISTS `vw_lead_meta`*/;
/*!50001 CREATE ALGORITHM=UNDEFINED */
/*!50013 DEFINER=`viklap`@`%` SQL SECURITY DEFINER */
/*!50001 VIEW `vw_lead_meta` AS select `x`.`lead_id` AS `lead_id`,`x`.`additional_number` AS `additional_number`,`x`.`alternate_number` AS `alternate_number`,`x`.`agreement_value` AS `agreement_value`,`x`.`assign_field_sales_id` AS `assign_field_sales_id`,`x`.`booked_at` AS `booked_at`,`x`.`booking_amount` AS `booking_amount`,`x`.`brokerage` AS `brokerage`,`x`.`carpet_area` AS `carpet_area`,`x`.`closing` AS `closing`,`x`.`email` AS `email`,`x`.`field_sales_id` AS `field_sales_id`,`x`.`follow_up_at` AS `follow_up_at`,`x`.`customer_name` AS `full_name`,`x`.`max_budget` AS `max_budget`,`x`.`min_budget` AS `min_budget`,`x`.`passback_amount` AS `passback_amount`,`x`.`phone_number` AS `phone_number`,`x`.`possession` AS `possession`,`x`.`pre_sales_id` AS `pre_sales_id`,`x`.`pricing` AS `pricing`,`x`.`remark` AS `remark`,`x`.`scheduled_at` AS `scheduled_at`,`x`.`site_visited_at` AS `site_visited_at`,`x`.`sourcing` AS `sourcing`,`x`.`token_amount` AS `token_amount`,`x`.`token_date` AS `token_date`,`x`.`unit` AS `unit`,`x`.`whatsApp_number` AS `whatsApp_number`,`x`.`which_configuration_you_are_looking_for_` AS `which_configuration_you_are_looking_for_` from (select `launch_lead_meta`.`lead_id` AS `lead_id`,max((case when (`launch_lead_meta`.`meta_key` = 'additional_number') then `launch_lead_meta`.`meta_value` else '' end)) AS `additional_number`,max((case when (`launch_lead_meta`.`meta_key` = 'alternate_number') then `launch_lead_meta`.`meta_value` else '' end)) AS `alternate_number`,cast(max((case when (`launch_lead_meta`.`meta_key` = 'agreement_value') then `launch_lead_meta`.`meta_value` else '' end)) as unsigned) AS `agreement_value`,max((case when (`launch_lead_meta`.`meta_key` = 'assign_field_sales_id') then `launch_lead_meta`.`meta_value` else '' end)) AS `assign_field_sales_id`,max((case when (`launch_lead_meta`.`meta_key` = 'booked_at') then `launch_lead_meta`.`meta_value` else '' end)) AS `booked_at`,cast(max((case when (`launch_lead_meta`.`meta_key` = 'booking_amount') then `launch_lead_meta`.`meta_value` else '' end)) as unsigned) AS `booking_amount`,max((case when (`launch_lead_meta`.`meta_key` = 'brokerage') then `launch_lead_meta`.`meta_value` else '' end)) AS `brokerage`,max((case when (`launch_lead_meta`.`meta_key` = 'carpet_area') then `launch_lead_meta`.`meta_value` else '' end)) AS `carpet_area`,max((case when (`launch_lead_meta`.`meta_key` = 'closing') then `launch_lead_meta`.`meta_value` else '' end)) AS `closing`,max((case when (`launch_lead_meta`.`meta_key` = 'email') then `launch_lead_meta`.`meta_value` else '' end)) AS `email`,max((case when (`launch_lead_meta`.`meta_key` = 'field_sales_id') then `launch_lead_meta`.`meta_value` else '' end)) AS `field_sales_id`,max((case when (`launch_lead_meta`.`meta_key` = 'follow_up_at') then `launch_lead_meta`.`meta_value` else '' end)) AS `follow_up_at`,max((case when (`launch_lead_meta`.`meta_key` = 'full_name') then `launch_lead_meta`.`meta_value` else '' end)) AS `customer_name`,cast(max((case when (`launch_lead_meta`.`meta_key` = 'max_budget') then `launch_lead_meta`.`meta_value` else '' end)) as unsigned) AS `max_budget`,cast(max((case when (`launch_lead_meta`.`meta_key` = 'min_budget') then `launch_lead_meta`.`meta_value` else '' end)) as unsigned) AS `min_budget`,cast(max((case when (`launch_lead_meta`.`meta_key` = 'passback_amount') then `launch_lead_meta`.`meta_value` else '' end)) as unsigned) AS `passback_amount`,max((case when (`launch_lead_meta`.`meta_key` = 'phone_number') then `launch_lead_meta`.`meta_value` else '' end)) AS `phone_number`,max((case when (`launch_lead_meta`.`meta_key` = 'possession') then `launch_lead_meta`.`meta_value` else '' end)) AS `possession`,max((case when (`launch_lead_meta`.`meta_key` = 'pre_sales_id') then `launch_lead_meta`.`meta_value` else '' end)) AS `pre_sales_id`,max((case when (`launch_lead_meta`.`meta_key` = 'pricing') then `launch_lead_meta`.`meta_value` else '' end)) AS `pricing`,max((case when (`launch_lead_meta`.`meta_key` = 'remark') then `launch_lead_meta`.`meta_value` else '' end)) AS `remark`,max((case when (`launch_lead_meta`.`meta_key` = 'scheduled_at') then `launch_lead_meta`.`meta_value` else '' end)) AS `scheduled_at`,max((case when (`launch_lead_meta`.`meta_key` = 'site_visited_at') then `launch_lead_meta`.`meta_value` else '' end)) AS `site_visited_at`,max((case when (`launch_lead_meta`.`meta_key` = 'sourcing') then `launch_lead_meta`.`meta_value` else '' end)) AS `sourcing`,max((case when (`launch_lead_meta`.`meta_key` = 'token_amount') then `launch_lead_meta`.`meta_value` else '' end)) AS `token_amount`,max((case when (`launch_lead_meta`.`meta_key` = 'token_date') then `launch_lead_meta`.`meta_value` else '' end)) AS `token_date`,max((case when (`launch_lead_meta`.`meta_key` = 'unit') then `launch_lead_meta`.`meta_value` else '' end)) AS `unit`,max((case when (`launch_lead_meta`.`meta_key` = 'whatsApp_number') then `launch_lead_meta`.`meta_value` else '' end)) AS `whatsApp_number`,max((case when (`launch_lead_meta`.`meta_key` = 'which_configuration_you_are_looking_for_') then `launch_lead_meta`.`meta_value` else '' end)) AS `which_configuration_you_are_looking_for_` from `launch_lead_meta` group by `launch_lead_meta`.`lead_id`) `x` */;


